000
CXUS51 KOKX 011439 RRA
CLSEWR

CLIMATE REPORT
NATIONAL WEATHER SERVICE NEW YORK NY
937 AM EST FRI DEC 1 2017



...THE NEWARK NJ CLIMATE SUMMARY FOR THE SEASON, FROM
9/1/2017 TO 11/30/2017...

CLIMATE NORMAL PERIOD 1981 TO 2010
CLIMATE RECORD PERIOD 1929 TO 2017

WEATHER         OBSERVED          NORMAL  DEPART  LAST YEAR`S
                 VALUE   DATE(S)  VALUE   FROM    VALUE
                                          NORMAL
.............................................................
TEMPERATURE (F)
RECORD
 HIGH             105   09/02/1953
 LOW               12   11/27/1932
HIGHEST            92   09/24        MM      MM
LOWEST             24   11/11        MM      MM
AVG. MAXIMUM     69.2              65.5     3.7
AVG. MINIMUM     51.4              48.9     2.5
MEAN             60.3              57.2     3.1
DAYS MAX >= 90      3               1.1     1.9
DAYS MAX <= 32      0               0.1    -0.1
DAYS MIN <= 32      8               5.5     2.5
DAYS MIN <= 0       0               0.0     0.0

PRECIPITATION (INCHES)
RECORD
 MAXIMUM        20.22   1944
 MINIMUM         4.21   1931
TOTALS           8.17             11.07   -2.90    11.69
DAILY AVG.       0.09              0.12   -0.03
DAYS >= .01        25              26.8    -1.8
DAYS >= .10        15              16.8    -1.8
DAYS >= .50         3               7.9    -4.9
DAYS >= 1.00        1               3.0    -2.0
GREATEST
 24 HR. TOTAL    4.07   MM
 STORM TOTAL       MM
 (MM/DD(HH))            MM

SNOWFALL (INCHES)
RECORDS
 TOTAL            8.7   1938
 24 HR TOTAL       MM
TOTALS              T               0.4    -0.4
 LIQUID EQUIV      MM              0.00      MM
SINCE 7/1           T               0.4    -0.4
 LIQUID 7/1        MM
DAYS >= TRACE       2               0.4     1.6
DAYS >= 1.0         0               0.1    -0.1
GREATEST
 SNOW DEPTH         0   MM
 24 HR TOTAL      0.0   MM
 STORM TOTAL       MM
 (MM/DD(HH))            MM

DEGREE_DAYS
HEATING TOTAL     685               866    -181
 SINCE 7/1        685               868    -183
COOLING TOTAL     288               157     131
 SINCE 1/1       1316              1192     124
..............................................................

WIND (MPH)
AVERAGE WIND SPEED              9.2
HIGHEST WIND SPEED/DIRECTION    39/240    DATE  10/29
HIGHEST GUST SPEED/DIRECTION    51/280    DATE  11/19

SKY COVER
POSSIBLE SUNSHINE (PERCENT)   MM
AVERAGE SKY COVER           0.60
NUMBER OF DAYS FAIR           21
NUMBER OF DAYS PC             41
NUMBER OF DAYS CLOUDY         29

AVERAGE RH (PERCENT)     65

WEATHER CONDITIONS. NUMBER OF DAYS WITH
THUNDERSTORM              0     MIXED PRECIP               0
HEAVY RAIN                6     RAIN                      13
LIGHT RAIN               37     FREEZING RAIN              0
LT FREEZING RAIN          0     HAIL                       0
HEAVY SNOW                0     SNOW                       0
LIGHT SNOW                1     SLEET                      0
FOG                      25     FOG W/VIS <= 1/4 MILE      0
HAZE                      6

-  INDICATES NEGATIVE NUMBERS.
R  INDICATES RECORD WAS SET OR TIED.
MM INDICATES DATA IS MISSING.
T  INDICATES TRACE AMOUNT.

$$
