000
CXUS53 KFGF 011214
CLSFGF

CLIMATE REPORT
NATIONAL WEATHER SERVICE EASTERN NORTH DAKOTA/GRAND FORKS
711 AM CDT MON SEP 1 2014

...................................

...THE GRAND FORKS UNIV. (NWS) ND CLIMATE SUMMARY FOR THE SEASON, FROM
6/1/2014 TO 8/31/2014...

CLIMATE NORMAL PERIOD 1981 TO 2010
CLIMATE RECORD PERIOD 1890 TO 2014

WEATHER         OBSERVED          NORMAL  DEPART  LAST YEAR`S
                 VALUE   DATE(S)  VALUE   FROM    VALUE  DATE(S)
                                          NORMAL
................................................................
TEMPERATURE (F)
RECORD
 HIGH             109   07/12/1936
 LOW               28   06/01/1917
                        06/03/1910
                        06/02/1910
HIGHEST            94   07/20        80      14       96  08/25
                                                          08/20
LOWEST             46   08/26        56     -10       38  06/03
AVG. MAXIMUM     76.7              79.4    -2.7     79.4
AVG. MINIMUM     57.2              56.2     1.0     57.4
MEAN             67.0              67.8    -0.8     68.4
DAYS MAX >= 90      3               8.0    -5.0        7
DAYS MAX <= 32      0               0.0     0.0        0
DAYS MIN <= 32      0               0.0     0.0        0
DAYS MIN <= 0       0               0.0     0.0        0

PRECIPITATION (INCHES)
RECORD
 MAXIMUM        20.68   2002
 MINIMUM         3.41   1936
TOTALS          13.43             10.05    3.38     5.23
DAILY AVG.       0.14              0.11    0.03     0.06
DAYS >= .01        30              29.7     0.3       30
DAYS >= .10        17              17.9    -0.9       15
DAYS >= .50         8               6.4     1.6        2
DAYS >= 1.00        4               2.3     1.7        1
GREATEST
 24 HR. TOTAL    2.71   MM                       08/31 TO 08/31
                                                          08/31 TO 08/31
                                                          08/31 TO 08/31
 STORM TOTAL       MM                                 MM
 (MM/DD(HH))            MM                    08/31(00) TO 08/31(00)
                                                 08/31(00) TO 08/31(00)1
                                                 08/31(00) TO 08/31(00)1

SNOWFALL (INCHES)
RECORDS
 TOTAL             MM   MM
 24 HR TOTAL       MM
 SNOW DEPTH        MM   MM
TOTALS            0.0               0.0     0.0      0.0
 LIQUID EQUIV    0.00              0.00    0.00     0.00
SINCE 7/1         0.0               0.0     0.0      0.0
 LIQUID 7/1      0.00              0.00    0.00     0.00
SNOWDEPTH AVG.      0                MM      MM        0
DAYS >= TRACE       0               0.0     0.0        0
DAYS >= 1.0         0               0.0     0.0        0
GREATEST
 SNOW DEPTH         0   MM                             0  MM
 24 HR TOTAL      0.0   MM                       08/31 TO 08/31
                                                          08/31 TO 08/31
                                                          08/31 TO 08/31
 STORM TOTAL       MM                                 MM
 (MM/DD(HH))            MM                    08/31(00) TO 08/31(00)
                                                 08/31(00) TO 08/31(00)1
                                                 08/31(00) TO 08/31(00)1

DEGREE_DAYS
HEATING TOTAL     108               147     -39      134
 SINCE 7/1         56                64      -8       59
COOLING TOTAL     308               406     -98      473
 SINCE 1/1        363               432     -69      482

FREEZE DATES
RECORD
 EARLIEST     MM
 LATEST       MM
EARLIEST                        MM
LATEST                          MM
..................................................

WIND (MPH)
AVERAGE WIND SPEED              MM
RESULTANT WIND SPEED/DIRECTION  MM
HIGHEST WIND SPEED/DIRECTION    MM        DATE   MM
HIGHEST GUST SPEED/DIRECTION    50/130    DATE  07/21

SKY COVER
POSSIBLE SUNSHINE (PERCENT)   MM
AVERAGE SKY COVER             MM
NUMBER OF DAYS FAIR            0
NUMBER OF DAYS PC              0
NUMBER OF DAYS CLOUDY          0

AVERAGE RH (PERCENT)     MM

WEATHER CONDITIONS. NUMBER OF DAYS WITH
THUNDERSTORM              0     MIXED PRECIP               0
HEAVY RAIN                4     RAIN                       6
LIGHT RAIN               24     FREEZING RAIN              0
LT FREEZING RAIN          0     HAIL                       0
HEAVY SNOW                0     SNOW                       0
LIGHT SNOW                0     SLEET                      0
FOG                       5     FOG W/VIS <= 1/4 MILE      1
HAZE                      0

-  INDICATES NEGATIVE NUMBERS.
R  INDICATES RECORD WAS SET OR TIED.
MM INDICATES DATA IS MISSING.
T  INDICATES TRACE AMOUNT.

$$

IT WAS A NORMAL METEOROLOGICAL SUMMER AT THE UNIVERSITY OF NORTH
DAKOTA / NWS CLIMATE STATION. THE MEAN TEMPERATURE WAS A FEW TENTHS
OF A DEGREE BELOW THE 30 YEAR MEAN...WHICH IS WELL WITHIN THE
EXPECTED CLIMATE VARIANCE. THE TOTAL RAINFALL OF 13.43 WAS 3.38
INCHES ABOVE NORMAL...MAKING IT THE 15TH WETTEST METEOROLOGICAL
SUMMER AT THE UND/NWS STATION.

* MEAN THREE MONTH TEMPERATURE 67.0F
   DEPARTURE FROM NORMAL -0.8F

* MEAN THREE MONTH MAXIMUM TEMPERATURE 76.7F
   DEPARTURE FROM NORMAL -2.7F

* MEAN THREE MONTH MINIMUM TEMPERATURE 57.2F
   DEPARTURE FROM NORMAL +1.0F

* SEASONAL TOTAL RAIN 13.43 INCHES
   DEPARTURE FROM NORMAL +3.38 INCHES

* THERE WERE 3 DAYS WITH A HIGH TEMPERATURE 90F OR HIGHER WHICH IS
  5 BELOW THE LONG TERM MEAN

THE ABOVE INFORMATION IS PROVISIONAL...IS BASED ON EDITED DATA AND
WILL LIKELY BE CHANGED SLIGHTLY AFTER FURTHER REVIEW BY THE NATIONAL
CLIMATE DATA CENTER. OFFICIAL RECORDS AND SUMMARIES WILL BE
AVAILABLE LATER THIS FALL.

$$

089
