000
CXUS53 KDDC 011525
CLSGCK


CLIMATE REPORT
NATIONAL WEATHER SERVICE DODGE CITY KS
1022 AM CDT TUE SEP 1 2015

...................................

...THE GARDEN CITY REGIONAL ARPT KS CLIMATE SUMMARY FOR THE SEASON, FROM
6/1/2015 TO 8/31/2015...

CLIMATE NORMAL PERIOD 1981 TO 2010
CLIMATE RECORD PERIOD 1948 TO 2015

WEATHER         OBSERVED          NORMAL  DEPART  LAST YEAR`S
                 VALUE   DATE(S)  VALUE   FROM    VALUE  DATE(S)
                                          NORMAL
................................................................
TEMPERATURE (F)
RECORD
 HIGH             110   06/08/1985
                        07/11/1954
                        06/24/1953
 LOW               40   06/08/2007
                        06/06/1998
                        06/02/1969
HIGHEST           105   07/13        MM      MM      103  07/25
LOWEST             52   08/30        MM      MM       49  06/10
                        08/24
AVG. MAXIMUM     89.4              89.2     0.2     88.6
AVG. MINIMUM     64.2              62.7     1.5     62.5
MEAN             76.8              75.9     0.9     75.6
DAYS MAX >= 90     52              47.2     4.8       48
DAYS MAX <= 32      0               0.0     0.0        0
DAYS MIN <= 32      0               0.0     0.0        0
DAYS MIN <= 0       0               0.0     0.0        0

PRECIPITATION (INCHES)
RECORD
 MAXIMUM        18.27   1884
 MINIMUM         2.00   1964
TOTALS          10.97              8.71    2.26    16.29
DAILY AVG.       0.12              0.09    0.03     0.18
DAYS >= .01        29              25.6     3.4       29
DAYS >= .10        17              16.4     0.6       18
DAYS >= .50         8               6.3     1.7        9
DAYS >= 1.00        3               2.3     0.7        4
GREATEST
 24 HR. TOTAL    1.52   06/12 TO 06/12           06/27 TO 06/28

DEGREE_DAYS
HEATING TOTAL       0                20     -20       21
 SINCE 7/1          0                 4      -4       10
COOLING TOTAL    1105              1027      78     1017
 SINCE 1/1       1135              1116      19     1160
.........................................................

WIND (MPH)
AVERAGE WIND SPEED              10.7
RESULTANT WIND SPEED/DIRECTION   5/154
HIGHEST WIND SPEED/DIRECTION    56/330    DATE  07/19
HIGHEST GUST SPEED/DIRECTION    67/010    DATE  07/13

AVERAGE RH (PERCENT)     63

WEATHER CONDITIONS. NUMBER OF DAYS WITH
THUNDERSTORM             32     MIXED PRECIP               0
HEAVY RAIN               17     RAIN                      17
LIGHT RAIN               31     FREEZING RAIN              0
LT FREEZING RAIN          0     HAIL                       0
HEAVY SNOW                0     SNOW                       0
LIGHT SNOW                0     SLEET                      0
FOG                      43     FOG W/VIS <= 1/4 MILE      4
HAZE                     19

-  INDICATES NEGATIVE NUMBERS.
R  INDICATES RECORD WAS SET OR TIED.
MM INDICATES DATA IS MISSING.
T  INDICATES TRACE AMOUNT.

$$
