000
CXUS53 KFGF 011541
CLSGFK

CLIMATE REPORT
NATIONAL WEATHER SERVICE EASTERN NORTH DAKOTA/GRAND FORKS
949 AM CST SUN MAR 1 2015

...................................

...THE GRAND FORKS INTL AP ND CLIMATE SUMMARY FOR THE SEASON, FROM
12/1/2014 TO 2/28/2015...

CLIMATE NORMAL PERIOD 1981 TO 2010
CLIMATE RECORD PERIOD 1941 TO 2015

WEATHER         OBSERVED          NORMAL  DEPART  LAST YEAR`S
                 VALUE   DATE(S)  VALUE   FROM    VALUE  DATE(S)
                                          NORMAL
................................................................
TEMPERATURE (F)
RECORD
 HIGH              67   02/22/2000
 LOW              -43   01/30/2004
HIGHEST            44   01/23        19      25       40  01/12
LOWEST            -28   02/19         1     -29      -33  01/02
AVG. MAXIMUM     20.6              19.5     1.1     11.1
AVG. MINIMUM      2.3               0.5     1.8    -10.2
MEAN             11.4              10.0     1.4      0.5
DAYS MAX >= 90      0               0.0     0.0        0
DAYS MAX <= 32     73              71.5     1.5       81
DAYS MIN <= 32     89              89.5    -0.5       90
DAYS MIN <= 0      42              44.3    -2.3       72

PRECIPITATION (INCHES)
RECORD
 MAXIMUM         3.78   1989
 MINIMUM         0.37   2002
TOTALS           1.04              1.68   -0.64     1.89
DAILY AVG.       0.01              0.02   -0.01     0.02
DAYS >= .01        21              23.2    -2.2       37
DAYS >= .10         4               5.1    -1.1        8
DAYS >= .50         0               0.2    -0.2        0
DAYS >= 1.00        0               0.0     0.0        0
GREATEST
 24 HR. TOTAL    0.23   MM                       02/28 TO 02/28
                                                          02/28 TO 02/28
                                                          02/28 TO 02/28
 STORM TOTAL       MM                                 MM
 (MM/DD(HH))            MM                    02/28(00) TO 02/28(00)
                                                 02/28(00) TO 02/28(00)8
                                                 02/28(00) TO 02/28(00)8

SNOWFALL (INCHES)
RECORDS
 TOTAL           57.4   1989
 24 HR TOTAL       MM
 SNOW DEPTH        MM   MM
TOTALS           10.3              28.0   -17.7     44.1
 LIQUID EQUIV    1.03              2.80   -1.77     4.41
SINCE 7/1        14.3              37.2   -22.9     45.7
 LIQUID 7/1      1.43                MM      MM     4.57
SNOWDEPTH AVG.      1                 6      -5       10
DAYS >= TRACE      40              27.0    13.0       59
DAYS >= 1.0         3               8.5    -5.5       18
GREATEST
 SNOW DEPTH         3   02/28                         15  02/17
                        02/26                             01/26
                        02/27
 24 HR TOTAL      2.1   MM                       02/28 TO 02/28
                                                          02/28 TO 02/28
                                                          02/28 TO 02/28
 STORM TOTAL       MM                                 MM
 (MM/DD(HH))            MM                    02/28(00) TO 02/28(00)
                                                 02/28(00) TO 02/28(00)8
                                                 02/28(00) TO 02/28(00)8

DEGREE_DAYS
HEATING TOTAL    4773              4951    -178     5780
 SINCE 7/1         MM              7150      MM       MM
COOLING TOTAL       0                 0       0        0
 SINCE 1/1          0                 0       0        0

FREEZE DATES
RECORD
 EARLIEST     MM
 LATEST       MM
EARLIEST                        MM
LATEST                          MM
.........................................................

WIND (MPH)
AVERAGE WIND SPEED              11.4
RESULTANT WIND SPEED/DIRECTION   3/293
HIGHEST WIND SPEED/DIRECTION    40/350    DATE  01/03
HIGHEST GUST SPEED/DIRECTION    48/340    DATE  02/24

SKY COVER
POSSIBLE SUNSHINE (PERCENT)   MM
AVERAGE SKY COVER           0.60
NUMBER OF DAYS FAIR           24
NUMBER OF DAYS PC             26
NUMBER OF DAYS CLOUDY         40

AVERAGE RH (PERCENT)     77

WEATHER CONDITIONS. NUMBER OF DAYS WITH
THUNDERSTORM              0     MIXED PRECIP               0
HEAVY RAIN                0     RAIN                       0
LIGHT RAIN                6     FREEZING RAIN              1
LT FREEZING RAIN          7     HAIL                       0
HEAVY SNOW                1     SNOW                       4
LIGHT SNOW               37     SLEET                      0
FOG                      41     FOG W/VIS <= 1/4 MILE      5
HAZE                     25

-  INDICATES NEGATIVE NUMBERS.
R  INDICATES RECORD WAS SET OR TIED.
MM INDICATES DATA IS MISSING.
T  INDICATES TRACE AMOUNT.

&&

THE DECEMBER THROUGH FEBRUARY PERIOD STARTED OFF WARMER THAN
NORMAL...BUT A COOL FEBRUARY BROUGHT OVERALL TEMPERATURES TO JUST
1.1 DEGREES ABOVE NORMAL FOR THE SEASON. THE SEASON WAS ALSO THE
FIFTH DRIEST WITH TOTAL PRECIPITATION OF 1.04 INCHES COMPARED TO A
NORMAL VALUE OF 1.68 INCHES...WHICH IS 0.64 INCHES BELOW NORMAL.

REMEMBER...THIS DATA IS PROVISIONAL AND SUBJECT TO CHANGE. THE FINAL
AND OFFICIAL RECORDS WILL BE AVAILABLE FROM THE NATIONAL CLIMATE
DATA CENTER.

$$
