000
CXUS51 KOKX 011728 RRA
CLSJFK

CLIMATE REPORT
NATIONAL WEATHER SERVICE NEW YORK NY
1224 PM EST TUE MAR 1 2016

...................................

...THE KENNEDY NY CLIMATE SUMMARY FOR THE SEASON, FROM
12/1/2015 TO 2/29/2016...

CLIMATE NORMAL PERIOD 1981 TO 2010
CLIMATE RECORD PERIOD 1949 TO 2016

WEATHER         OBSERVED          NORMAL  DEPART  LAST YEAR`S
                 VALUE   DATE(S)  VALUE   FROM    VALUE
                                          NORMAL
.............................................................
TEMPERATURE (F)
RECORD
 HIGH              75   12/07/1998
 LOW               -2   01/21/1985
                        02/08/1963
HIGHEST            70   12/13        MM      MM
LOWEST              1   02/14        MM      MM
AVG. MAXIMUM     47.7              41.6     6.1
AVG. MINIMUM     34.0              28.6     5.4
MEAN             40.8              35.1     5.7
DAYS MAX >= 90      0               0.0     0.0
DAYS MAX <= 32      9              13.4    -4.4
DAYS MIN <= 32     38              56.9   -18.9
DAYS MIN <= 0       0               0.0     0.0

PRECIPITATION (INCHES)
RECORD
 MAXIMUM        18.20   1979
 MINIMUM         4.34   2002
TOTALS          13.43              9.14    4.29    14.70
DAILY AVG.       0.15              0.10    0.05
DAYS >= .01        35              30.7     4.3
DAYS >= .10        19              17.9     1.1
DAYS >= .50         8               6.2     1.8
DAYS >= 1.00        5               2.0     3.0
GREATEST
 24 HR. TOTAL   20.33   MM
 STORM TOTAL       MM
 (MM/DD(HH))            MM

SNOWFALL (INCHES)
RECORDS
 TOTAL           47.2   2010
 24 HR TOTAL     10.9   MM
TOTALS           39.5              19.3    20.2
 LIQUID EQUIV    3.95              1.90    2.05
SINCE 7/1        39.5              19.5    20.0
 LIQUID 7/1      3.95
DAYS >= TRACE      16              10.8     5.2
DAYS >= 1.0         4               4.1    -0.1
GREATEST
 SNOW DEPTH        28R  01/24
 24 HR TOTAL     30.3R  MM
 STORM TOTAL       MM
 (MM/DD(HH))            MM

DEGREE_DAYS
HEATING TOTAL    2163              2687    -524
 SINCE 7/1         MM              3538      MM
COOLING TOTAL       0                 0       0
 SINCE 1/1          0                 0       0
..............................................................

WIND (MPH)
AVERAGE WIND SPEED              12.1
HIGHEST WIND SPEED/DIRECTION    44/190    DATE  02/16
HIGHEST GUST SPEED/DIRECTION    55/180    DATE  02/16

SKY COVER
POSSIBLE SUNSHINE (PERCENT)   MM
AVERAGE SKY COVER           0.70
NUMBER OF DAYS FAIR           13
NUMBER OF DAYS PC             37
NUMBER OF DAYS CLOUDY         41

AVERAGE RH (PERCENT)     63

WEATHER CONDITIONS. NUMBER OF DAYS WITH
THUNDERSTORM              0     MIXED PRECIP               1
HEAVY RAIN                9     RAIN                      16
LIGHT RAIN               37     FREEZING RAIN              0
LT FREEZING RAIN          0     HAIL                       0
HEAVY SNOW                1     SNOW                       4
LIGHT SNOW               16     SLEET                      3
FOG                      34     FOG W/VIS <= 1/4 MILE     15
HAZE                      7

-  INDICATES NEGATIVE NUMBERS.
R  INDICATES RECORD WAS SET OR TIED.
MM INDICATES DATA IS MISSING.
T  INDICATES TRACE AMOUNT.

$$
