000
CXUS53 KARX 011622
CLSLSE

CLIMATE REPORT
NATIONAL WEATHER SERVICE LA CROSSE WI
1022 AM CST FRI DEC 1 2017

...METEOROLOGICAL AUTUMN IN LA CROSSE WI...

AUTUMN OF 2017 WAS THE VERY WARM (8TH WARMEST) AND SLIGHTLY DRIER-
THAN-NORMAL AT LA CROSSE, WI.  MORE DETAILS CAN BE FOUND BELOW.

TEMPERATURES...8TH WARMEST AUTUMN

FROM SEPTEMBER 1 THROUGH NOVEMBER 30 2017, LA CROSSE REGIONAL
AIRPORT HAD AN AVERAGE TEMPERATURE OF 53.2 DEGREES.  THIS WAS 3.6
DEGREES WARMER THAN THE 1981-2010 NORMAL OF 49.6 DEGREES.  THIS MADE
IT THE 8TH WARMEST AUTUMN AND IT WAS ALSO THE THIRD CONSECUTIVE YEAR
THAT THE AUTUMN WAS AMONG THE 8 WARMEST.  2015 WAS THE THIRD WARMEST
AND 2016 WAS THE WARMEST.  TEMPERATURE RECORDS DATE BACK TO OCTOBER
15 1872.  THE TABLE BELOW LISTS THE TOP TEN WARMEST AUTUMNS IN LA
CROSSE WI.

              WARMEST AUTUMNS
              IN LA CROSSE WI
                 1873-2017

                  AVERAGE
      RANK      TEMPERATURE     YEAR
      ----      -----------     ----
        1       56.7 DEGREES    2016
        2       55.6 DEGREES    1931
        3       55.1 DEGREES    2015
        4       55.0 DEGREES    1963
        5       54.4 DEGREES    1998
        6       54.2 DEGREES    1994
        7       53.4 DEGREES    1922
        8       53.2 DEGREES    2017
        9       53.0 DEGREES    1953
                53.0 DEGREES    1948

THE TABLE BELOW CONTAINS THE MONTHLY AVERAGE TEMPERATURES AND THEIR
DEPARTURES FROM NORMAL FOR THE AUTUMN OF 2017.

           AUTUMN 2017 TEMPERATURES
               IN LA CROSSE WI

                  AVERAGE            DEPARTURE
   MONTH        TEMPERATURE         FROM NORMAL
   -----        -----------         -----------
   SEPTEMBER   68.8 DEGREES        +6.0 DEGREES -  2ND WARMEST
   OCTOBER     54.1 DEGREES        +3.9 DEGREES
   NOVEMBER    36.6 DEGREES        +0.6 DEGREES

   AUTUMN      53.2 DEGREES        +3.6 DEGREES - 8TH WARMEST

THE AVERAGE HIGH TEMPERATURE WAS 62.6 DEGREES WHICH WAS 3.6 DEGREES
WARMER THAN 1981-2010 NORMAL OF 59.0 DEGREES.  THIS WAS THE 12TH
WARMEST.

THE AVERAGE LOW TEMPERATURE WAS 43.8 DEGREES WHICH WAS 3.5 DEGREES
WARMER THAN 1981-2010 NORMAL OF 40.3 DEGREES.  THIS WAS THE 14TH
WARMEST.

THE WARMEST HIGH TEMPERATURE WAS 95 DEGREES ON SEPTEMBER 22ND.
THE COLDEST HIGH TEMPERATURE WAS 31 DEGREES ON NOVEMBER 10TH.

THE WARMEST LOW TEMPERATURE WAS 72 DEGREES ON SEPTEMBER 22ND.
THE COLDEST LOW TEMPERATURE WAS 12 DEGREES ON NOVEMBER 10TH.


PRECIPITATION

FROM SEPTEMBER 1 THROUGH NOVEMBER 30 2017, LA CROSSE REGIONAL
AIRPORT RECEIVED 7.31 INCHES OF PRECIPITATION.  THIS WAS 0.43 INCHES
DRIER THAN THE 1981-2010 NORMAL OF 7.74 INCHES.  THE TABLE BELOW
CONTAINS THE MONTHLY PRECIPITATION TOTALS AND THEIR DEPARTURES FROM
NORMAL FOR THE AUTUMN OF 2017.

          AUTUMN 2017 PRECIPITATION
               IN LA CROSSE WI

                PRECIPITATION         DEPARTURE
   MONTH            TOTAL            FROM NORMAL
   -----        ------------         -----------
   SEPTEMBER    0.95 INCHES         -2.61 INCHES
   OCTOBER      6.01 INCHES         +3.84 INCHES - 4TH WETTEST
   NOVEMBER     0.35 INCHES         -1.66 INCHES

   AUTUMN       7.31 INCHES         -0.43 INCHES

THE HIGHEST DAILY PRECIPITATION TOTAL WAS 1.56 INCHES ON
OCTOBER 6TH.

NO PRECIPITATION FELL ON 46 DAYS (50.5%).
A TRACE OF PRECIPITATION FELL ON 16 DAYS (17.6%).
MEASURABLE PRECIPITATION FELL ON 29 DAYS (31.9%).


SNOWFALL

FROM SEPTEMBER 1 THROUGH NOVEMBER 30 2017, LA CROSSE REGIONAL
AIRPORT RECEIVED ONLY A TRACE OF SNOW.  THIS WAS 4.3 INCHES BELOW
THEIR 1981-2010 NORMAL OF 4.3 INCHES. THIS TIED 1904, 1913, 1941,
1969, 1973, 1987, 2001, 2010, AND 2016 FOR THE SECOND LEAST IN AN
AUTUMN.  THE ONLY AUTUMN THAT SAW LESS (NO SNOW) WAS 1949.  THE
TABLE BELOW LISTS THE TOP TEN SNOWLESS AUTUMNS IN LA CROSSE WI.

              SNOWLESS AUTUMNS
              IN LA CROSSE WI
                 1873-2017

                   SNOW
      RANK         TOTAL        YEAR
      ----         -----        ----
        1       0.0 INCHES      1949
        2          TRACE        2017
                   TRACE        2016
                   TRACE        2010
                   TRACE        2001
                   TRACE        1987
                   TRACE        1973
                   TRACE        1969
                   TRACE        1941
                   TRACE        1913
                   TRACE        1904

THE TABLE BELOW CONTAINS THE MONTHLY SNOWFALL TOTALS AND THEIR
DEPARTURES FROM NORMAL FOR THE AUTUMN OF 2017.

            AUTUMN 2017 SNOWFALL
               IN LA CROSSE WI

                  SNOWFALL            DEPARTURE
   MONTH            TOTAL            FROM NORMAL
   -----        ------------         -----------
   SEPTEMBER     0.0 INCHES           0.0 INCHES
   OCTOBER         TRACE             -0.2 INCHES
   NOVEMBER        TRACE             -4.1 INCHES

   AUTUMN          TRACE             -4.3 INCHES

THE HIGHEST DAILY SNOWFALL TOTAL WAS A TRACE ON OCTOBER 27,
OCTOBER 30 TO NOVEMBER 1, NOVEMBER 3, NOVEMBER 9, AND NOVEMBER 22.
...................................

...THE LA CROSSE WI CLIMATE SUMMARY FOR THE SEASON, FROM
9/1/2017 TO 11/30/2017...

CLIMATE NORMAL PERIOD 1981 TO 2010
CLIMATE RECORD PERIOD 1873 TO 2017

WEATHER         OBSERVED          NORMAL  DEPART
                 VALUE   DATE(S)  VALUE   FROM
                                          NORMAL
................................................
TEMPERATURE (F)
RECORD
 HIGH             101   09/06/1922
 LOW              -21   11/29/1875
HIGHEST            95   09/22        MM      MM
LOWEST             12   11/10        MM      MM
AVG. MAXIMUM     62.6              59.0     3.6
AVG. MINIMUM     43.8              40.3     3.5
MEAN             53.2              49.6     3.6
DAYS MAX >= 90      5               0.9     4.1
DAYS MAX <= 32      1               4.5    -3.5
DAYS MIN <= 32     25              25.4    -0.4
DAYS MIN <= 0       0               0.1    -0.1

PRECIPITATION (INCHES)
RECORD
 MAXIMUM           MM   MM
 MINIMUM           MM   MM
TOTALS           7.31              7.74   -0.43
DAILY AVG.       0.08              0.09   -0.01
DAYS >= .01        29              27.9     1.1
DAYS >= .10        14              15.3    -1.3
DAYS >= .50         4               4.4    -0.4
DAYS >= 1.00        2               1.7     0.3
GREATEST
 24 HR. TOTAL    1.56   MM
 STORM TOTAL     0.53
 (MM/DD(HH))            MM

SNOWFALL (INCHES)
RECORDS
 TOTAL             MM   5
 24 HR TOTAL       MM
TOTALS              T               4.3    -4.3
 LIQUID EQUIV      MM              0.40      MM
SINCE 7/1           T               4.3    -4.3
 LIQUID 7/1        MM
DAYS >= TRACE       7               3.4     3.6
DAYS >= 1.0         0               1.3    -1.3
GREATEST
 SNOW DEPTH         0   MM
 24 HR TOTAL      0.0   MM
 STORM TOTAL       MM
 (MM/DD(HH))            MM

DEGREE_DAYS
HEATING TOTAL    1237              1479    -242
 SINCE 7/1       1237              1500    -263
COOLING TOTAL     186                81     105
 SINCE 1/1       1001               782     219

FREEZE DATES
RECORD
 EARLIEST     MM
 LATEST       MM
EARLIEST                        MM
LATEST                          MM
.................................................

WIND (MPH)
AVERAGE WIND SPEED              8.8
HIGHEST WIND SPEED/DIRECTION    36/240    DATE  09/25
HIGHEST GUST SPEED/DIRECTION    47/250    DATE  09/25

SKY COVER
POSSIBLE SUNSHINE (PERCENT)   MM
AVERAGE SKY COVER           0.40
NUMBER OF DAYS FAIR           45
NUMBER OF DAYS PC             24
NUMBER OF DAYS CLOUDY         22

AVERAGE RH (PERCENT)     68

WEATHER CONDITIONS. NUMBER OF DAYS WITH
THUNDERSTORM             11     MIXED PRECIP               0
HEAVY RAIN                6     RAIN                       9
LIGHT RAIN               43     FREEZING RAIN              0
LT FREEZING RAIN          0     HAIL                       0
HEAVY SNOW                0     SNOW                       0
LIGHT SNOW                7     SLEET                      0
FOG                      33     FOG W/VIS <= 1/4 MILE      6
HAZE                      2

-  INDICATES NEGATIVE NUMBERS.
R  INDICATES RECORD WAS SET OR TIED.
MM INDICATES DATA IS MISSING.
T  INDICATES TRACE AMOUNT.

$$

BOYNE
