000
CXUS51 KRNK 011043 RRA
CLSLYH

CLIMATE REPORT
NATIONAL WEATHER SERVICE BLACKSBURG VA
538 AM EST TUE DEC 1 2015

...................................

...THE LYNCHBURG VA CLIMATE SUMMARY FOR THE SEASON, FROM
9/1/2015 TO 11/30/2015...

CLIMATE NORMAL PERIOD 1981 TO 2010
CLIMATE RECORD PERIOD 1893 TO 2015

WEATHER         OBSERVED          NORMAL  DEPART  LAST YEAR`S
                 VALUE   DATE(S)  VALUE   FROM    VALUE
                                          NORMAL
.............................................................
TEMPERATURE (F)
RECORD
 HIGH             102   09/01/1932
 LOW                8   11/25/1970
HIGHEST            92   09/03                         90
                        09/02
LOWEST             24   11/24                         13
                        11/23
AVG. MAXIMUM     69.3              68.4     0.9     66.0
AVG. MINIMUM     48.0              44.9     3.1     45.0
MEAN             58.7              56.7     2.0     55.5
DAYS MAX >= 90      4               2.0     2.0        1
DAYS MAX <= 32      0               0.0     0.0        0
DAYS MIN <= 32      9              14.7    -5.7       18
DAYS MIN <= 0       0               0.0     0.0        0

PRECIPITATION (INCHES)
RECORD
 MAXIMUM        20.09   1996
 MINIMUM         1.85   1931
TOTALS          15.59             10.40    5.19     7.62
DAILY AVG.       0.17              0.11    0.06     0.08
DAYS >= .01        28              23.7     4.3       23
DAYS >= .10        17              14.9     2.1       16
DAYS >= .50        11               7.0     4.0        5
DAYS >= 1.00        6               3.2     2.8        2
GREATEST
 24 HR. TOTAL    3.16                               1.43

SNOWFALL (INCHES)
TOTALS            0.0                                  T
DAYS >= TRACE       0                                  3
DAYS >= 1.0         0                                  0
GREATEST
 24 HR TOTAL      0.0                                0.0

DEGREE_DAYS
HEATING TOTAL     710               891    -181      976
COOLING TOTAL     169               133      36      137
..............................................................

WIND (MPH)
AVERAGE WIND SPEED              5.4
HIGHEST WIND SPEED/DIRECTION    30/040    DATE  10/03
HIGHEST GUST SPEED/DIRECTION    42/030    DATE  10/03

SKY COVER
AVERAGE SKY COVER           0.40

AVERAGE RH (PERCENT)     72

WEATHER CONDITIONS. NUMBER OF DAYS WITH
THUNDERSTORM              6     MIXED PRECIP               0
HEAVY RAIN                9     RAIN                      12
LIGHT RAIN               35     FREEZING RAIN              0
LT FREEZING RAIN          0     HAIL                       0
HEAVY SNOW                0     SNOW                       0
LIGHT SNOW                0     SLEET                      0
FOG                      44     FOG W/VIS <= 1/4 MILE      3
HAZE                      2

-  INDICATES NEGATIVE NUMBERS.
R  INDICATES RECORD WAS SET OR TIED.
MM INDICATES DATA IS MISSING.
T  INDICATES TRACE AMOUNT.

REMARKS:
DUE TO A SENSOR FAILURE CAUSING MISSING TEMPERATURES ON OCTOBER 22
AND 23...ALL TEMPERATURE AND HEATING DEGREE DAY INFORMATION WILL BE
CALCULATED WITHOUT DATA FROM THESE DATES.

$$
