000
CXUS53 KMKX 011546
CLSMSN

CLIMATE REPORT
NATIONAL WEATHER SERVICE IN MILWAUKEE
1046 AM CDT MON JUN 1 2015

...................................

...THE MADISON WI CLIMATE SUMMARY FOR THE SEASON, FROM
3/1/2015 TO 5/31/2015...

CLIMATE NORMAL PERIOD 1981 TO 2010
CLIMATE RECORD PERIOD 1871 TO 2015

WEATHER         OBSERVED          NORMAL  DEPART  LAST YEAR`S
                 VALUE   DATE(S)  VALUE   FROM    VALUE  DATE(S)
                                          NORMAL
................................................................
TEMPERATURE (F)
RECORD
 HIGH             101   05/31/1934
 LOW              -29   03/01/1962
HIGHEST            82   05/28        85      -3       87  05/31
                        05/07
LOWEST             -5   03/05         3      -8       -8  03/03
AVG. MAXIMUM     59.1              56.3     2.8     54.7
AVG. MINIMUM     36.4              35.6     0.8     33.9
MEAN             47.7              45.9     1.8     44.3
DAYS MAX >= 90      0               0.1    -0.1        0
DAYS MAX <= 32      6               5.2     0.8        9
DAYS MIN <= 32     36              35.7     0.3       36
DAYS MIN <= 0       1               0.4     0.6        4

PRECIPITATION (INCHES)
RECORD
 MAXIMUM        17.42   1973
 MINIMUM         2.35   1936
TOTALS           9.32              9.15    0.17     9.86
DAILY AVG.       0.10              0.10    0.00     0.11
DAYS >= .01        32              34.5    -2.5       36
DAYS >= .10        22              19.2     2.8       19
DAYS >= .50         4               5.7    -1.7        4
DAYS >= 1.00        2               1.7     0.3        3
GREATEST
 24 HR. TOTAL    1.98   04/08 TO 04/09              2.62

SNOWFALL (INCHES)
RECORDS
 TOTAL           32.7   1923
TOTALS            4.2               9.8    -5.6      9.2
SINCE 7/1        33.7              50.9   -17.2     59.2
SNOWDEPTH AVG.      1                MM      MM        1
DAYS >= 1.0         1               2.8    -1.8        5
GREATEST
 SNOW DEPTH         6   03/07                         11  03/05
                        03/05
                        03/06
 24 HR TOTAL      3.0   03/23 TO 03/24               2.6

DEGREE_DAYS
HEATING TOTAL    1619              1786    -167     1936
 SINCE 7/1         MM              7273      MM       MM
COOLING TOTAL      50                30      20       51
 SINCE 1/1         50                30      20       51

FREEZE DATES
RECORD
 EARLIEST     09/12/1955
 LATEST       05/31/1966
EARLIEST                        10/01
LATEST                          05/10
.................................................................

WIND (MPH)
AVERAGE WIND SPEED              8.0
RESULTANT WIND SPEED/DIRECTION   1/154
HIGHEST WIND SPEED/DIRECTION    29/160    DATE  05/17
HIGHEST GUST SPEED/DIRECTION    38/300    DATE  04/13

SKY COVER
POSSIBLE SUNSHINE (PERCENT)   MM
AVERAGE SKY COVER           0.60
NUMBER OF DAYS FAIR           20
NUMBER OF DAYS PC             50
NUMBER OF DAYS CLOUDY         22

AVERAGE RH (PERCENT)     61

WEATHER CONDITIONS. NUMBER OF DAYS WITH
THUNDERSTORM              4     MIXED PRECIP               0
HEAVY RAIN                3     RAIN                      13
LIGHT RAIN               32     FREEZING RAIN              1
LT FREEZING RAIN          5     HAIL                       2
HEAVY SNOW                0     SNOW                       1
LIGHT SNOW                7     SLEET                      3
FOG                      40     FOG W/VIS <= 1/4 MILE      2
HAZE                     14

-  INDICATES NEGATIVE NUMBERS.
R  INDICATES RECORD WAS SET OR TIED.
MM INDICATES DATA IS MISSING.
T  INDICATES TRACE AMOUNT.

$$
