000
CXUS54 KLZK 021013
CLSPBF

CLIMATE REPORT
NATIONAL WEATHER SERVICE LITTLE ROCK AR
337 AM CST WED DEC 2 2015

...................................

...THE PINE BLUFF CLIMATE SUMMARY FOR THE SEASON, FROM
9/1/2015 TO 11/30/2015...

CLIMATE NORMAL PERIOD 1981 TO 2010
CLIMATE RECORD PERIOD 1883 TO 2015

WEATHER         OBSERVED          NORMAL  DEPART  LAST YEAR`S
                 VALUE   DATE(S)  VALUE   FROM    VALUE  DATE(S)
                                          NORMAL
................................................................
TEMPERATURE (F)
RECORD
 HIGH             110   09/06/1925
                        09/05/1925
 LOW               14   11/29/1976
                        11/19/1903
HIGHEST            97   09/06        75      22       95  09/05
                        09/04
LOWEST             28   11/22        53     -25       20  11/18
AVG. MAXIMUM     77.1              74.8     2.3     73.3
AVG. MINIMUM     54.6              52.3     2.3     51.6
MEAN             65.9              63.6     2.3     62.5
DAYS MAX >= 90     18               9.1     8.9       11
DAYS MAX <= 32      0               0.0     0.0        0
DAYS MIN <= 32      2               3.6    -1.6       13
DAYS MIN <= 0       0               0.0     0.0        0

PRECIPITATION (INCHES)
RECORD
 MAXIMUM        26.25   1984
 MINIMUM         3.81   1995
TOTALS          11.66             12.52   -0.86    10.30
DAILY AVG.       0.13              0.14   -0.01     0.12
DAYS >= .01        21              24.7    -3.7       21
DAYS >= .10        14                                 14
DAYS >= .50        10                                 10
DAYS >= 1.00        4               4.0     0.0        3
GREATEST
 24 HR. TOTAL    2.55   11/16 TO 11/17

SNOWFALL (INCHES)
RECORDS
 TOTAL            5.0   1929
 24 HR TOTAL      5.0   11/22/1929 TO 11/22/1929
 SNOW DEPTH         5   11/22/1929
TOTALS            0.0               0.0     0.0      0.1
 LIQUID EQUIV    0.00                 T    0.00     0.01
SINCE 7/1         0.0               0.0     0.0      0.1
 LIQUID 7/1      0.00              0.00    0.00     0.01
SNOWDEPTH AVG.      0                 0       0        0
DAYS >= TRACE       0               0.0     0.0        3
DAYS >= 1.0         0               0.0     0.0        0
GREATEST
 SNOW DEPTH         0
 24 HR TOTAL      0.0

DEGREE_DAYS
HEATING TOTAL     339               504    -165      603
 SINCE 7/1        339               504    -165       MM
COOLING TOTAL     440               372      68      400
 SINCE 1/1       2287              2131     156     1901

FREEZE DATES
RECORD
 EARLIEST     10/10/2000
 LATEST       04/25/1910
EARLIEST                        11/12
LATEST                          03/16
....................................................

WIND (MPH)
AVERAGE WIND SPEED              6.4
HIGHEST WIND SPEED/DIRECTION    30/160    DATE  11/17
HIGHEST GUST SPEED/DIRECTION    38/150    DATE  11/17

SKY COVER
POSSIBLE SUNSHINE (PERCENT)   MM
AVERAGE SKY COVER           0.30
NUMBER OF DAYS FAIR           61
NUMBER OF DAYS PC             11
NUMBER OF DAYS CLOUDY         18

AVERAGE RH (PERCENT)     69

WEATHER CONDITIONS. NUMBER OF DAYS WITH
THUNDERSTORM              0     MIXED PRECIP               0
HEAVY RAIN               11     RAIN                      15
LIGHT RAIN               31     FREEZING RAIN              0
LT FREEZING RAIN          0     HAIL                       0
HEAVY SNOW                0     SNOW                       0
LIGHT SNOW                0     SLEET                      0
FOG                      34     FOG W/VIS <= 1/4 MILE      5
HAZE                     13

-  INDICATES NEGATIVE NUMBERS.
R  INDICATES RECORD WAS SET OR TIED.
MM INDICATES DATA IS MISSING.
T  INDICATES TRACE AMOUNT.

&&

...DATA FOR PINE BLUFF FOR FALL 2015...

.SUMMARY...
THE FALL WAS WARMER THAN AVERAGE. EVEN THOUGH RAINFALL WAS BELOW
AVERAGE...IT WAS STILL THE WARMEST FALL IN SEVERAL YEARS.

THE FIRST FREEZE WAS LATER THAN AVERAGE THIS YEAR...AND THERE WERE
ONLY TWO DAYS WITH FREEZING TEMPERATURES...WHICH WAS THE FEWEST
SINCE 2011.

THE SEASON STARTED OUT FAIRLY DRY...BUT RAINFALL INCREASED BY NOVEMBER.

.SEASONAL TEMPERATURES...
THE AVERAGE HIGH TEMPERATURE WAS THE WARMEST SINCE 2010. THE AVERAGE
LOW TEMPERATURE WAS THE WARMEST SINCE 2007. THE AVERAGE SEASONAL
TEMPERATURE WAS THE WARMEST SINCE 2004.

.RAINFALL...
RAINFALL WAS BELOW THE 30-YEAR AVERAGE. HOWEVER...IT WAS THE WETTEST FALL
SINCE 2009.

.SNOWFALL...
NO SNOW FELL.

$$

57
