000
CXUS55 KPUB 012227
CLSPUB

CLIMATE REPORT
NATIONAL WEATHER SERVICE PUEBLO
147 PM MDT THU JUN 1 2017

...................................

...THE PUEBLO CO CLIMATE SUMMARY FOR THE SEASON, FROM
3/1/2017 TO 5/31/2017...

CLIMATE NORMAL PERIOD 1981 TO 2010
CLIMATE RECORD PERIOD 1888 TO 2017

WEATHER         OBSERVED          NORMAL  DEPART  LAST YEAR`S
                 VALUE   DATE(S)  VALUE   FROM    VALUE  DATE(S)
                                          NORMAL
................................................................
TEMPERATURE (F)
RECORD
 HIGH             102   05/31/2002
                        05/30/2000
                        05/29/2000
 LOW              -20   03/05/1948

HIGHEST            89   05/24                         91  05/21
LOWEST             10   03/02                         14  03/20
                                                          03/19
AVG. MAXIMUM     69.8              67.7     2.1     69.1
AVG. MINIMUM     37.4              34.5     2.9     36.8

MEAN             53.6              51.1     2.5     52.9

DAYS MAX >= 90      0
DAYS MAX <= 32      0
DAYS MIN <= 32     25
DAYS MIN <= 0       0

PRECIPITATION (INCHES)
RECORD
 MAXIMUM         9.78   1900
 MINIMUM         0.42   2002

TOTALS           8.14              3.84    4.30     6.31

DAILY AVG.       0.09              0.04    0.05

DAYS >= .01        26
DAYS >= .10        19
DAYS >= .50         3
DAYS >= 1.00        3

GREATEST
 24 HR. TOTAL    1.55   05/10 TO 05/11

SNOWFALL (INCHES)
RECORDS
 MAXIMUM         31.5   1990
 MINIMUM          T     1910

TOTALS           14.0              10.0     4.0      7.2

SINCE 7/1        28.2              31.8    -3.6

SNOWDEPTH AVG.      0

DAYS >= TRACE       7               6.2     0.8
DAYS >= 1.0         3               2.9     0.1

GREATEST
 SNOW DEPTH         8   04/29                          3
 24 HR TOTAL      8.4   04/28 TO 04/29           05/31 TO 05/31
                                                                                                                    05/31 TO 05/31

DEGREE_DAYS

HEATING TOTAL    1038              1311    -273     1114
 SINCE 7/1       4538              5613   -1075     4623

COOLING TOTAL      10                34     -24       30
 SINCE 1/1         10                34     -24       30
..................................................

WIND (MPH)
AVERAGE WIND SPEED              9.2
HIGHEST WIND SPEED/DIRECTION    59/010    DATE  03/24
HIGHEST GUST SPEED/DIRECTION    75/360    DATE  03/24

SKY COVER
POSSIBLE SUNSHINE (PERCENT)   MM
AVERAGE SKY COVER           0.30
NUMBER OF DAYS FAIR           69
NUMBER OF DAYS PC             15
NUMBER OF DAYS CLOUDY          8

AVERAGE RH (PERCENT)     52

WEATHER CONDITIONS. NUMBER OF DAYS WITH
THUNDERSTORM              0     MIXED PRECIP               2
HEAVY RAIN                6     RAIN                      12
LIGHT RAIN               32     FREEZING RAIN              0
LT FREEZING RAIN          0     HAIL                       1
HEAVY SNOW                1     SNOW                       3
LIGHT SNOW                6     SLEET                      0
FOG                      20     FOG W/VIS <= 1/4 MILE      2
HAZE                      5

-  INDICATES NEGATIVE NUMBERS.
R  INDICATES RECORD WAS SET OR TIED.
MM INDICATES DATA IS MISSING.
T  INDICATES TRACE AMOUNT.

$$
