000
CXUS52 KRAH 042133 RRA
CLSRDU

CLIMATE REPORT
NATIONAL WEATHER SERVICE RALEIGH NC
505 PM EDT THU SEP 4 2014

...................................

...THE RALEIGH-DURHAM INTL AIRPORT CLIMATE SUMMARY FOR THE SEASON, FROM
6/1/2014 TO 8/31/2014...

CLIMATE NORMAL PERIOD 1981 TO 2010
CLIMATE RECORD PERIOD 1887 TO 2014

WEATHER         OBSERVED          NORMAL  DEPART
                 VALUE   DATE(S)  VALUE   FROM
                                          NORMAL
................................................
TEMPERATURE (F)
RECORD
 HIGH             105   07/08/2012
                        06/30/2012
                        06/29/2012
 LOW               38   06/08/1977
HIGHEST            98   07/14
                        07/08
LOWEST             52   06/02
AVG. MAXIMUM     87.2              88.6    -1.4
AVG. MINIMUM     67.2              68.1    -0.9
MEAN             77.2              78.4    -1.2
DAYS MAX >= 90     33              40.0    -7.0
DAYS MAX <= 32      0               0.0     0.0
DAYS MIN <= 32      0               0.0     0.0
DAYS MIN <= 0       0               0.0     0.0

PRECIPITATION (INCHES)
RECORD
 MAXIMUM        25.97   1908
 MINIMUM         4.21   1993
TOTALS          19.14             12.51    6.63
DAYS >= .01        28              33.0    -5.0
DAYS >= 1.00        6               2.9     3.1
GREATEST
 24 HR. TOTAL    4.21   07/15

DEGREE_DAYS
COOLING TOTAL    1145              1233     -88
 SINCE 1/1       1358              1441     -83
.................................................

WIND (MPH)
AVERAGE WIND SPEED              4.8
HIGHEST WIND SPEED/DIRECTION    32/200    DATE  06/11
HIGHEST GUST SPEED/DIRECTION    58/320    DATE  08/20

SKY COVER
POSSIBLE SUNSHINE (PERCENT)   MM
AVERAGE SKY COVER           0.70
NUMBER OF DAYS FAIR            4
NUMBER OF DAYS PC             61
NUMBER OF DAYS CLOUDY         26

AVERAGE RH (PERCENT)     70

WEATHER CONDITIONS. NUMBER OF DAYS WITH
THUNDERSTORM             26     MIXED PRECIP               0
HEAVY RAIN               16     RAIN                      16
LIGHT RAIN               34     FREEZING RAIN              0
LT FREEZING RAIN          0     HAIL                       0
HEAVY SNOW                0     SNOW                       0
LIGHT SNOW                0     SLEET                      0
FOG                      59     FOG W/VIS <= 1/4 MILE     10
HAZE                     17

-  INDICATES NEGATIVE NUMBERS.
R  INDICATES RECORD WAS SET OR TIED.
MM INDICATES DATA IS MISSING.
T  INDICATES TRACE AMOUNT.

$$
