000
CXUS53 KEAX 020658
CLSSTJ

STLCLMWS2 000
TTAA00 KEAX 020657


CLIMATE REPORT
NATIONAL WEATHER SERVICE KANSAS CITY/PLEASANT HILL MO
1256 AM CST MON MAR 2 2015

...................................

...THE ST. JOSEPH MO CLIMATE SUMMARY FOR THE SEASON, FROM
12/1/2014 TO 2/28/2015...

CLIMATE NORMAL PERIOD 1981 TO 2010
CLIMATE RECORD PERIOD 1892 TO 2015

WEATHER         OBSERVED          NORMAL  DEPART  LAST YEAR`S
                 VALUE   DATE(S)  VALUE   FROM    VALUE  DATE(S)
                                          NORMAL
................................................................
TEMPERATURE (F)
RECORD
 HIGH              83   02/24/1930
 LOW              -25   01/12/1974
HIGHEST            73   01/28        65       8       63  12/18
LOWEST            -10   02/19        -3      -7      -15  02/06
AVG. MAXIMUM     38.8              39.5    -0.7     34.3
AVG. MINIMUM     17.4              19.5    -2.1     11.2
MEAN             28.1              29.5    -1.4     22.8
DAYS MAX >= 90      0               0.0     0.0        0
DAYS MAX <= 32     29              27.6     1.4       43
DAYS MIN <= 32     79              80.7    -1.7       90
DAYS MIN <= 0      11               8.6     2.4       20

PRECIPITATION (INCHES)
RECORD
 MAXIMUM         7.30   1985
 MINIMUM         0.24   2003
TOTALS           2.71              3.01   -0.30     1.19
DAILY AVG.       0.03              0.03    0.00     0.01
DAYS >= .01        15              16.2    -1.2        9
DAYS >= .10         8               7.2     0.8        3
DAYS >= .50         1               1.9    -0.9        1
DAYS >= 1.00        1               0.3     0.7        0
GREATEST
 24 HR. TOTAL    1.10   MM

DEGREE_DAYS
HEATING TOTAL    3278              3197      81     3771
COOLING TOTAL       0                 0       0        0
.................................................................

WIND (MPH)
AVERAGE WIND SPEED              8.8
HIGHEST WIND SPEED/DIRECTION    38/340    DATE  01/29
HIGHEST GUST SPEED/DIRECTION    49/300    DATE  01/17

SKY COVER
POSSIBLE SUNSHINE (PERCENT)   MM
AVERAGE SKY COVER           0.50
NUMBER OF DAYS FAIR           46
NUMBER OF DAYS PC             21
NUMBER OF DAYS CLOUDY         23

AVERAGE RH (PERCENT)     72

WEATHER CONDITIONS. NUMBER OF DAYS WITH
THUNDERSTORM              0     MIXED PRECIP               0
HEAVY RAIN                0     RAIN                       4
LIGHT RAIN               15     FREEZING RAIN              0
LT FREEZING RAIN          1     HAIL                       0
HEAVY SNOW                1     SNOW                       5
LIGHT SNOW               19     SLEET                      0
FOG                      47     FOG W/VIS <= 1/4 MILE     11
HAZE                     16

-  INDICATES NEGATIVE NUMBERS.
R  INDICATES RECORD WAS SET OR TIED.
MM INDICATES DATA IS MISSING.
T  INDICATES TRACE AMOUNT.

$$
