000
CXUS51 KCLE 012311
CLSTOL


CLIMATE REPORT
NATIONAL WEATHER SERVICE CLEVELAND OH
608 PM EST THU DEC 1 2016

...................................

...THE TOLEDO OH CLIMATE SUMMARY FOR THE SEASON, FROM
9/1/2016 TO 11/30/2016...

CLIMATE NORMAL PERIOD 1981 TO 2010
CLIMATE RECORD PERIOD 1873 TO 2016

WEATHER         OBSERVED          NORMAL  DEPART
                 VALUE   DATE(S)  VALUE   FROM
                                          NORMAL
................................................
TEMPERATURE (F)
RECORD
 HIGH             100   09/02/1953
                        09/01/1953
                        09/15/1939
 LOW                0   10/10/2008
HIGHEST            92   09/07
LOWEST             19   11/22
AVG. MAXIMUM     66.3              62.6     3.7
AVG. MINIMUM     46.1              42.6     3.5
MEAN             56.2              52.6     3.6
DAYS MAX >= 90      2               0.9
DAYS MAX <= 32      0               1.1
DAYS MIN <= 32     11              18.7
DAYS MIN <= 0       0               0.0

PRECIPITATION (INCHES)
RECORD
 MAXIMUM        18.56   1881
 MINIMUM         2.50   1908
TOTALS           8.54              8.24    0.30
DAYS >= .01        23              31.1
DAYS >= .10        15              16.9
DAYS >= .50         7               5.0
DAYS >= 1.00        2               1.6

SNOWFALL (INCHES)
RECORDS
 TOTAL           17.9   1996
TOTALS              T               2.1
DAYS >= TRACE       1
DAYS >= 1.0         0               0.8

DEGREE_DAYS
HEATING TOTAL     923              1219    -296
COOLING TOTAL     148                91      57
.................................................

WIND (MPH)
HIGHEST GUST SPEED/DIRECTION    46/270    DATE  11/18

SKY COVER
POSSIBLE SUNSHINE (PERCENT)   MM
NUMBER OF DAYS FAIR           53
NUMBER OF DAYS PC             24
NUMBER OF DAYS CLOUDY         14


WEATHER CONDITIONS. NUMBER OF DAYS WITH
THUNDERSTORM              0     MIXED PRECIP               0
HEAVY RAIN               11     RAIN                      15
LIGHT RAIN               28     FREEZING RAIN              0
LT FREEZING RAIN          0     HAIL                       0
HEAVY SNOW                0     SNOW                       0
LIGHT SNOW                2     SLEET                      0
FOG                      45     FOG W/VIS <= 1/4 MILE     10
HAZE                      4

-  INDICATES NEGATIVE NUMBERS.
R  INDICATES RECORD WAS SET OR TIED.
MM INDICATES DATA IS MISSING.
T  INDICATES TRACE AMOUNT.

$$
