000
CXUS54 KFWD 010730
CF60F2
PRELIMINARY LOCAL CLIMATOLOGICAL DATA (WS FORM: F-6)
STATION: BOWIE
MONTH: AUGUST
YEAR: 2021
LATITUDE: 33 36 N
LONGITUDE: 97 47 W
TEMPERATURE IN F: :PCPN: SNOW: WIND :SUNSHINE: SKY :PK WND
================================================================================
1 2 3 4 5 6A 6B 7 8 9 10 11 12 13 14 15 16 17 18
12Z AVG MX 2MIN
DY MAX MIN AVG DEP HDD CDD WTR SNW DPTH SPD SPD DIR MIN PSBL S-S WX SPD DR
================================================================================
1 82 71 77 -6 0 12 0.16 M M 5.6 14 320 M M 3 22 300
2 87 71 79 -4 0 14 T M M 6.5 13 30 M M 4 1 20 10
3 89 65 77 -6 0 12 0.00 M M 2.2 7 340 M M 2 M M
4 90 66 78 -5 0 13 0.00 M M 2.1 8 170 M M 4 M M
5 91 68 80 -3 0 15 0.23 M M 4.7 13 190 M M 4 16 200
6 93 69 81 -2 0 16 0.00 M M 6.4 10 200 M M 1 1 17 170
7 94 73 84 1 0 19 0.00 M M 9.0 16 160 M M 1 21 160
8 96 75 86 3 0 21 0.00 M M 13.5 20 190 M M 1 29 190
9 97 77 87 4 0 22 0.00 M M 12.1 17 180 M M 0 28 180
10 96 75 86 3 0 21 0.00 M M 12.5 17 170 M M 0 25 170
11 97 73 85 2 0 20 0.00 M M 11.1 17 200 M M 0 25 160
12 98 75 87 4 0 22 0.00 M M 8.4 15 190 M M 1 21 190
13 96 74 85 2 0 20 0.00 M M 6.1 24 350 M M 1 28 350
14 83 70 77 -6 0 12 0.44 M M 3.6 10 330 M M 4 17 350
15 89 70 80 -3 0 15 M M M 1.1 8 50 M M 4 M M
16 92 69 81 -2 0 16 M M M 2.8 8 160 M M 2 1 M M
17 83 69 76 -7 0 11 0.90 M M 4.0 14 180 M M 5 1 21 210
18 81 71 76 -6 0 11 1.55 M M 4.8 12 160 M M 8 1 16 160
19 91 73 82 0 0 17 0.13 M M 8.5 14 170 M M 5 1 21 170
20 94 76 85 3 0 20 0.00 M M 9.7 16 170 M M 1 21 180
21 93 76 85 3 0 20 0.00 M M 6.2 12 200 M M 0 17 180
22 94 73 84 2 0 19 0.00 M M 6.0 12 190 M M 1 17 170
23 93 69 81 -1 0 16 0.00 M M 5.7 12 170 M M 0 16 210
24 94 69 82 0 0 17 0.00 M M 6.3 13 170 M M 0 20 190
25 95 70 83 2 0 18 0.00 M M 3.2 9 160 M M 0 16 190
26 95 71 83 2 0 18 0.00 M M 1.2 7 90 M M 1 M M
27 91 71 81 0 0 16 0.00 M M 3.1 8 140 M M 1 17 130
28 91 70 81 0 0 16 0.00 M M 3.4 8 110 M M 1 M M
29 90 71 81 1 0 16 0.00 M M 2.9 9 100 M M 3 16 100
30 93 71 82 2 0 17 0.00 M M 1.8 6 40 M M 2 M M
31 95 69 82 2 0 17 0.00 M M 2.0 7 180 M M 1 M M
================================================================================
SM 2843 2210 0 519 3.41 M 176.6 M 61
================================================================================
AV 91.7 71.3 5.7 FASTST M M 2 MAX(MPH)
MISC ----> 24 350 29 190
================================================================================
NOTES:
# LAST OF SEVERAL OCCURRENCES
COLUMN 17 PEAK WIND IN M.P.H.
PRELIMINARY LOCAL CLIMATOLOGICAL DATA (WS FORM: F-6) , PAGE 2
STATION: BOWIE
MONTH: AUGUST
YEAR: 2021
LATITUDE: 33 36 N
LONGITUDE: 97 47 W
[TEMPERATURE DATA] [PRECIPITATION DATA] SYMBOLS USED IN COLUMN 16
AVERAGE MONTHLY: 81.5 TOTAL FOR MONTH: 3.41 1 = FOG OR MIST
DPTR FM NORMAL: -0.8 DPTR FM NORMAL: 1.34 2 = FOG REDUCING VISIBILITY
HIGHEST: 98 ON 12 GRTST 24HR 1.55 ON 18-18 TO 1/4 MILE OR LESS
LOWEST: 65 ON 3 3 = THUNDER
SNOW, ICE PELLETS, HAIL 4 = ICE PELLETS
TOTAL MONTH: M 5 = HAIL
GRTST 24HR M ON M 6 = FREEZING RAIN OR DRIZZLE
GRTST DEPTH: M ON M 7 = DUSTSTORM OR SANDSTORM:
VSBY 1/2 MILE OR LESS
8 = SMOKE OR HAZE
[NO. OF DAYS WITH] [WEATHER - DAYS WITH] 9 = BLOWING SNOW
X = TORNADO
MAX 32 OR BELOW: 0 0.01 INCH OR MORE: 6
MAX 90 OR ABOVE: 24 0.10 INCH OR MORE: 6
MIN 32 OR BELOW: 0 0.50 INCH OR MORE: 2
MIN 0 OR BELOW: 0 1.00 INCH OR MORE: 1
[HDD (BASE 65) ]
TOTAL THIS MO. 0 CLEAR (SCALE 0-3) 22
DPTR FM NORMAL 0 PTCLDY (SCALE 4-7) 9
TOTAL FM JUL 1 0 CLOUDY (SCALE 8-10) 0
DPTR FM NORMAL 0
[CDD (BASE 65) ]
TOTAL THIS MO. 519
DPTR FM NORMAL -17 [PRESSURE DATA]
TOTAL FM JAN 1 1614 HIGHEST SLP M ON M
DPTR FM NORMAL -77 LOWEST SLP M ON M
[REMARKS]
#FINAL-08-21#