000
CXUS54 KFWD 010730
CF60F2
PRELIMINARY LOCAL CLIMATOLOGICAL DATA (WS FORM: F-6)
STATION: BOWIE
MONTH: AUGUST
YEAR: 2023
LATITUDE: 33 36 N
LONGITUDE: 97 47 W
TEMPERATURE IN F: :PCPN: SNOW: WIND :SUNSHINE: SKY :PK WND
================================================================================
1 2 3 4 5 6A 6B 7 8 9 10 11 12 13 14 15 16 17 18
12Z AVG MX 2MIN
DY MAX MIN AVG DEP HDD CDD WTR SNW DPTH SPD SPD DIR MIN PSBL S-S WX SPD DR
================================================================================
1 107 75 91 8 0 26 0.00 M M 5.2 12 130 M M 0 16 150
2 106 76 91 8 0 26 0.00 M M 6.6 13 190 M M 0 8 24 220
3 106 81 94 11 0 29 0.00 M M 7.1 12 230 M M 0 20 220
4 106 80 93 10 0 28 0.00 M M 6.2 13 200 M M 0 20 230
5 104 80 92 9 0 27 0.00 M M 7.4 14 90 M M 0 24 60
6 104 80 92 9 0 27 0.00 M M 6.7 14 340 M M 0 18 340
7 100 76 88 5 0 23 0.00 M M 6.1 13 80 M M 0 21 60
8 100 77 89 6 0 24 0.00 M M 9.5 16 80 M M 0 25 40
9 107 75 91 8 0 26 0.12 M M 10.8 22 200 M M 1 28 200
10 103 76 90 7 0 25 0.45 M M 4.1 14 140 M M 1 38 90
11 106 75 91 8 0 26 0.00 M M 6.0 13 200 M M 0 22 200
12 106 79 93 10 0 28 0.00 M M 7.5 16 210 M M 0 21 190
13 105 76 91 8 0 26 0.00 M M 5.8 15 200 M M 0 23 220
14 92 71 82 -1 0 17 0.00 M M 7.7 16 20 M M 0 23 360
15 93 67 80 -3 0 15 0.00 M M 4.3 14 360 M M 2 18 10
16 97 65 81 -2 0 16 0.00 M M 3.8 8 120 M M 0 M M
17 109 69 89 6 0 24 0.00 M M 5.2 10 240 M M 0 17 220
18 110 73 92 10 0 27 0.00 M M 4.1 12 220 M M 0 8 17 240
19 107 80 94 12 0 29 0.00 M M 4.7 10 200 M M 0 16 250
20 108 74 91 9 0 26 0.00 M M 3.8 12 90 M M 0 20 0
21 105 78 92 10 0 27 0.00 M M 5.6 14 110 M M 0 22 110
22 103 77 90 8 0 25 0.00 M M 4.9 14 120 M M 0 8 20 130
23 103 77 90 8 0 25 0.00 M M 3.7 10 220 M M 1 21 160
24 104 73 89 7 0 24 0.00 M M 1.6 7 140 M M 0 M M
25 108 76 92 11 0 27 0.00 M M 3.3 13 110 M M 1 22 80
26 105 75 90 9 0 25 0.00 M M 2.8 12 10 M M 0 18 10
27 96 78 87 6 0 22 0.00 M M 7.2 13 10 M M 2 25 350
28 94 70 82 1 0 17 0.00 M M 5.8 13 30 M M 0 21 10
29 97 65 81 1 0 16 0.00 M M 3.4 10 20 M M 1 16 60
30 97 68 83 3 0 18 0.00 M M 3.3 12 360 M M 1 17 70
31 98 65 82 2 0 17 0.00 M M 1.5 7 30 M M 0 16 330
================================================================================
SM 3186 2307 0 738 0.57 M 165.8 M 10
================================================================================
AV102.8 74.4 5.3 FASTST M M 0 MAX(MPH)
MISC ----> 22 200 38 90
================================================================================
NOTES:
# LAST OF SEVERAL OCCURRENCES
COLUMN 17 PEAK WIND IN M.P.H.
PRELIMINARY LOCAL CLIMATOLOGICAL DATA (WS FORM: F-6) , PAGE 2
STATION: BOWIE
MONTH: AUGUST
YEAR: 2023
LATITUDE: 33 36 N
LONGITUDE: 97 47 W
[TEMPERATURE DATA] [PRECIPITATION DATA] SYMBOLS USED IN COLUMN 16
AVERAGE MONTHLY: 88.6 TOTAL FOR MONTH: 0.57 1 = FOG OR MIST
DPTR FM NORMAL: 6.3 DPTR FM NORMAL: -1.50 2 = FOG REDUCING VISIBILITY
HIGHEST: 110 ON 18 GRTST 24HR 0.45 ON 10-10 TO 1/4 MILE OR LESS
LOWEST: 65 ON 31,29 3 = THUNDER
SNOW, ICE PELLETS, HAIL 4 = ICE PELLETS
TOTAL MONTH: M 5 = HAIL
GRTST 24HR M ON M 6 = FREEZING RAIN OR DRIZZLE
GRTST DEPTH: M ON M 7 = DUSTSTORM OR SANDSTORM:
VSBY 1/2 MILE OR LESS
8 = SMOKE OR HAZE
[NO. OF DAYS WITH] [WEATHER - DAYS WITH] 9 = BLOWING SNOW
X = TORNADO
MAX 32 OR BELOW: 0 0.01 INCH OR MORE: 2
MAX 90 OR ABOVE: 31 0.10 INCH OR MORE: 2
MIN 32 OR BELOW: 0 0.50 INCH OR MORE: 0
MIN 0 OR BELOW: 0 1.00 INCH OR MORE: 0
[HDD (BASE 65) ]
TOTAL THIS MO. 0 CLEAR (SCALE 0-3) 31
DPTR FM NORMAL 0 PTCLDY (SCALE 4-7) 0
TOTAL FM JUL 1 0 CLOUDY (SCALE 8-10) 0
DPTR FM NORMAL 0
[CDD (BASE 65) ]
TOTAL THIS MO. 738
DPTR FM NORMAL 202 [PRESSURE DATA]
TOTAL FM JAN 1 2132 HIGHEST SLP M ON M
DPTR FM NORMAL 441 LOWEST SLP M ON M
[REMARKS]
#FINAL-08-23#