000
CXUS54 KHGX 041455
CF611R
PRELIMINARY LOCAL CLIMATOLOGICAL DATA (WS FORM: F-6)
STATION: BRENHAM
MONTH: MARCH
YEAR: 2021
LATITUDE: 30 13 N
LONGITUDE: 96 22 W
TEMPERATURE IN F: :PCPN: SNOW: WIND :SUNSHINE: SKY :PK WND
================================================================================
1 2 3 4 5 6A 6B 7 8 9 10 11 12 13 14 15 16 17 18
12Z AVG MX 2MIN
DY MAX MIN AVG DEP HDD CDD WTR SNW DPTH SPD SPD DIR MIN PSBL S-S WX SPD DR
================================================================================
1 63 49 56 M 9 0 0.47 0.0 0 13.8 20 350 M M 10 13 29 360
2 64 42 53 M 12 0 0.00 0.0 0 7.2 13 10 M M 3 1 21 360
3 68 37 53 M 12 0 0.00 0.0 0 1.4 6 120 M M 0 M M
4 74 42 58 M 7 0 0.00 0.0 0 3.7 10 150 M M 0 17 140
5 81 52 67 M 0 2 M 0.0 0 7.4 20 340 M M 6 27 340
6 68 49 59 M 6 0 0.00 0.0 0 7.0 13 40 M M 4 18 10
7 70 39 55 M 10 0 0.00 0.0 0 4.6 10 140 M M 0 18 110
8 73 37 55 M 10 0 M M 0 3.8 10 140 M M 1 20 170
9 77 56 67 M 0 2 0.00 0.0 0 9.6 20 190 M M 8 1 25 180
10 81 60 71 M 0 6 0.01 0.0 0 11.3 21 190 M M 7 33 200
11 80 69 75 M 0 10 0.00 0.0 0 11.4 20 180 M M 9 27 180
12 84 68 76 M 0 11 0.07 0.0 0 8.2 16 150 M M 7 1 22 150
13 83 65 74 M 0 9 0.00 0.0 0 9.4 17 140 M M 8 23 140
14 71 52 62 M 3 0 0.19 0.0 0 5.3 16 160 M M 8 30 160
15 82 46 64 M 1 0 0.00 0.0 0 2.8 9 190 M M 6 12 M M
16 81 67 74 M 0 9 0.00 0.0 0 8.1 13 150 M M 9 22 150
17 80 53 67 M 0 2 0.10 0.0 0 13.2 23 300 M M 5 3 31 290
18 68 47 58 M 7 0 0.00 M 0 14.8 23 320 M M 0 33 320
19 67 43 55 M 10 0 0.00 0.0 0 8.2 15 360 M M 0 22 360
20 68 38 53 M 12 0 0.00 0.0 0 1.6 6 70 M M 0 8 M M
21 72 40 56 M 9 0 0.00 0.0 0 4.1 10 130 M M 0 17 150
22 72 55 64 M 1 0 M 0.0 0 8.2 16 140 M M 8 21 150
23 80 55 68 M 0 3 0.53 0.0 0 4.8 14 160 M M 2 138 20 160
24 69 53 61 M 4 0 M 0.0 0 7.4 17 120 M M 8 18 27 120
25 76 52 64 M 1 0 M 0.0 0 8.0 16 300 M M 4 1 25 330
26 82 45 64 M 1 0 M 0.0 0 3.9 9 160 M M 1 17 160
27 82 69 76 M 0 11 M 0.0 0 7.6 17 190 M M 8 18 24 190
28 72 47 60 M 5 0 0.02 0.0 0 8.1 18 10 M M 5 138 29 360
29 75 40 58 M 7 0 0.00 0.0 0 4.5 10 170 M M 3 17 150
30 82 61 72 M 0 7 0.00 0.0 0 10.2 18 190 M M 10 1 25 180
31 73 58 66 M 0 1 0.00 0.0 0 8.6 21 360 M M 10 28 360
================================================================================
SM 2318 1586 127 73 1.39 0.0 228.2 M 150
================================================================================
AV 74.8 51.2 7.4 FASTST M M 5 MAX(MPH)
MISC ----> # 23 300 # 33 200
================================================================================
NOTES:
# LAST OF SEVERAL OCCURRENCES
COLUMN 17 PEAK WIND IN M.P.H.
PRELIMINARY LOCAL CLIMATOLOGICAL DATA (WS FORM: F-6) , PAGE 2
STATION: BRENHAM
MONTH: MARCH
YEAR: 2021
LATITUDE: 30 13 N
LONGITUDE: 96 22 W
[TEMPERATURE DATA] [PRECIPITATION DATA] SYMBOLS USED IN COLUMN 16
AVERAGE MONTHLY: 63.0 TOTAL FOR MONTH: 1.39 1 = FOG OR MIST
DPTR FM NORMAL: 10.6 DPTR FM NORMAL: -1.48 2 = FOG REDUCING VISIBILITY
HIGHEST: 84 ON 12 GRTST 24HR 0.53 ON 23-23 TO 1/4 MILE OR LESS
LOWEST: 37 ON 8, 3 3 = THUNDER
SNOW, ICE PELLETS, HAIL 4 = ICE PELLETS
TOTAL MONTH: 0.0 INCH 5 = HAIL
GRTST 24HR 0.0 6 = FREEZING RAIN OR DRIZZLE
GRTST DEPTH: 0 7 = DUSTSTORM OR SANDSTORM:
VSBY 1/2 MILE OR LESS
8 = SMOKE OR HAZE
[NO. OF DAYS WITH] [WEATHER - DAYS WITH] 9 = BLOWING SNOW
X = TORNADO
MAX 32 OR BELOW: 0 0.01 INCH OR MORE: 7
MAX 90 OR ABOVE: 0 0.10 INCH OR MORE: 4
MIN 32 OR BELOW: 0 0.50 INCH OR MORE: 1
MIN 0 OR BELOW: 0 1.00 INCH OR MORE: 0
[HDD (BASE 65) ]
TOTAL THIS MO. 127 CLEAR (SCALE 0-3) 12
DPTR FM NORMAL M PTCLDY (SCALE 4-7) 12
TOTAL FM JUL 1 1392 CLOUDY (SCALE 8-10) 7
DPTR FM NORMAL M
[CDD (BASE 65) ]
TOTAL THIS MO. 73
DPTR FM NORMAL M [PRESSURE DATA]
TOTAL FM JAN 1 100 HIGHEST SLP M ON M
DPTR FM NORMAL M LOWEST SLP M ON M
[REMARKS]
#FINAL-03-21#