000
CXUS55 KBOU 011000
CF620V
PRELIMINARY LOCAL CLIMATOLOGICAL DATA (WS FORM: F-6)
STATION: KREMMLING
MONTH: NOVEMBER
YEAR: 2022
LATITUDE: 40 3 N
LONGITUDE: 106 22 W
TEMPERATURE IN F: :PCPN: SNOW: WIND :SUNSHINE: SKY :PK WND
================================================================================
1 2 3 4 5 6A 6B 7 8 9 10 11 12 13 14 15 16 17 18
12Z AVG MX 2MIN
DY MAX MIN AVG DEP HDD CDD WTR SNW DPTH SPD SPD DIR MIN PSBL S-S WX SPD DR
================================================================================
1 55 19 37 M 28 0 0.00 M M 3.9 16 220 M M 0 23 230
2 59 21 40 M 25 0 0.00 M M 7.8 23 230 M M 0 38 220
3 45 27 36 M 29 0 0.02 M M 4.7 21 340 M M 9 29 340
4 34 25 30 M 35 0 0.00 M M 7.4 16 240 M M 8 21 270
5 43 30 37 M 28 0 0.00 M M 16.7 26 250 M M 8 41 250
6 36 27 32 M 33 0 0.04 M M 1.6 6 100 M M 9 M M
7 61 21 41 M 24 0 0.00 M M 3.8 22 240 M M 1 29 240
8 59 19 39 M 26 0 0.00 M M 3.0 18 220 M M 0 28 220
9 61 18 40 M 25 0 0.00 M M 7.6 24 250 M M 3 39 250
10 34 14 24 M 41 0 0.01 M M 6.3 14 240 M M 7 1 23 240
11 30 9 20 M 45 0 0.01 M M 1.4 6 90 M M 5 M M
12 34 1 18 M 47 0 0.02 M M 0.1 4 200 M M 0 M M
13 41 3 22 M 43 0 0.00 M M 2.0 9 320 M M 3 17 340
14 32 16 24 M 41 0 0.00 M M 4.8 13 320 M M 8 18 320
15 30 5 18 M 47 0 0.03 M M 3.3 12 320 M M 6 16 320
16 30 1 16 M 49 0 0.00 M M 1.2 6 90 M M 7 M M
17 34 14 24 M 41 0 0.00 M M 5.0 12 330 M M 9 18 250
18 30 1 16 M 49 0 0.00 M M 5.8 16 340 M M 4 23 330
19 19 -4 8 M 57 0 0.00 M M 0.3 4 120 M M 0 M M
20 M M M M M M 0.00 M M M M M M M M M M
21 M M M M M M 0.00 M M M M M M M M M M
22 36 9 23 M 42 0 0.00 M M 0.0 M M M M 0 M M
23 36 -4 16 M 49 0 0.00 M M 2.3 15 350 M M 5 18 310
24 36 9 23 M 42 0 0.00 M M 0.7 5 110 M M 6 M M
25 36 3 20 M 45 0 0.00 M M 0.1 3 360 M M 0 1 M M
26 37 1 19 M 46 0 0.00 M M 1.2 12 330 M M 4 1 18 0
27 36 23 30 M 35 0 0.07 M M 4.7 15 220 M M 7 22 220
28 36 30 33 M 32 0 0.00 M M 12.8 21 240 M M 7 29 240
29 30 -2 14 M 51 0 0.01 M M 5.9 18 320 M M 7 1 33 0
30 36 0 18 M 47 0 0.00 M M 2.5 9 110 M M 3 M M
================================================================================
SM 1086 336 1102 0 0.21 M 117.0 M 126
================================================================================
AV 38.8 12.0 4.2 FASTST M M 5 MAX(MPH)
MISC ----> 26 250 41 250
================================================================================
NOTES:
# LAST OF SEVERAL OCCURRENCES
COLUMN 17 PEAK WIND IN M.P.H.
PRELIMINARY LOCAL CLIMATOLOGICAL DATA (WS FORM: F-6) , PAGE 2
STATION: KREMMLING
MONTH: NOVEMBER
YEAR: 2022
LATITUDE: 40 3 N
LONGITUDE: 106 22 W
[TEMPERATURE DATA] [PRECIPITATION DATA] SYMBOLS USED IN COLUMN 16
AVERAGE MONTHLY: 25.4 TOTAL FOR MONTH: 0.21 1 = FOG OR MIST
DPTR FM NORMAL: 0.0 DPTR FM NORMAL: M 2 = FOG REDUCING VISIBILITY
HIGHEST: 61 ON 9, 7 GRTST 24HR 0.07 ON 27-27 TO 1/4 MILE OR LESS
LOWEST: -4 ON 23,19 3 = THUNDER
SNOW, ICE PELLETS, HAIL 4 = ICE PELLETS
TOTAL MONTH: M 5 = HAIL
GRTST 24HR M ON M 6 = FREEZING RAIN OR DRIZZLE
GRTST DEPTH: M ON M 7 = DUSTSTORM OR SANDSTORM:
VSBY 1/2 MILE OR LESS
8 = SMOKE OR HAZE
[NO. OF DAYS WITH] [WEATHER - DAYS WITH] 9 = BLOWING SNOW
X = TORNADO
MAX 32 OR BELOW: 7 0.01 INCH OR MORE: 8
MAX 90 OR ABOVE: 0 0.10 INCH OR MORE: 0
MIN 32 OR BELOW: 28 0.50 INCH OR MORE: 0
MIN 0 OR BELOW: 4 1.00 INCH OR MORE: 0
[HDD (BASE 65) ]
TOTAL THIS MO. 1102 CLEAR (SCALE 0-3) 10
DPTR FM NORMAL M PTCLDY (SCALE 4-7) 13
TOTAL FM JUL 1 2154 CLOUDY (SCALE 8-10) 7
DPTR FM NORMAL M
[CDD (BASE 65) ]
TOTAL THIS MO. 0
DPTR FM NORMAL M [PRESSURE DATA]
TOTAL FM JAN 1 67 HIGHEST SLP M ON M
DPTR FM NORMAL M LOWEST SLP M ON M
[REMARKS]
#FINAL-11-22#