000
CXUS55 KBOU 011000
CF620V
PRELIMINARY LOCAL CLIMATOLOGICAL DATA (WS FORM: F-6)
STATION: KREMMLING
MONTH: NOVEMBER
YEAR: 2021
LATITUDE: 40 3 N
LONGITUDE: 106 22 W
TEMPERATURE IN F: :PCPN: SNOW: WIND :SUNSHINE: SKY :PK WND
================================================================================
1 2 3 4 5 6A 6B 7 8 9 10 11 12 13 14 15 16 17 18
12Z AVG MX 2MIN
DY MAX MIN AVG DEP HDD CDD WTR SNW DPTH SPD SPD DIR MIN PSBL S-S WX SPD DR
================================================================================
1 46 34 40 M 25 0 M M M 3.2 12 350 M M 8 21 270
2 45 36 41 M 24 0 M M M 1.2 7 230 M M 10 M M
3 48 30 39 M 26 0 M M M 0.7 6 240 M M 7 M M
4 55 25 40 M 25 0 M M M 0.7 8 260 M M 2 12 M M
5 61 23 42 M 23 0 M M M 2.5 14 250 M M 0 25 250
6 63 19 41 M 24 0 M M M 2.9 17 250 M M 0 24 250
7 63 27 45 M 20 0 M M M 6.1 21 260 M M 0 30 250
8 59 19 39 M 26 0 M M M 3.6 17 250 M M 3 23 250
9 55 19 37 M 28 0 M M M 4.3 14 260 M M 2 24 260
10 41 30 36 M 29 0 M M M 9.4 21 270 M M 7 29 270
11 41 30 36 M 29 0 M M M 12.2 23 260 M M 8 30 260
12 45 34 40 M 25 0 M M M 7.8 27 270 M M 10 35 270
13 55 36 46 M 19 0 M M M 6.5 15 250 M M 6 25 280
14 59 27 43 M 22 0 M M M 4.8 16 250 M M 2 24 240
15 61 30 46 M 19 0 M M M 5.5 15 250 M M 0 22 230
16 55 36 46 M 19 0 M M M 11.7 21 250 M M 5 32 270
17 36 10 23 M 42 0 M M M 8.1 18 350 M M 2 25 350
18 43 3 23 M 42 0 M M M 1.7 7 110 M M 1 M M
19 54 25 40 M 25 0 M M M 3.7 17 240 M M 9 25 240
20 48 30 39 M 26 0 M M M 3.3 12 260 M M 9 20 260
21 43 18 31 M 34 0 M M M 2.5 6 250 M M 1 M M
22 48 10 29 M 36 0 M M M 0.1 4 100 M M 0 M M
23 54 7 31 M 34 0 M M M 3.9 22 250 M M 2 32 250
24 37 12 25 M 40 0 M M M 5.5 15 330 M M 7 20 20
25 37 5 21 M 44 0 M M M 0.7 6 350 M M 0 M M
26 43 7 25 M 40 0 M M M 0.5 8 80 M M 0 M M
27 45 14 30 M 35 0 M M M 0.9 7 110 M M 2 M M
28 54 14 34 M 31 0 M M M 1.1 7 130 M M 0 M M
29 54 14 34 M 31 0 M M M 0.4 5 290 M M 0 M M
30 52 14 33 M 32 0 M M M 2.8 14 260 M M 0 18 20
================================================================================
SM 1500 638 875 0 M M 118.3 M 103
================================================================================
AV 50.0 21.3 3.9 FASTST M M 3 MAX(MPH)
MISC ----> 27 270 35 270
================================================================================
NOTES:
# LAST OF SEVERAL OCCURRENCES
COLUMN 17 PEAK WIND IN M.P.H.
PRELIMINARY LOCAL CLIMATOLOGICAL DATA (WS FORM: F-6) , PAGE 2
STATION: KREMMLING
MONTH: NOVEMBER
YEAR: 2021
LATITUDE: 40 3 N
LONGITUDE: 106 22 W
[TEMPERATURE DATA] [PRECIPITATION DATA] SYMBOLS USED IN COLUMN 16
AVERAGE MONTHLY: 35.6 TOTAL FOR MONTH: M 1 = FOG OR MIST
DPTR FM NORMAL: 0.0 DPTR FM NORMAL: M 2 = FOG REDUCING VISIBILITY
HIGHEST: 63 ON 6, 7 GRTST 24HR M ON M TO 1/4 MILE OR LESS
LOWEST: 3 ON 18 3 = THUNDER
SNOW, ICE PELLETS, HAIL 4 = ICE PELLETS
TOTAL MONTH: M 5 = HAIL
GRTST 24HR M ON M 6 = FREEZING RAIN OR DRIZZLE
GRTST DEPTH: M ON M 7 = DUSTSTORM OR SANDSTORM:
VSBY 1/2 MILE OR LESS
8 = SMOKE OR HAZE
[NO. OF DAYS WITH] [WEATHER - DAYS WITH] 9 = BLOWING SNOW
X = TORNADO
MAX 32 OR BELOW: 0 0.01 INCH OR MORE: 0
MAX 90 OR ABOVE: 0 0.10 INCH OR MORE: 0
MIN 32 OR BELOW: 25 0.50 INCH OR MORE: 0
MIN 0 OR BELOW: 0 1.00 INCH OR MORE: 0
[HDD (BASE 65) ]
TOTAL THIS MO. 875 CLEAR (SCALE 0-3) 19
DPTR FM NORMAL M PTCLDY (SCALE 4-7) 7
TOTAL FM JUL 1 1979 CLOUDY (SCALE 8-10) 4
DPTR FM NORMAL M
[CDD (BASE 65) ]
TOTAL THIS MO. 0
DPTR FM NORMAL M [PRESSURE DATA]
TOTAL FM JAN 1 79 HIGHEST SLP M ON M
DPTR FM NORMAL M LOWEST SLP M ON M
[REMARKS]
#FINAL-11-21#