001
CXUS55 KBOU 010927
CF620V
PRELIMINARY LOCAL CLIMATOLOGICAL DATA (WS FORM: F-6)
STATION: KREMMLING
MONTH: OCTOBER
YEAR: 2020
LATITUDE: 40 3 N
LONGITUDE: 106 22 W
TEMPERATURE IN F: :PCPN: SNOW: WIND :SUNSHINE: SKY :PK WND
================================================================================
1 2 3 4 5 6A 6B 7 8 9 10 11 12 13 14 15 16 17 18
12Z AVG MX 2MIN
DY MAX MIN AVG DEP HDD CDD WTR SNW DPTH SPD SPD DIR MIN PSBL S-S WX SPD DR
================================================================================
1 72 21 47 M 18 0 0.00 M M 1.7 10 330 M M 2 8 18 320
2 68 27 48 M 17 0 0.00 M M 1.8 10 340 M M 1 20 310
3 68 23 46 M 19 0 0.00 M M 1.9 10 320 M M 0 16 340
4 75 23 49 M 16 0 0.00 M M 2.6 15 220 M M 0 18 220
5 73 23 48 M 17 0 0.00 M M 3.4 15 320 M M 0 23 320
6 75 21 48 M 17 0 0.00 M M 1.1 9 350 M M 0 M M
7 79 21 50 M 15 0 0.00 M M 2.1 12 230 M M 0 17 230
8 75 23 49 M 16 0 0.00 M M 3.0 16 250 M M 0 22 250
9 77 28 53 M 12 0 0.00 M M 1.1 13 250 M M 0 20 210
10 75 30 53 M 12 0 0.00 M M 5.2 17 270 M M 1 25 260
11 59 30 45 M 20 0 0.00 M M 11.5 22 250 M M 4 35 250
12 63 18 41 M 24 0 0.00 M M 6.8 17 240 M M 0 29 240
13 73 21 47 M 18 0 0.00 M M 8.1 23 240 M M 0 30 240
14 70 41 56 M 9 0 0.00 M M 12.9 24 290 M M 1 39 290
15 50 25 38 M 27 0 0.00 M M 10.1 21 280 M M 2 32 280
16 61 16 39 M 26 0 0.00 M M 6.4 21 260 M M 0 28 290
17 63 39 51 M 14 0 0.00 M M 11.2 18 220 M M 5 31 280
18 68 36 52 M 13 0 0.00 M M 7.9 22 250 M M 7 30 270
19 68 30 49 M 16 0 0.00 M M 5.9 18 250 M M 0 30 240
20 68 27 48 M 17 0 0.00 M M 5.4 18 240 M M 0 25 240
21 70 21 46 M 19 0 0.00 M M 7.2 24 240 M M 0 36 250
22 68 34 51 M 14 0 0.00 M M 14.2 30 260 M M 1 45 270
23 50 14 32 M 33 0 0.00 M M 4.4 13 330 M M 0 20 330
24 59 34 47 M 18 0 0.00 M M 11.8 24 250 M M 4 38 250
25 43 9 26 M 39 0 0.04 M M 9.4 24 340 M M 8 36 340
26 18 -4 7 M 58 0 0.02 M M 4.5 17 340 M M 7 28 23 340
27 14 -2 6 M 59 0 0.00 M M 0.6 3 130 M M 7 128 M M
28 21 0 11 M 54 0 0.00 M M 0.1 4 130 M M 4 12 M M
29 30 3 17 M 48 0 0.00 M M 0.0 M M M M 5 12 M M
30 28 12 20 M 45 0 0.00 M M 0.1 4 120 M M 7 128 M M
31 50 19 35 M 30 0 0.00 M M 1.0 8 350 M M 3 2 M M
================================================================================
SM 1831 663 760 0 0.06 M 163.2 M 69
================================================================================
AV 59.1 21.4 5.3 FASTST M M 2 MAX(MPH)
MISC ----> 30 260 45 270
================================================================================
NOTES:
# LAST OF SEVERAL OCCURRENCES
COLUMN 17 PEAK WIND IN M.P.H.
PRELIMINARY LOCAL CLIMATOLOGICAL DATA (WS FORM: F-6) , PAGE 2
STATION: KREMMLING
MONTH: OCTOBER
YEAR: 2020
LATITUDE: 40 3 N
LONGITUDE: 106 22 W
[TEMPERATURE DATA] [PRECIPITATION DATA] SYMBOLS USED IN COLUMN 16
AVERAGE MONTHLY: 40.2 TOTAL FOR MONTH: 0.06 1 = FOG OR MIST
DPTR FM NORMAL: 0.0 DPTR FM NORMAL: M 2 = FOG REDUCING VISIBILITY
HIGHEST: 79 ON 7 GRTST 24HR 0.04 ON 25-25 TO 1/4 MILE OR LESS
LOWEST: -4 ON 26 3 = THUNDER
SNOW, ICE PELLETS, HAIL 4 = ICE PELLETS
TOTAL MONTH: M 5 = HAIL
GRTST 24HR M ON M 6 = FREEZING RAIN OR DRIZZLE
GRTST DEPTH: M ON M 7 = DUSTSTORM OR SANDSTORM:
VSBY 1/2 MILE OR LESS
8 = SMOKE OR HAZE
[NO. OF DAYS WITH] [WEATHER - DAYS WITH] 9 = BLOWING SNOW
X = TORNADO
MAX 32 OR BELOW: 5 0.01 INCH OR MORE: 2
MAX 90 OR ABOVE: 0 0.10 INCH OR MORE: 0
MIN 32 OR BELOW: 26 0.50 INCH OR MORE: 0
MIN 0 OR BELOW: 3 1.00 INCH OR MORE: 0
[HDD (BASE 65) ]
TOTAL THIS MO. 760 CLEAR (SCALE 0-3) 21
DPTR FM NORMAL M PTCLDY (SCALE 4-7) 9
TOTAL FM JUL 1 1160 CLOUDY (SCALE 8-10) 1
DPTR FM NORMAL M
[CDD (BASE 65) ]
TOTAL THIS MO. 0
DPTR FM NORMAL M [PRESSURE DATA]
TOTAL FM JAN 1 40 HIGHEST SLP M ON M
DPTR FM NORMAL M LOWEST SLP M ON M
[REMARKS]
#FINAL-10-20#