000
CXUS54 KEWX 011010
CF63T5
PRELIMINARY LOCAL CLIMATOLOGICAL DATA (WS FORM: F-6)
STATION: LA GRANGE
MONTH: MARCH
YEAR: 2021
LATITUDE: 29 54 N
LONGITUDE: 96 57 W
TEMPERATURE IN F: :PCPN: SNOW: WIND :SUNSHINE: SKY :PK WND
================================================================================
1 2 3 4 5 6A 6B 7 8 9 10 11 12 13 14 15 16 17 18
12Z AVG MX 2MIN
DY MAX MIN AVG DEP HDD CDD WTR SNW DPTH SPD SPD DIR MIN PSBL S-S WX SPD DR
================================================================================
1 63 50 57 M 8 0 0.07 M M 10.1 15 360 M M 10 28 10
2 M M M M M M 0.00 M M M M M M M M M M
3 M M M M M M 0.00 M M M M M M M M M M
4 74 40 57 M 8 0 0.00 M M 6.8 10 130 M M 0 16 140
5 82 54 68 M 0 3 0.00 M M 7.7 21 350 M M 5 31 350
6 68 47 58 M 7 0 0.00 M M 6.5 13 10 M M 5 22 60
7 70 39 55 M 10 0 0.00 M M 2.8 7 130 M M 0 M M
8 73 41 57 M 8 0 0.00 M M 3.5 8 160 M M 3 M M
9 77 55 66 M 0 1 0.00 M M 9.2 17 170 M M 7 12 27 170
10 82 60 71 M 0 6 0.00 M M 13.3 24 180 M M 5 32 180
11 78 70 74 M 0 9 0.00 M M 11.5 18 170 M M 9 25 170
12 84 69 77 M 0 12 0.00 M M 10.3 20 160 M M 7 1 29 160
13 81 67 74 M 0 9 0.00 M M 10.0 18 150 M M 8 25 150
14 72 50 61 M 4 0 0.20 M M 6.7 21 160 M M 8 29 160
15 82 44 63 M 2 0 0.00 M M 3.6 12 160 M M 3 2 M M
16 81 66 74 M 0 9 0.00 M M 7.0 13 160 M M 9 20 160
17 80 55 68 M 0 3 0.16 M M 13.1 28 330 M M 6 18 35 330
18 72 48 60 M 5 0 0.00 M M 12.5 21 330 M M 0 27 340
19 68 42 55 M 10 0 0.00 M M 6.2 13 10 M M 0 21 340
20 70 38 54 M 11 0 0.00 M M 1.9 7 160 M M 0 M M
21 74 43 59 M 6 0 0.00 M M 4.9 12 130 M M 1 16 130
22 73 56 65 M 0 0 0.00 M M 8.7 17 160 M M 8 26 160
23 81 57 69 M 0 4 0.08 M M 3.9 9 340 M M 3 138 20 330
24 70 53 62 M 3 0 0.00 M M 4.8 10 130 M M 8 1 17 110
25 76 52 64 M 1 0 0.02 M M 7.1 15 290 M M 3 1 22 330
26 82 46 64 M 1 0 0.09 M M 4.4 9 120 M M 1 16 140
27 84 68 76 M 0 11 0.00 M M 7.2 17 180 M M 8 18 21 180
28 72 48 60 M 5 0 0.02 M M 7.4 18 20 M M 4 13 28 20
29 74 41 58 M 7 0 0.00 M M 4.8 13 160 M M 4 17 160
30 82 63 73 M 0 8 0.00 M M 10.0 18 180 M M 10 1 24 190
31 74 58 66 M 0 1 0.00 M M 8.5 18 20 M M 9 1 25 350
================================================================================
SM 2199 1520 96 76 0.64 M 214.4 M 144
================================================================================
AV 75.8 52.4 7.4 FASTST M M 5 MAX(MPH)
MISC ----> 28 330 35 330
================================================================================
NOTES:
# LAST OF SEVERAL OCCURRENCES
COLUMN 17 PEAK WIND IN M.P.H.
PRELIMINARY LOCAL CLIMATOLOGICAL DATA (WS FORM: F-6) , PAGE 2
STATION: LA GRANGE
MONTH: MARCH
YEAR: 2021
LATITUDE: 29 54 N
LONGITUDE: 96 57 W
[TEMPERATURE DATA] [PRECIPITATION DATA] SYMBOLS USED IN COLUMN 16
AVERAGE MONTHLY: 64.1 TOTAL FOR MONTH: 0.64 1 = FOG OR MIST
DPTR FM NORMAL: 0.0 DPTR FM NORMAL: M 2 = FOG REDUCING VISIBILITY
HIGHEST: 84 ON 27,12 GRTST 24HR 0.20 ON 14-14 TO 1/4 MILE OR LESS
LOWEST: 38 ON 20 3 = THUNDER
SNOW, ICE PELLETS, HAIL 4 = ICE PELLETS
TOTAL MONTH: M 5 = HAIL
GRTST 24HR M ON M 6 = FREEZING RAIN OR DRIZZLE
GRTST DEPTH: M ON M 7 = DUSTSTORM OR SANDSTORM:
VSBY 1/2 MILE OR LESS
8 = SMOKE OR HAZE
[NO. OF DAYS WITH] [WEATHER - DAYS WITH] 9 = BLOWING SNOW
X = TORNADO
MAX 32 OR BELOW: 0 0.01 INCH OR MORE: 7
MAX 90 OR ABOVE: 0 0.10 INCH OR MORE: 2
MIN 32 OR BELOW: 0 0.50 INCH OR MORE: 0
MIN 0 OR BELOW: 0 1.00 INCH OR MORE: 0
[HDD (BASE 65) ]
TOTAL THIS MO. 96 CLEAR (SCALE 0-3) 10
DPTR FM NORMAL M PTCLDY (SCALE 4-7) 14
TOTAL FM JUL 1 1395 CLOUDY (SCALE 8-10) 7
DPTR FM NORMAL M
[CDD (BASE 65) ]
TOTAL THIS MO. 76
DPTR FM NORMAL M [PRESSURE DATA]
TOTAL FM JAN 1 112 HIGHEST SLP M ON M
DPTR FM NORMAL M LOWEST SLP M ON M
[REMARKS]
#FINAL-03-21#