000
CXUS54 KMAF 011726
CF66R6
PRELIMINARY LOCAL CLIMATOLOGICAL DATA (WS FORM: F-6)
STATION: TERRELL COUNTY AIRPORT
MONTH: FEBRUARY
YEAR: 2023
LATITUDE: 30 2 N
LONGITUDE: 102 13 W
TEMPERATURE IN F: :PCPN: SNOW: WIND :SUNSHINE: SKY :PK WND
================================================================================
1 2 3 4 5 6A 6B 7 8 9 10 11 12 13 14 15 16 17 18
12Z AVG MX 2MIN
DY MAX MIN AVG DEP HDD CDD WTR SNW DPTH SPD SPD DIR MIN PSBL S-S WX SPD DR
================================================================================
1 34 29 32 -20 33 0 0.24 M M 6.1 13 50 M M 0 6 16 50
2 54 33 44 -8 21 0 0.08 M M 4.5 15 40 M M 0 19 40
3 58 31 45 -7 20 0 0.00 M M 5.1 10 130 M M 0 13 120
4 60 31 46 -6 19 0 0.00 M M 5.8 13 140 M M 0 16 140
5 78 34 56 4 9 0 0.00 M M 7.8 18 230 M M 0 23 230
6 73 39 56 4 9 0 0.00 M M 6.6 14 140 M M 0 18 130
7 64 45 55 2 10 0 0.00 M M 14.1 29 330 M M 0 38 330
8 65 38 52 -1 13 0 0.00 M M 10.7 21 240 M M 0 30 250
9 72 39 56 3 9 0 0.00 M M 13.9 36 340 M M 0 52 350
10 53 30 42 -11 23 0 0.00 M M 12.6 26 350 M M 0 37 350
11 59 27 43 -11 22 0 0.00 M M 5.7 10 130 M M 0 15 170
12 57 38 48 -6 17 0 0.00 M M 4.3 13 150 M M 0 16 150
13 59 42 51 -3 14 0 0.00 M M 7.8 20 120 M M 0 29 80
14 71 38 55 1 10 0 0.00 M M 13.8 35 240 M M 0 51 230
15 84 37 61 7 4 0 0.00 M M 12.7 41 340 M M 0 57 340
16 51 34 43 -12 22 0 0.00 M M 12.0 24 340 M M 0 35 350
17 52 22 37 -18 28 0 0.00 M M 5.9 14 100 M M 0 20 120
18 53 33 43 -12 22 0 0.00 M M 6.4 21 130 M M 0 27 140
19 67 38 53 -2 12 0 0.00 M M 4.4 13 360 M M 0 16 360
20 81 44 63 7 2 0 0.00 M M 9.0 20 210 M M 0 26 220
21 88 53 71 15 0 6 0.00 M M 10.0 30 240 M M 0 45 250
22 82 54 68 12 0 3 0.00 M M 15.8 41 230 M M 0 60 240
23 82 43 63 7 2 0 0.00 M M 7.4 14 80 M M 0 20 80
24 70 50 60 3 5 0 0.00 M M 9.5 16 50 M M 0 25 70
25 60 47 54 -3 11 0 0.00 M M 7.5 12 20 M M 0 18 100
26 85 55 70 13 0 5 0.00 M M 6.6 31 350 M M 0 42 350
27 80 40 60 3 5 0 0.00 M M 10.5 26 340 M M 0 37 220
28 83 45 64 6 1 0 0.00 M M 6.4 14 220 M M 0 21 210
================================================================================
SM 1875 1089 343 14 0.32 M 242.9 M 0
================================================================================
AV 67.0 38.9 8.7 FASTST M M 0 MAX(MPH)
MISC ----> # 41 340 60 240
================================================================================
NOTES:
# LAST OF SEVERAL OCCURRENCES
COLUMN 17 PEAK WIND IN M.P.H.
PRELIMINARY LOCAL CLIMATOLOGICAL DATA (WS FORM: F-6) , PAGE 2
STATION: TERRELL COUNTY AIRPORT
MONTH: FEBRUARY
YEAR: 2023
LATITUDE: 30 2 N
LONGITUDE: 102 13 W
[TEMPERATURE DATA] [PRECIPITATION DATA] SYMBOLS USED IN COLUMN 16
AVERAGE MONTHLY: 52.9 TOTAL FOR MONTH: 0.32 1 = FOG OR MIST
DPTR FM NORMAL: -1.5 DPTR FM NORMAL: -0.27 2 = FOG REDUCING VISIBILITY
HIGHEST: 88 ON 21 GRTST 24HR 0.32 ON 1- 2 TO 1/4 MILE OR LESS
LOWEST: 22 ON 17 3 = THUNDER
SNOW, ICE PELLETS, HAIL 4 = ICE PELLETS
TOTAL MONTH: M 5 = HAIL
GRTST 24HR M ON M 6 = FREEZING RAIN OR DRIZZLE
GRTST DEPTH: M ON M 7 = DUSTSTORM OR SANDSTORM:
VSBY 1/2 MILE OR LESS
8 = SMOKE OR HAZE
[NO. OF DAYS WITH] [WEATHER - DAYS WITH] 9 = BLOWING SNOW
X = TORNADO
MAX 32 OR BELOW: 0 0.01 INCH OR MORE: 2
MAX 90 OR ABOVE: 0 0.10 INCH OR MORE: 1
MIN 32 OR BELOW: 6 0.50 INCH OR MORE: 0
MIN 0 OR BELOW: 0 1.00 INCH OR MORE: 0
[HDD (BASE 65) ]
TOTAL THIS MO. 343 CLEAR (SCALE 0-3) 28
DPTR FM NORMAL 37 PTCLDY (SCALE 4-7) 0
TOTAL FM JUL 1 1537 CLOUDY (SCALE 8-10) 0
DPTR FM NORMAL 1
[CDD (BASE 65) ]
TOTAL THIS MO. 14
DPTR FM NORMAL 5 [PRESSURE DATA]
TOTAL FM JAN 1 16 HIGHEST SLP 30.57 ON 3
DPTR FM NORMAL 9 LOWEST SLP 29.45 ON 21
[REMARKS]
#FINAL-02-23#