000
CXUS54 KMAF 011457
CF66R6
PRELIMINARY LOCAL CLIMATOLOGICAL DATA (WS FORM: F-6)
STATION: TERRELL COUNTY AIRPORT
MONTH: AUGUST
YEAR: 2021
LATITUDE: 30 2 N
LONGITUDE: 102 13 W
TEMPERATURE IN F: :PCPN: SNOW: WIND :SUNSHINE: SKY :PK WND
================================================================================
1 2 3 4 5 6A 6B 7 8 9 10 11 12 13 14 15 16 17 18
12Z AVG MX 2MIN
DY MAX MIN AVG DEP HDD CDD WTR SNW DPTH SPD SPD DIR MIN PSBL S-S WX SPD DR
================================================================================
1 98 72 85 0 0 20 0.19 M M 7.6 28 330 M M 0 3 35 340
2 87 68 78 -7 0 13 0.00 M M 7.0 17 20 M M 0 22 30
3 92 72 82 -3 0 17 0.00 M M 5.8 14 80 M M 0 19 70
4 88 71 80 -5 0 15 0.00 M M 9.2 23 130 M M 0 28 130
5 87 70 79 -6 0 14 0.43 M M 6.8 16 120 M M 0 22 130
6 93 69 81 -4 0 16 0.00 M M 8.1 17 110 M M 0 21 130
7 98 71 85 0 0 20 0.00 M M 9.9 22 100 M M 0 27 120
8 101 71 86 1 0 21 0.00 M M 9.4 22 120 M M 0 27 110
9 99 73 86 1 0 21 0.00 M M 11.1 23 130 M M 0 32 130
10 97 73 85 0 0 20 0.00 M M 12.0 20 120 M M 0 27 120
11 97 74 86 1 0 21 0.00 M M 9.8 17 120 M M 0 25 120
12 98 75 87 2 0 22 0.00 M M 10.9 23 90 M M 0 30 100
13 96 72 84 -1 0 19 0.00 M M 10.7 22 120 M M 0 28 110
14 96 74 85 1 0 20 0.00 M M 10.0 22 70 M M 0 26 70
15 92 72 82 -2 0 17 0.01 M M 8.9 23 330 M M 0 31 330
16 91 72 82 -2 0 17 0.00 M M 7.0 21 30 M M 0 26 30
17 88 72 80 -4 0 15 0.21 M M 4.6 18 110 M M 0 26 70
18 95 69 82 -2 0 17 0.00 M M 4.3 20 140 M M 0 25 130
19 96 72 84 0 0 19 0.01 M M 5.5 24 190 M M 0 30 200
20 97 72 85 1 0 20 0.00 M M 4.7 38 140 M M 0 49 140
21 97 73 85 1 0 20 0.00 M M 11.2 24 110 M M 0 33 130
22 98 73 86 3 0 21 0.00 M M 13.5 24 120 M M 0 34 120
23 97 67 82 -1 0 17 0.00 M M 8.6 22 120 M M 0 30 100
24 99 70 85 2 0 20 0.00 M M 8.5 21 110 M M 0 27 130
25 96 71 84 1 0 19 0.00 M M 10.6 22 110 M M 0 28 110
26 96 73 85 2 0 20 0.00 M M 9.9 18 90 M M 0 27 100
27 97 72 85 3 0 20 0.00 M M 9.1 20 100 M M 0 26 110
28 94 72 83 1 0 18 0.00 M M 10.0 23 100 M M 0 28 110
29 94 73 84 2 0 19 0.00 M M 9.5 18 100 M M 0 23 90
30 95 72 84 2 0 19 0.01 M M 6.2 16 60 M M 0 22 90
31 99 73 86 4 0 21 0.00 M M M 18 120 M M 0 23 110
================================================================================
SM 2948 2223 0 578 0.86 M 260.4 M 0
================================================================================
AV 95.1 71.7 8.7 FASTST M M 0 MAX(MPH)
MISC ----> 38 140 49 140
================================================================================
NOTES:
# LAST OF SEVERAL OCCURRENCES
COLUMN 17 PEAK WIND IN M.P.H.
PRELIMINARY LOCAL CLIMATOLOGICAL DATA (WS FORM: F-6) , PAGE 2
STATION: TERRELL COUNTY AIRPORT
MONTH: AUGUST
YEAR: 2021
LATITUDE: 30 2 N
LONGITUDE: 102 13 W
[TEMPERATURE DATA] [PRECIPITATION DATA] SYMBOLS USED IN COLUMN 16
AVERAGE MONTHLY: 83.4 TOTAL FOR MONTH: 0.86 1 = FOG OR MIST
DPTR FM NORMAL: -0.5 DPTR FM NORMAL: -0.09 2 = FOG REDUCING VISIBILITY
HIGHEST: 101 ON 8 GRTST 24HR 0.43 ON 5- 5 TO 1/4 MILE OR LESS
LOWEST: 67 ON 23 3 = THUNDER
SNOW, ICE PELLETS, HAIL 4 = ICE PELLETS
TOTAL MONTH: M 5 = HAIL
GRTST 24HR M ON M 6 = FREEZING RAIN OR DRIZZLE
GRTST DEPTH: M ON M 7 = DUSTSTORM OR SANDSTORM:
VSBY 1/2 MILE OR LESS
8 = SMOKE OR HAZE
[NO. OF DAYS WITH] [WEATHER - DAYS WITH] 9 = BLOWING SNOW
X = TORNADO
MAX 32 OR BELOW: 0 0.01 INCH OR MORE: 6
MAX 90 OR ABOVE: 27 0.10 INCH OR MORE: 3
MIN 32 OR BELOW: 0 0.50 INCH OR MORE: 0
MIN 0 OR BELOW: 0 1.00 INCH OR MORE: 0
[HDD (BASE 65) ]
TOTAL THIS MO. 0 CLEAR (SCALE 0-3) 31
DPTR FM NORMAL 0 PTCLDY (SCALE 4-7) 0
TOTAL FM JUL 1 0 CLOUDY (SCALE 8-10) 0
DPTR FM NORMAL 0
[CDD (BASE 65) ]
TOTAL THIS MO. 578
DPTR FM NORMAL -8 [PRESSURE DATA]
TOTAL FM JAN 1 2155 HIGHEST SLP 30.10 ON 14
DPTR FM NORMAL -195 LOWEST SLP 29.63 ON 31
[REMARKS]
#FINAL-08-21#