000
CXUS52 KTAE 010900
CF6AAF
PRELIMINARY LOCAL CLIMATOLOGICAL DATA (WS FORM: F-6)
STATION: APALACHICOLA
MONTH: JANUARY
YEAR: 2024
LATITUDE: 29 43 N
LONGITUDE: 85 2 W
TEMPERATURE IN F: :PCPN: SNOW: WIND :SUNSHINE: SKY :PK WND
================================================================================
1 2 3 4 5 6A 6B 7 8 9 10 11 12 13 14 15 16 17 18
12Z AVG MX 2MIN
DY MAX MIN AVG DEP HDD CDD WTR SNW DPTH SPD SPD DIR MIN PSBL S-S WX SPD DR
================================================================================
1 71 43 57 3 8 0 0.03 0.0 0 6.0 20 300 M M 3 1 29 300
2 54 35 45 -9 20 0 0.00 0.0 0 6.3 17 20 M M 0 23 20
3 55 35 45 -9 20 0 0.52 0.0 0 8.5 17 110 M M 6 1 24 100
4 63 38 51 -3 14 0 0.00 0.0 0 7.2 16 20 M M 1 23 10
5 62 38 50 -4 15 0 0.82 M M 9.6 18 90 M M 3 13 28 100
6 70 54 62 8 3 0 2.42 0.0 0 10.7 29 160 M M 4 13 38 160
7 56 44 50 -4 15 0 0.00 0.0 0 6.0 18 340 M M 1 30 330
8 60 47 54 0 11 0 0.46 0.0 0 12.2 20 90 M M 4 13 35 100
9 68 51 60 6 5 0 1.18 0.0 0 16.6 36 260 M M 10 1 47 200
10 59 41 50 -4 15 0 0.00 0.0 0 5.8 16 340 M M 0 25 350
11 63 41 52 -2 13 0 0.00 0.0 M 5.6 13 100 M M 2 20 110
12 71 57 64 10 1 0 0.03 0.0 M 12.3 21 250 M M 8 12 31 250
13 65 41 53 -1 12 0 0.00 0.0 M 8.1 23 290 M M 0 30 310
14 59 38 49 -5 16 0 0.00 0.0 M 3.9 12 110 M M 0 17 50
15 66 37 52 -2 13 0 0.00 0.0 M 4.9 12 130 M M 2 17 130
16 60 33 47 -7 18 0 0.48 0.0 0 8.7 22 10 M M 6 13 32 350
17 51 27 39 -15 26 0 0.00 0.0 M 6.9 16 350 M M 0 24 340
18 57 35 46 -8 19 0 0.00 0.0 0 6.3 12 160 M M 3 15 160
19 69 46 58 4 7 0 0.04 0.0 0 8.9 17 350 M M 3 1 26 360
20 51 35 43 -11 22 0 0.00 0.0 0 11.8 20 10 M M 0 27 30
21 51 29 40 -14 25 0 0.00 0.0 M 9.6 16 60 M M 0 24 50
22 62 36 49 -5 16 0 0.00 0.0 0 9.2 17 90 M M 0 28 90
23 64 56 60 6 5 0 0.11 0.0 M 10.0 16 100 M M 7 1 27 100
24 67 61 64 10 1 0 0.42 0.0 M 9.1 16 80 M M 10 1 26 80
25 71 60 66 12 0 1 0.04 0.0 0 5.3 15 140 M M 9 12 22 130
26 77 61 69 15 0 4 0.00 0.0 0 6.7 21 170 M M 2 12 26 170
27 72 62 67 13 0 2 0.19 0.0 0 9.6 24 250 M M 7 123 31 220
28 65 47 56 2 9 0 0.00 0.0 0 11.6 20 300 M M 4 27 310
29 65 43 54 0 11 0 0.00 0.0 0 8.3 16 340 M M 3 25 340
30 60 38 49 -6 16 0 0.00 0.0 0 4.8 16 240 M M 0 22 250
31 71 46 59 4 6 0 0.00 0.0 0 8.1 20 300 M M 0 26 350
================================================================================
SM 1955 1355 362 7 6.74 0.0 258.6 M 98
================================================================================
AV 63.1 43.7 8.3 FASTST M M 3 MAX(MPH)
MISC ----> 36 260 47 200
================================================================================
NOTES:
# LAST OF SEVERAL OCCURRENCES
COLUMN 17 PEAK WIND IN M.P.H.
PRELIMINARY LOCAL CLIMATOLOGICAL DATA (WS FORM: F-6) , PAGE 2
STATION: APALACHICOLA
MONTH: JANUARY
YEAR: 2024
LATITUDE: 29 43 N
LONGITUDE: 85 2 W
[TEMPERATURE DATA] [PRECIPITATION DATA] SYMBOLS USED IN COLUMN 16
AVERAGE MONTHLY: 53.4 TOTAL FOR MONTH: 6.74 1 = FOG OR MIST
DPTR FM NORMAL: -0.6 DPTR FM NORMAL: 2.68 2 = FOG REDUCING VISIBILITY
HIGHEST: 77 ON 26 GRTST 24HR 2.65 ON 5- 6 TO 1/4 MILE OR LESS
LOWEST: 27 ON 17 3 = THUNDER
SNOW, ICE PELLETS, HAIL 4 = ICE PELLETS
TOTAL MONTH: 0.0 INCH 5 = HAIL
GRTST 24HR 0.0 6 = FREEZING RAIN OR DRIZZLE
GRTST DEPTH: 0 7 = DUSTSTORM OR SANDSTORM:
VSBY 1/2 MILE OR LESS
8 = SMOKE OR HAZE
[NO. OF DAYS WITH] [WEATHER - DAYS WITH] 9 = BLOWING SNOW
X = TORNADO
MAX 32 OR BELOW: 0 0.01 INCH OR MORE: 13
MAX 90 OR ABOVE: 0 0.10 INCH OR MORE: 9
MIN 32 OR BELOW: 2 0.50 INCH OR MORE: 4
MIN 0 OR BELOW: 0 1.00 INCH OR MORE: 2
[HDD (BASE 65) ]
TOTAL THIS MO. 362 CLEAR (SCALE 0-3) 20
DPTR FM NORMAL 14 PTCLDY (SCALE 4-7) 7
TOTAL FM JUL 1 750 CLOUDY (SCALE 8-10) 4
DPTR FM NORMAL -48
[CDD (BASE 65) ]
TOTAL THIS MO. 7
DPTR FM NORMAL -2 [PRESSURE DATA]
TOTAL FM JAN 1 7 HIGHEST SLP 30.55 ON 21
DPTR FM NORMAL -2 LOWEST SLP 29.59 ON 9
[REMARKS]
#FINAL-01-24#