000
CXUS56 KMFR 010930
CF6AAT
PRELIMINARY LOCAL CLIMATOLOGICAL DATA (WS FORM: F-6)
STATION: ALTURAS CA
MONTH: SEPTEMBER
YEAR: 2021
LATITUDE: 41 29 N
LONGITUDE: 120 34 W
TEMPERATURE IN F: :PCPN: SNOW: WIND :SUNSHINE: SKY :PK WND
================================================================================
1 2 3 4 5 6A 6B 7 8 9 10 11 12 13 14 15 16 17 18
12Z AVG MX 2MIN
DY MAX MIN AVG DEP HDD CDD WTR SNW DPTH SPD SPD DIR MIN PSBL S-S WX SPD DR
================================================================================
1 84 32 58 -4 7 0 0.00 M M 4.7 17 260 M M 0 8 22 300
2 78 34 56 -6 9 0 0.00 M M 2.2 13 350 M M 3 8 17 360
3 85 30 58 -4 7 0 0.00 M M 2.0 13 320 M M 0 8 17 300
4 88 34 61 -1 4 0 0.00 M M 3.6 14 270 M M 1 8 17 250
5 92 34 63 1 2 0 0.00 M M 2.8 15 280 M M 1 8 17 270
6 95 32 64 3 1 0 0.00 M M 3.9 17 270 M M 0 8 22 280
7 98 41 70 9 0 5 0.00 M M 3.8 21 260 M M 0 8 29 270
8 94 44 69 8 0 4 0.00 M M 4.8 22 280 M M 0 8 32 270
9 94 47 71 10 0 6 T M M 5.2 25 280 M M 1 38 34 270
10 76 47 62 2 3 0 0.33 M M 6.5 22 250 M M 5 18 29 260
11 82 40 61 1 4 0 0.00 M M 2.9 12 260 M M 0 18 14 270
12 83 37 60 0 5 0 0.00 M M 4.0 17 270 M M 0 8 21 320
13 83 38 61 1 4 0 0.00 M M 0.9 8 30 M M M 11 20
14 87 35 61 2 4 0 0.00 M M 2.5 9 360 M M 0 11 310
15 86 35 61 2 4 0 0.00 M M 4.6 17 290 M M 0 8 23 290
16 79 37 58 -1 7 0 0.00 M M 2.6 9 30 M M 0 8 12 30
17 85 34 60 2 5 0 0.00 M M 5.6 22 270 M M 0 29 280
18 71 40 56 -2 9 0 0.38 M M 9.1 29 270 M M 6 1 35 280
19 59 38 49 -9 16 0 0.19 M M 7.3 18 280 M M 5 1 24 260
20 72 29 51 -6 14 0 0.00 M M 3.5 12 50 M M 0 1 15 40
21 83 33 58 1 7 0 0.00 M M 3.1 13 170 M M 0 17 170
22 81 37 59 3 6 0 0.00 M M 6.9 22 240 M M 0 34 270
23 79 33 56 0 9 0 0.00 M M 3.4 10 70 M M 0 15 90
24 87 36 62 6 3 0 0.00 M M 1.7 9 60 M M 0 14 110
25 84 37 61 6 4 0 0.00 M M 5.4 21 260 M M 0 25 260
26 80 33 57 2 8 0 0.00 M M 6.9 21 270 M M 0 31 270
27 75 33 54 -1 11 0 0.35 M M 10.2 30 270 M M 3 1 38 260
28 54 32 43 -11 22 0 0.01 M M 2.7 15 320 M M 5 8 18 320
29 66 27 47 -7 18 0 0.00 M M 1.2 9 280 M M 0 12 300
30 73 28 51 -3 14 0 0.00 M M 1.4 8 30 M M 0 12 20
================================================================================
SM 2433 1067 207 15 1.26 M 125.4 M 30
================================================================================
AV 81.1 35.6 4.2 FASTST M M 1 MAX(MPH)
MISC ----> 30 270 38 260
================================================================================
NOTES:
# LAST OF SEVERAL OCCURRENCES
COLUMN 17 PEAK WIND IN M.P.H.
PRELIMINARY LOCAL CLIMATOLOGICAL DATA (WS FORM: F-6) , PAGE 2
STATION: ALTURAS CA
MONTH: SEPTEMBER
YEAR: 2021
LATITUDE: 41 29 N
LONGITUDE: 120 34 W
[TEMPERATURE DATA] [PRECIPITATION DATA] SYMBOLS USED IN COLUMN 16
AVERAGE MONTHLY: 58.3 TOTAL FOR MONTH: 1.26 1 = FOG OR MIST
DPTR FM NORMAL: -0.2 DPTR FM NORMAL: 0.91 2 = FOG REDUCING VISIBILITY
HIGHEST: 98 ON 7 GRTST 24HR 0.57 ON 18-19 TO 1/4 MILE OR LESS
LOWEST: 27 ON 29 3 = THUNDER
SNOW, ICE PELLETS, HAIL 4 = ICE PELLETS
TOTAL MONTH: M 5 = HAIL
GRTST 24HR M ON M 6 = FREEZING RAIN OR DRIZZLE
GRTST DEPTH: M ON M 7 = DUSTSTORM OR SANDSTORM:
VSBY 1/2 MILE OR LESS
8 = SMOKE OR HAZE
[NO. OF DAYS WITH] [WEATHER - DAYS WITH] 9 = BLOWING SNOW
X = TORNADO
MAX 32 OR BELOW: 0 0.01 INCH OR MORE: 5
MAX 90 OR ABOVE: 5 0.10 INCH OR MORE: 4
MIN 32 OR BELOW: 7 0.50 INCH OR MORE: 0
MIN 0 OR BELOW: 0 1.00 INCH OR MORE: 0
[HDD (BASE 65) ]
TOTAL THIS MO. 207 CLEAR (SCALE 0-3) 25
DPTR FM NORMAL -3 PTCLDY (SCALE 4-7) 4
TOTAL FM JUL 1 271 CLOUDY (SCALE 8-10) 1
DPTR FM NORMAL -15
[CDD (BASE 65) ]
TOTAL THIS MO. 15
DPTR FM NORMAL 2 [PRESSURE DATA]
TOTAL FM JAN 1 478 HIGHEST SLP M ON M
DPTR FM NORMAL 243 LOWEST SLP 29.74 ON 1
[REMARKS]
#FINAL-09-21#