000
CXUS54 KSJT 011000
CF6ABI
PRELIMINARY LOCAL CLIMATOLOGICAL DATA (WS FORM: F-6)
STATION: ABILENE
MONTH: AUGUST
YEAR: 2021
LATITUDE: 32 25 N
LONGITUDE: 99 41 W
TEMPERATURE IN F: :PCPN: SNOW: WIND :SUNSHINE: SKY :PK WND
================================================================================
1 2 3 4 5 6A 6B 7 8 9 10 11 12 13 14 15 16 17 18
12Z AVG MX 2MIN
DY MAX MIN AVG DEP HDD CDD WTR SNW DPTH SPD SPD DIR MIN PSBL S-S WX SPD DR
================================================================================
1 88 77 83 -3 0 18 0.01 0.0 0 9.6 20 340 M M 3 25 330
2 89 67 78 -8 0 13 0.05 0.0 0 9.5 21 10 M M 5 18 28 360
3 90 59 75 -11 0 10 0.00 0.0 0 4.9 13 60 M M 0 18 30 310
4 92 63 78 -8 0 13 0.00 0.0 0 6.3 13 90 M M 2 8 18 120
5 90 70 80 -6 0 15 0.00 0.0 0 7.6 17 310 M M 4 22 310
6 97 73 85 -1 0 20 0.00 0.0 0 9.7 18 140 M M 1 24 140
7 99 76 88 2 0 23 0.00 0.0 0 14.6 22 210 M M 0 31 190
8 102 76 89 3 0 24 0.00 0.0 0 17.1 26 190 M M 0 37 160
9 102 77 90 4 0 25 0.00 0.0 0 14.6 22 180 M M 0 31 190
10 100 76 88 3 0 23 0.00 0.0 0 15.8 23 180 M M 0 32 200
11 99 75 87 2 0 22 0.00 0.0 0 13.0 25 180 M M 0 35 190
12 100 76 88 3 0 23 0.00 0.0 0 13.3 24 200 M M 0 34 200
13 98 73 86 1 0 21 0.00 0.0 0 9.9 20 130 M M 1 27 110
14 91 70 81 -4 0 16 0.00 0.0 0 7.8 22 100 M M 3 3 30 70
15 95 71 83 -2 0 18 0.00 0.0 0 5.3 17 130 M M 3 22 140
16 95 70 83 -2 0 18 T 0.0 0 8.7 23 210 M M 3 3 30 200
17 80 72 76 -8 0 11 0.15 0.0 0 6.5 18 280 M M 6 18 25 230
18 85 72 79 -5 0 14 0.36 0.0 0 10.4 18 130 M M 6 13 23 130
19 96 76 86 2 0 21 0.00 0.0 0 13.1 23 200 M M 3 138 32 170
20 97 76 87 3 0 22 0.00 0.0 0 12.3 22 180 M M 0 30 210
21 96 74 85 1 0 20 0.00 0.0 0 10.7 22 200 M M 0 26 180
22 97 74 86 3 0 21 0.00 0.0 0 10.8 20 180 M M 0 28 200
23 97 72 85 2 0 20 0.00 0.0 0 11.3 20 150 M M 0 31 220
24 98 73 86 3 0 21 0.00 0.0 0 11.5 18 140 M M 0 29 160
25 96 72 84 1 0 19 0.00 0.0 0 9.6 18 140 M M 0 27 150
26 96 71 84 2 0 19 0.00 0.0 0 7.2 16 120 M M 1 23 120
27 95 71 83 1 0 18 0.00 0.0 0 8.9 20 110 M M 1 29 100
28 93 71 82 0 0 17 0.00 0.0 0 10.1 18 130 M M 1 24 170
29 94 71 83 1 0 18 0.00 0.0 0 6.4 18 90 M M 1 23 100
30 93 71 82 0 0 17 0.00 0.0 0 5.6 16 80 M M 2 21 80
31 97 73 85 4 0 20 0.00 M M 6.6 20 190 M M 1 29 190
================================================================================
SM 2937 2238 0 580 0.57 0.0 308.7 M 47
================================================================================
AV 94.7 72.2 10.0 FASTST M M 2 MAX(MPH)
MISC ----> 26 190 37 160
================================================================================
NOTES:
# LAST OF SEVERAL OCCURRENCES
COLUMN 17 PEAK WIND IN M.P.H.
PRELIMINARY LOCAL CLIMATOLOGICAL DATA (WS FORM: F-6) , PAGE 2
STATION: ABILENE
MONTH: AUGUST
YEAR: 2021
LATITUDE: 32 25 N
LONGITUDE: 99 41 W
[TEMPERATURE DATA] [PRECIPITATION DATA] SYMBOLS USED IN COLUMN 16
AVERAGE MONTHLY: 83.5 TOTAL FOR MONTH: 0.57 1 = FOG OR MIST
DPTR FM NORMAL: -0.7 DPTR FM NORMAL: -1.96 2 = FOG REDUCING VISIBILITY
HIGHEST: 102 ON 9, 8 GRTST 24HR 0.48 ON 17-18 TO 1/4 MILE OR LESS
LOWEST: 59 ON 3 3 = THUNDER
SNOW, ICE PELLETS, HAIL 4 = ICE PELLETS
TOTAL MONTH: 0.0 INCH 5 = HAIL
GRTST 24HR 0.0 6 = FREEZING RAIN OR DRIZZLE
GRTST DEPTH: 0 7 = DUSTSTORM OR SANDSTORM:
VSBY 1/2 MILE OR LESS
8 = SMOKE OR HAZE
[NO. OF DAYS WITH] [WEATHER - DAYS WITH] 9 = BLOWING SNOW
X = TORNADO
MAX 32 OR BELOW: 0 0.01 INCH OR MORE: 4
MAX 90 OR ABOVE: 27 0.10 INCH OR MORE: 2
MIN 32 OR BELOW: 0 0.50 INCH OR MORE: 0
MIN 0 OR BELOW: 0 1.00 INCH OR MORE: 0
[HDD (BASE 65) ]
TOTAL THIS MO. 0 CLEAR (SCALE 0-3) 25
DPTR FM NORMAL 0 PTCLDY (SCALE 4-7) 6
TOTAL FM JUL 1 0 CLOUDY (SCALE 8-10) 0
DPTR FM NORMAL 0
[CDD (BASE 65) ]
TOTAL THIS MO. 580
DPTR FM NORMAL -15 [PRESSURE DATA]
TOTAL FM JAN 1 1905 HIGHEST SLP 30.16 ON 14
DPTR FM NORMAL -258 LOWEST SLP 29.67 ON 31
[REMARKS]
#FINAL-08-21#