000
CXUS54 KFWD 010730
CF6ACT
PRELIMINARY LOCAL CLIMATOLOGICAL DATA (WS FORM: F-6)
STATION: WACO
MONTH: JULY
YEAR: 2021
LATITUDE: 31 37 N
LONGITUDE: 97 13 W
TEMPERATURE IN F: :PCPN: SNOW: WIND :SUNSHINE: SKY :PK WND
================================================================================
1 2 3 4 5 6A 6B 7 8 9 10 11 12 13 14 15 16 17 18
12Z AVG MX 2MIN
DY MAX MIN AVG DEP HDD CDD WTR SNW DPTH SPD SPD DIR MIN PSBL S-S WX SPD DR
================================================================================
1 94 74 84 0 0 19 0.00 0.0 0 6.3 14 200 M M 1 18 170
2 93 78 86 2 0 21 0.17 0.0 0 5.3 23 340 M M 5 13 30 330
3 80 73 77 -7 0 12 1.01 0.0 0 3.7 23 330 M M 7 13 28 340
4 85 72 79 -5 0 14 1.18 0.0 0 4.7 12 120 M M 8 18 15 110
5 90 72 81 -3 0 16 0.02 0.0 0 5.3 31 120 M M 5 138 39 120
6 92 72 82 -3 0 17 0.00 0.0 0 5.5 15 140 M M 5 12 25 60
7 92 71 82 -3 0 17 0.00 0.0 0 4.3 10 170 M M 3 15 180
8 91 73 82 -3 0 17 0.05 0.0 0 6.9 21 160 M M 2 27 130
9 84 75 80 -5 0 15 0.02 0.0 0 10.5 24 140 M M 8 18 30 160
10 94 75 85 0 0 20 T 0.0 0 11.7 23 180 M M 6 1 29 190
11 94 76 85 0 0 20 0.05 0.0 0 8.9 25 150 M M 1 138 33 150
12 85 72 79 -6 0 14 0.21 0.0 0 6.6 20 180 M M 3 13 25 180
13 92 69 81 -4 0 16 0.00 0.0 0 8.1 22 200 M M 1 32 200
14 93 71 82 -3 0 17 0.27 0.0 0 9.3 33 180 M M 4 13 46 180
15 92 74 83 -3 0 18 0.00 0.0 0 11.9 20 180 M M 4 26 170
16 93 77 85 -1 0 20 0.00 0.0 0 13.7 21 180 M M 3 28 190
17 93 77 85 -1 0 20 0.00 0.0 0 12.5 20 190 M M 2 25 180
18 94 74 84 -2 0 19 0.00 0.0 0 8.3 20 180 M M 0 27 170
19 87 73 80 -6 0 15 1.42 0.0 0 6.2 31 290 M M 4 1238 40 300
20 91 72 82 -4 0 17 0.00 0.0 0 5.9 22 50 M M 4 12 30 40
21 90 72 81 -5 0 16 0.06 0.0 0 5.8 14 90 M M 2 1 18 80
22 93 73 83 -3 0 18 0.00 0.0 0 6.4 22 180 M M 0 1 28 190
23 93 75 84 -2 0 19 0.00 0.0 0 12.4 21 190 M M 3 28 190
24 96 77 87 1 0 22 0.00 0.0 0 12.7 17 180 M M 3 22 160
25 98 75 87 1 0 22 0.00 0.0 0 8.9 14 190 M M 0 18 170
26 98 72 85 -1 0 20 0.00 0.0 0 6.4 14 140 M M 0 17 140
27 98 76 87 1 0 22 0.00 0.0 0 6.0 12 240 M M 0 16 250
28 97 79 88 1 0 23 0.00 0.0 0 5.4 13 110 M M 0 16 110
29 96 74 85 -2 0 20 0.00 0.0 0 4.4 17 170 M M 1 3 24 170
30 98 75 87 0 0 22 0.00 0.0 0 4.8 13 110 M M 0 18 110
31 98 77 88 1 0 23 0.00 0.0 0 7.4 14 150 M M 1 18 140
================================================================================
SM 2864 2295 0 571 4.46 0.0 236.2 M 86
================================================================================
AV 92.4 74.0 7.6 FASTST M M 3 MAX(MPH)
MISC ----> 33 180 46 180
================================================================================
NOTES:
# LAST OF SEVERAL OCCURRENCES
COLUMN 17 PEAK WIND IN M.P.H.
PRELIMINARY LOCAL CLIMATOLOGICAL DATA (WS FORM: F-6) , PAGE 2
STATION: WACO
MONTH: JULY
YEAR: 2021
LATITUDE: 31 37 N
LONGITUDE: 97 13 W
[TEMPERATURE DATA] [PRECIPITATION DATA] SYMBOLS USED IN COLUMN 16
AVERAGE MONTHLY: 83.2 TOTAL FOR MONTH: 4.46 1 = FOG OR MIST
DPTR FM NORMAL: -2.4 DPTR FM NORMAL: 2.64 2 = FOG REDUCING VISIBILITY
HIGHEST: 98 ON 31,30 GRTST 24HR 2.18 ON 3- 4 TO 1/4 MILE OR LESS
LOWEST: 69 ON 13 3 = THUNDER
SNOW, ICE PELLETS, HAIL 4 = ICE PELLETS
TOTAL MONTH: 0.0 INCH 5 = HAIL
GRTST 24HR 0.0 6 = FREEZING RAIN OR DRIZZLE
GRTST DEPTH: 0 7 = DUSTSTORM OR SANDSTORM:
VSBY 1/2 MILE OR LESS
8 = SMOKE OR HAZE
[NO. OF DAYS WITH] [WEATHER - DAYS WITH] 9 = BLOWING SNOW
X = TORNADO
MAX 32 OR BELOW: 0 0.01 INCH OR MORE: 11
MAX 90 OR ABOVE: 26 0.10 INCH OR MORE: 6
MIN 32 OR BELOW: 0 0.50 INCH OR MORE: 3
MIN 0 OR BELOW: 0 1.00 INCH OR MORE: 3
[HDD (BASE 65) ]
TOTAL THIS MO. 0 CLEAR (SCALE 0-3) 18
DPTR FM NORMAL 0 PTCLDY (SCALE 4-7) 12
TOTAL FM JUL 1 0 CLOUDY (SCALE 8-10) 1
DPTR FM NORMAL 0
[CDD (BASE 65) ]
TOTAL THIS MO. 571
DPTR FM NORMAL -66 [PRESSURE DATA]
TOTAL FM JAN 1 1463 HIGHEST SLP M ON M
DPTR FM NORMAL -143 LOWEST SLP 29.84 ON 7
[REMARKS]
#FINAL-07-21#