000
CXUS51 KPHI 010915
CF6ACY
PRELIMINARY LOCAL CLIMATOLOGICAL DATA (WS FORM: F-6)
STATION: ATLANTIC CITY NJ
MONTH: JANUARY
YEAR: 2022
LATITUDE: 39 27 N
LONGITUDE: 74 34 W
TEMPERATURE IN F: :PCPN: SNOW: WIND :SUNSHINE: SKY :PK WND
================================================================================
1 2 3 4 5 6A 6B 7 8 9 10 11 12 13 14 15 16 17 18
12Z AVG MX 2MIN
DY MAX MIN AVG DEP HDD CDD WTR SNW DPTH SPD SPD DIR MIN PSBL S-S WX SPD DR
================================================================================
1 59 50 55 19 10 0 0.20 0.0 0 4.8 13 170 M M 10 12 19 180
2 62 40 51 16 14 0 0.27 0.0 0 10.4 23 340 M M 7 1 30 350
3 40 19 30 -5 35 0 1.26 13.0 T 13.5 25 10 M M 8 1268 34 20
4 34 10 22 -13 43 0 0.00 0.0 11 5.8 15 320 M M 0 1 19 310
5 45 13 29 -6 36 0 0.04 0.0 7 5.2 12 190 M M 6 1 21 180
6 43 30 37 2 28 0 0.00 0.0 2 8.2 20 300 M M 1 31 330
7 33 22 28 -7 37 0 0.28 4.2 4 17.7 31 300 M M 6 19 40 280
8 34 17 26 -8 39 0 0.00 0.0 1 8.1 20 330 M M 0 27 330
9 44 20 32 -2 33 0 0.30 0.0 0 8.4 18 220 M M 6 1 32 200
10 43 18 31 -3 34 0 0.00 0.0 0 13.5 24 320 M M 1 31 330
11 26 11 19 -15 46 0 T T 0 10.0 29 330 M M 1 37 330
12 44 11 28 -6 37 0 0.00 0.0 0 7.3 23 220 M M 0 35 210
13 48 24 36 2 29 0 0.00 0.0 0 1.9 7 340 M M 0 10 60
14 49 26 38 4 27 0 0.00 0.0 0 15.5 28 340 M M 1 1 38 330
15 26 15 21 -13 44 0 0.00 0.0 0 11.5 23 330 M M 1 30 330
16 49 9 29 -5 36 0 0.60 0.0 0 11.2 32 90 M M 6 1 53 90
17 51 34 43 9 22 0 0.57 0.0 0 16.6 35 100 M M 9 1 49 100
18 41 23 32 -2 33 0 T T 0 14.6 31 310 M M 5 42 300
19 52 20 36 2 29 0 0.00 0.0 0 9.0 22 230 M M 1 33 200
20 48 23 36 2 29 0 0.11 T 0 10.4 18 340 M M 8 1 25 340
21 26 16 21 -13 44 0 0.00 0.0 0 11.7 17 360 M M 3 27 30
22 35 16 26 -8 39 0 0.00 0.0 0 6.9 16 360 M M 2 22 360
23 39 19 29 -5 36 0 0.00 0.0 0 4.6 12 210 M M 2 16 200
24 40 21 31 -3 34 0 0.00 0.0 0 7.0 16 310 M M 3 18 23 190
25 46 28 37 3 28 0 0.00 0.0 0 8.0 17 190 M M 5 26 200
26 32 13 23 -11 42 0 0.00 0.0 0 9.0 18 330 M M 1 26 320
27 35 9 22 -12 43 0 0.00 0.0 0 2.1 12 160 M M 1 15 180
28 41 25 33 -1 32 0 0.14 2.0 0 5.5 18 360 M M 10 1 26 360
29 30 13 22 -12 43 0 1.46 14.0 12 22.5 33 350 M M 8 129 49 310
30 26 8 17 -17 48 0 0.00 0.0 14 8.9 25 320 M M 2 35 320
31 34 10 22 -12 43 0 0.00 0.0 9 5.0 15 70 M M 2 20 60
================================================================================
SM 1255 613 1073 0 5.23 33.2 294.8 M 116
================================================================================
AV 40.5 19.8 9.5 FASTST M M 4 MAX(MPH)
MISC ----> 35 100 53 90
================================================================================
NOTES:
# LAST OF SEVERAL OCCURRENCES
COLUMN 17 PEAK WIND IN M.P.H.
PRELIMINARY LOCAL CLIMATOLOGICAL DATA (WS FORM: F-6) , PAGE 2
STATION: ATLANTIC CITY NJ
MONTH: JANUARY
YEAR: 2022
LATITUDE: 39 27 N
LONGITUDE: 74 34 W
[TEMPERATURE DATA] [PRECIPITATION DATA] SYMBOLS USED IN COLUMN 16
AVERAGE MONTHLY: 30.1 TOTAL FOR MONTH: 5.23 1 = FOG OR MIST
DPTR FM NORMAL: -4.0 DPTR FM NORMAL: 1.85 2 = FOG REDUCING VISIBILITY
HIGHEST: 62 ON 2 GRTST 24HR 1.46 ON 29-29 TO 1/4 MILE OR LESS
LOWEST: 8 ON 30 3 = THUNDER
SNOW, ICE PELLETS, HAIL 4 = ICE PELLETS
TOTAL MONTH: 33.2 INCHES 5 = HAIL
GRTST 24HR 14.0 ON 29-29 6 = FREEZING RAIN OR DRIZZLE
GRTST DEPTH: 14 ON 30 7 = DUSTSTORM OR SANDSTORM:
VSBY 1/2 MILE OR LESS
8 = SMOKE OR HAZE
[NO. OF DAYS WITH] [WEATHER - DAYS WITH] 9 = BLOWING SNOW
X = TORNADO
MAX 32 OR BELOW: 6 0.01 INCH OR MORE: 11
MAX 90 OR ABOVE: 0 0.10 INCH OR MORE: 10
MIN 32 OR BELOW: 28 0.50 INCH OR MORE: 4
MIN 0 OR BELOW: 0 1.00 INCH OR MORE: 2
[HDD (BASE 65) ]
TOTAL THIS MO. 1073 CLEAR (SCALE 0-3) 18
DPTR FM NORMAL 117 PTCLDY (SCALE 4-7) 9
TOTAL FM JUL 1 2446 CLOUDY (SCALE 8-10) 4
DPTR FM NORMAL -181
[CDD (BASE 65) ]
TOTAL THIS MO. 0
DPTR FM NORMAL 0 [PRESSURE DATA]
TOTAL FM JAN 1 0 HIGHEST SLP 30.64 ON 8
DPTR FM NORMAL 0 LOWEST SLP 29.13 ON 17
[REMARKS]
#FINAL-01-22#