000
CXUS51 KPHI 012032
CLMACY
CLIMATE REPORT
NATIONAL WEATHER SERVICE MOUNT HOLLY NJ
432 PM EDT MON MAY 01 2023
...................................
...THE ATLANTIC CITY AIRPORT NJ CLIMATE SUMMARY FOR THE MONTH OF APRIL 2023...
CLIMATE NORMAL PERIOD: 1991 TO 2020
CLIMATE RECORD PERIOD: 1943 TO 2023
WEATHER OBSERVED NORMAL DEPART LAST YEAR`S
VALUE DATE(S) VALUE FROM VALUE DATE(S)
NORMAL
................................................................
TEMPERATURE (F)
RECORD
HIGH 94 04/17/2002
04/27/1969
LOW 12 04/01/1969
HIGHEST 87 04/06 82 5 84 04/14
04/13
LOWEST 28 04/03 26 2 28 04/18
AVG. MAXIMUM 67.4 63.3 4.1 62.8
AVG. MINIMUM 45.7 41.7 4.0 41.6
MEAN 56.6 52.5 4.1 52.2
DAYS MAX >= 90 0 0.2 -0.2 0
DAYS MAX <= 32 0 0.0 0.0 0
DAYS MIN <= 32 4 4.8 -0.8 2
DAYS MIN <= 0 0 0.0 0.0 0
PRECIPITATION (INCHES)
RECORD
MAXIMUM 7.59 1964
MINIMUM 0.84 1976
TOTALS 6.52 3.32 3.20 4.01
DAILY AVG. 0.22 0.11 0.11 0.13
DAYS >= .01 11 11.4 -0.4 10
DAYS >= .10 9 6.4 2.6 5
DAYS >= .50 4 2.0 2.0 2
DAYS >= 1.00 3 0.9 2.1 2
GREATEST
24 HR. TOTAL 2.43 04/28 TO 04/29 1.89
SNOWFALL (INCHES)
RECORDS
TOTAL 5.7 1996
24 HR TOTAL MM
TOTALS 0.0 0.3 -0.3 0.0
SINCE 7/1 0.3 17.4 -17.1 MM
SNOWDEPTH AVG. 0 0
DAYS >= 1.0 0 0.1 -0.1 0
GREATEST
SNOW DEPTH 0 0 MM
24 HR TOTAL 0.0 MM
DEGREE DAYS
HEATING TOTAL 274 387 -113 388
SINCE 7/1 3933 4524 -591 MM
COOLING TOTAL 29 12 17 9
SINCE 1/1 29 13 16 MM
................................................................
WIND (MPH)
AVERAGE WIND SPEED 8.9
HIGHEST WIND SPEED/DIRECTION 43/310 DATE 04/01
HIGHEST GUST SPEED/DIRECTION 60/320 DATE 04/01
SKY COVER
POSSIBLE SUNSHINE (PERCENT) MM
AVERAGE SKY COVER 0.34
NUMBER OF DAYS FAIR 18
NUMBER OF DAYS PC 8
NUMBER OF DAYS CLOUDY 4
AVERAGE RH (PERCENT) 65
WEATHER CONDITIONS. NUMBER OF DAYS WITH
THUNDERSTORM 3 MIXED PRECIP 0
HEAVY RAIN 6 RAIN 8
LIGHT RAIN 11 FREEZING RAIN 0
LT FREEZING RAIN 0 HEAVY SNOW 0
SNOW 0 LIGHT SNOW 0
SLEET 0 FOG 15
FOG W/VIS <= 1/4 MILE 5 HAZE 0
- INDICATES NEGATIVE NUMBERS.
R INDICATES RECORD WAS SET OR TIED.
MM INDICATES DATA IS MISSING.
T INDICATES TRACE AMOUNT.
$$