000
CXUS54 KLZK 011130
CF6ADF
PRELIMINARY LOCAL CLIMATOLOGICAL DATA (WS FORM: F-6)
STATION: Arkadelphia Airport
MONTH: MARCH
YEAR: 2020
LATITUDE: 34 9 N
LONGITUDE: 93 4 W
TEMPERATURE IN F: :PCPN: SNOW: WIND :SUNSHINE: SKY :PK WND
================================================================================
1 2 3 4 5 6A 6B 7 8 9 10 11 12 13 14 15 16 17 18
12Z AVG MX 2MIN
DY MAX MIN AVG DEP HDD CDD WTR SNW DPTH SPD SPD DIR MIN PSBL S-S WX SPD DR
================================================================================
1 66 46 56 7 9 0 0.01 M M 6.7 15 180 M M 8 17 170
2 76 59 68 18 0 3 T M M 7.9 16 200 M M 5 21 200
3 65 51 58 8 7 0 0.04 M M 2.1 7 10 M M 3 18 M M
4 55 52 54 4 11 0 0.01 M M 3.0 6 10 M M 6 8 M M
5 51 49 50 -1 15 0 0.08 M M 2.3 5 350 M M 0 M M
6 65 34 50 -1 15 0 0.00 M M 6.4 14 10 M M 0 18 10
7 64 31 48 -3 17 0 0.00 M M 2.4 7 170 M M 0 M M
8 67 31 49 -3 16 0 0.00 M M 2.5 10 190 M M 0 M M
9 63 48 56 4 9 0 0.31 M M 5.6 14 180 M M 7 16 180
10 71 55 63 11 2 0 0.00 M M 5.4 10 230 M M 6 18 M M
11 70 49 60 8 5 0 0.00 M M 4.4 12 220 M M 6 M M
12 76 57 67 14 0 2 0.77 M M 5.5 16 210 M M 8 138 25 210
13 M M M M M M 0.70 M M 5.7 13 20 M M 10 8 20 40
14 58 47 53 0 12 0 0.06 M M 4.5 13 30 M M 9 18 M M
15 52 44 48 -6 17 0 0.67 M M 8.1 13 40 M M 10 13 20 40
16 49 43 46 -8 19 0 0.15 M M 4.7 9 100 M M 10 18 M M
17 57 49 53 -1 12 0 0.02 M M 4.0 9 30 M M 10 18 M M
18 75 52 64 9 1 0 0.43 M M 4.2 13 180 M M 8 18 M M
19 78 62 70 15 0 5 0.18 M M 5.8 14 180 M M 7 38 18 180
20 66 50 58 3 7 0 T M M 6.2 15 330 M M 6 8 21 330
21 54 45 50 -5 15 0 0.00 M M 6.6 12 10 M M 7 16 30
22 52 45 49 -7 16 0 0.24 M M 3.9 7 20 M M 9 8 M M
23 64 52 58 2 7 0 0.00 M M 3.1 6 70 M M 10 M M
24 81 57 69 13 0 4 0.03 M M 5.8 14 230 M M 8 1238 22 230
25 74 51 63 7 2 0 0.00 M M 3.3 7 40 M M 3 M M
26 87 52 70 13 0 5 0.00 M M 6.3 15 210 M M 2 128 22 220
27 86 67 77 20 0 12 0.00 M M 7.0 14 220 M M 3 20 200
28 79 54 67 10 0 2 0.41 M M 9.3 15 210 M M 6 138 23 200
29 72 44 58 0 7 0 0.01 M M 1.7 5 170 M M 1 12 M M
30 57 51 54 -4 11 0 1.38 M M 3.8 9 80 M M 7 1 M M
31 66 51 59 1 6 0 0.06 M M 6.0 13 360 M M 7 20 20
================================================================================
SM 1996 1478 238 33 5.56 M 154.2 M 182
================================================================================
AV 66.5 49.3 5.0 FASTST M M 6 MAX(MPH)
MISC ----> # 16 200 # 25 210
================================================================================
NOTES:
# LAST OF SEVERAL OCCURRENCES
COLUMN 17 PEAK WIND IN M.P.H.
PRELIMINARY LOCAL CLIMATOLOGICAL DATA (WS FORM: F-6) , PAGE 2
STATION: Arkadelphia Airport
MONTH: MARCH
YEAR: 2020
LATITUDE: 34 9 N
LONGITUDE: 93 4 W
[TEMPERATURE DATA] [PRECIPITATION DATA] SYMBOLS USED IN COLUMN 16
AVERAGE MONTHLY: 57.9 TOTAL FOR MONTH: 5.56 1 = FOG OR MIST
DPTR FM NORMAL: 4.0 DPTR FM NORMAL: 0.67 2 = FOG REDUCING VISIBILITY
HIGHEST: 87 ON 26 GRTST 24HR 1.38 ON 30-30 TO 1/4 MILE OR LESS
LOWEST: 31 ON 8, 7 3 = THUNDER
SNOW, ICE PELLETS, HAIL 4 = ICE PELLETS
TOTAL MONTH: M 5 = HAIL
GRTST 24HR M ON M 6 = FREEZING RAIN OR DRIZZLE
GRTST DEPTH: M ON M 7 = DUSTSTORM OR SANDSTORM:
VSBY 1/2 MILE OR LESS
8 = SMOKE OR HAZE
[NO. OF DAYS WITH] [WEATHER - DAYS WITH] 9 = BLOWING SNOW
X = TORNADO
MAX 32 OR BELOW: 0 0.01 INCH OR MORE: 19
MAX 90 OR ABOVE: 0 0.10 INCH OR MORE: 10
MIN 32 OR BELOW: 2 0.50 INCH OR MORE: 4
MIN 0 OR BELOW: 0 1.00 INCH OR MORE: 1
[HDD (BASE 65) ]
TOTAL THIS MO. 238 CLEAR (SCALE 0-3) 9
DPTR FM NORMAL -117 PTCLDY (SCALE 4-7) 12
TOTAL FM JUL 1 2592 CLOUDY (SCALE 8-10) 10
DPTR FM NORMAL -270
[CDD (BASE 65) ]
TOTAL THIS MO. 33
DPTR FM NORMAL 22 [PRESSURE DATA]
TOTAL FM JAN 1 33 HIGHEST SLP M ON M
DPTR FM NORMAL 21 LOWEST SLP M ON M
[REMARKS]
#FINAL-03-20#