000
CXUS54 KLCH 010830
CF6AEX
PRELIMINARY LOCAL CLIMATOLOGICAL DATA (WS FORM: F-6)
STATION: ALEXANDRIA
MONTH: OCTOBER
YEAR: 2022
LATITUDE: 31 19 N
LONGITUDE: 92 33 W
TEMPERATURE IN F: :PCPN: SNOW: WIND :SUNSHINE: SKY :PK WND
================================================================================
1 2 3 4 5 6A 6B 7 8 9 10 11 12 13 14 15 16 17 18
12Z AVG MX 2MIN
DY MAX MIN AVG DEP HDD CDD WTR SNW DPTH SPD SPD DIR MIN PSBL S-S WX SPD DR
================================================================================
1 84 48 66 -7 0 1 0.00 0.0 M 4.9 13 10 M M 0 20 50
2 86 47 67 -6 0 2 0.00 0.0 M 4.3 14 10 M M 0 1 21 360
3 86 50 68 -4 0 3 0.00 0.0 M 4.3 14 360 M M 0 8 19 20
4 85 52 69 -3 0 4 T 0.0 M 1.0 8 90 M M 0 18 12 70
5 87 53 70 -2 0 5 T 0.0 M 2.0 10 20 M M 0 18 15 30
6 90 52 71 -1 0 6 0.00 0.0 M 1.6 12 30 M M 0 18 17 40
7 92 58 75 4 0 10 0.00 0.0 M 3.8 10 40 M M 1 16 40
8 86 59 73 2 0 8 0.00 0.0 M 6.4 15 40 M M 0 21 30
9 85 53 69 -1 0 4 0.00 0.0 M 1.9 9 10 M M 0 14 10
10 86 54 70 0 0 5 0.00 0.0 M 2.9 14 130 M M 0 19 130
11 86 54 70 0 0 5 0.00 0.0 M 4.0 15 120 M M 0 20 150
12 92 62 77 8 0 12 0.18 0.0 M 3.8 26 270 M M 3 3 35 270
13 87 57 72 3 0 7 0.03 0.0 M 5.4 31 10 M M 1 13 45 10
14 87 52 70 2 0 5 0.00 0.0 M 3.2 9 160 M M 0 12 14 290
15 91 55 73 5 0 8 0.00 0.0 M 5.6 13 210 M M 0 17 160
16 88 65 77 9 0 12 0.00 0.0 0 3.8 12 160 M M 6 128 14 30
17 74 55 65 -2 0 0 0.09 0.0 M 6.4 17 10 M M 5 1 22 10
18 63 40 52 -15 13 0 0.00 0.0 M 8.8 20 340 M M 0 29 350
19 64 32 48 -19 17 0 0.00 0.0 M 3.3 12 300 M M 0 18 310
20 80 37 59 -7 6 0 0.00 0.0 M 5.5 16 230 M M 0 22 220
21 87 53 70 4 0 5 0.00 0.0 M 9.3 20 210 M M 0 28 240
22 87 57 72 6 0 7 0.00 0.0 M 11.2 25 170 M M 1 32 180
23 88 62 75 10 0 10 0.00 0.0 M 12.7 23 160 M M 1 30 190
24 87 65 76 11 0 11 0.03 0.0 M 14.1 28 170 M M 6 8 36 180
25 76 48 62 -2 3 0 0.18 M M 10.4 30 290 M M 4 8 40 280
26 75 42 59 -5 6 0 0.00 0.0 M 3.4 12 10 M M 0 1 17 360
27 75 41 58 -6 7 0 0.00 0.0 M 3.0 10 130 M M 0 14 70
28 73 51 62 -1 3 0 0.06 0.0 M 6.4 18 120 M M 1 8 25 110
29 78 61 70 7 0 5 0.28 0.0 M 8.9 20 250 M M 8 1 24 140
30 70 59 65 2 0 0 T 0.0 M 4.6 14 240 M M 9 1 17 240
31 80 52 66 4 0 1 0.00 0.0 M 1.3 10 310 M M 1 12 15 300
================================================================================
SM 2555 1626 55 136 0.85 0.0 168.2 M 47
================================================================================
AV 82.4 52.5 5.4 FASTST M M 2 MAX(MPH)
MISC ----> 31 10 45 10
================================================================================
NOTES:
# LAST OF SEVERAL OCCURRENCES
COLUMN 17 PEAK WIND IN M.P.H.
PRELIMINARY LOCAL CLIMATOLOGICAL DATA (WS FORM: F-6) , PAGE 2
STATION: ALEXANDRIA
MONTH: OCTOBER
YEAR: 2022
LATITUDE: 31 19 N
LONGITUDE: 92 33 W
[TEMPERATURE DATA] [PRECIPITATION DATA] SYMBOLS USED IN COLUMN 16
AVERAGE MONTHLY: 67.4 TOTAL FOR MONTH: 0.85 1 = FOG OR MIST
DPTR FM NORMAL: -0.4 DPTR FM NORMAL: -3.88 2 = FOG REDUCING VISIBILITY
HIGHEST: 92 ON 12, 7 GRTST 24HR 0.34 ON 28-29 TO 1/4 MILE OR LESS
LOWEST: 32 ON 19 3 = THUNDER
SNOW, ICE PELLETS, HAIL 4 = ICE PELLETS
TOTAL MONTH: 0.0 INCH 5 = HAIL
GRTST 24HR 0.0 6 = FREEZING RAIN OR DRIZZLE
GRTST DEPTH: 0 7 = DUSTSTORM OR SANDSTORM:
VSBY 1/2 MILE OR LESS
8 = SMOKE OR HAZE
[NO. OF DAYS WITH] [WEATHER - DAYS WITH] 9 = BLOWING SNOW
X = TORNADO
MAX 32 OR BELOW: 0 0.01 INCH OR MORE: 7
MAX 90 OR ABOVE: 4 0.10 INCH OR MORE: 3
MIN 32 OR BELOW: 1 0.50 INCH OR MORE: 0
MIN 0 OR BELOW: 0 1.00 INCH OR MORE: 0
[HDD (BASE 65) ]
TOTAL THIS MO. 55 CLEAR (SCALE 0-3) 25
DPTR FM NORMAL -10 PTCLDY (SCALE 4-7) 5
TOTAL FM JUL 1 56 CLOUDY (SCALE 8-10) 1
DPTR FM NORMAL -10
[CDD (BASE 65) ]
TOTAL THIS MO. 136
DPTR FM NORMAL -14 [PRESSURE DATA]
TOTAL FM JAN 1 3119 HIGHEST SLP 30.36 ON 19
DPTR FM NORMAL 539 LOWEST SLP 29.75 ON 25
[REMARKS]
#FINAL-10-22#