000
CXUS54 KLCH 010830
CF6AEX
PRELIMINARY LOCAL CLIMATOLOGICAL DATA (WS FORM: F-6)
STATION: ALEXANDRIA
MONTH: APRIL
YEAR: 2021
LATITUDE: 31 19 N
LONGITUDE: 92 33 W
TEMPERATURE IN F: :PCPN: SNOW: WIND :SUNSHINE: SKY :PK WND
================================================================================
1 2 3 4 5 6A 6B 7 8 9 10 11 12 13 14 15 16 17 18
12Z AVG MX 2MIN
DY MAX MIN AVG DEP HDD CDD WTR SNW DPTH SPD SPD DIR MIN PSBL S-S WX SPD DR
================================================================================
1 66 39 53 -10 12 0 0.00 0.0 M 8.1 22 20 M M 0 33 30
2 65 37 51 -12 14 0 0.00 0.0 M 5.5 15 100 M M 0 20 90
3 67 43 55 -8 10 0 0.00 0.0 M 2.8 12 140 M M 2 16 150
4 77 53 65 2 0 0 0.00 0.0 M 4.6 14 130 M M 5 17 110
5 79 53 66 2 0 1 0.00 0.0 M 5.8 16 140 M M 2 8 22 140
6 83 57 70 6 0 5 T 0.0 M 9.4 23 190 M M 4 12 30 190
7 81 64 73 9 0 8 0.60 0.0 M 10.1 25 180 M M 7 13 35 170
8 84 59 72 8 0 7 0.00 0.0 M 4.6 12 140 M M 3 12 27 220
9 87 63 75 11 0 10 1.47 0.0 M 11.9 30 330 M M 6 138 38 330
10 79 57 68 3 0 3 0.26 0.0 M 6.5 22 300 M M 3 13 27 300
11 82 49 66 1 0 1 0.00 0.0 M 2.7 12 310 M M 0 17 290
12 85 50 68 3 0 3 0.00 0.0 M 5.9 15 160 M M 0 20 130
13 79 61 70 4 0 5 0.45 0.0 M 7.6 23 120 M M 7 138 29 130
14 67 61 64 -2 1 0 0.87 0.0 M 6.9 17 340 M M 9 13 25 350
15 75 58 67 1 0 2 0.23 0.0 M 7.2 14 360 M M 6 13 22 60
16 62 57 60 -6 5 0 1.44 0.0 M 5.9 15 160 M M 10 13 19 80
17 61 54 58 -9 7 0 0.01 0.0 M 8.0 17 350 M M 8 1 23 350
18 69 49 59 -8 6 0 0.00 0.0 M 7.7 17 310 M M 1 23 290
19 74 45 60 -7 5 0 0.00 0.0 M 2.9 9 310 M M 0 1 13 20
20 79 55 67 0 0 2 0.00 0.0 M 6.2 16 320 M M 0 8 24 280
21 66 45 56 -12 9 0 0.00 0.0 M 9.4 17 360 M M 0 27 340
22 71 46 59 -9 6 0 0.00 0.0 M 7.0 15 100 M M 3 22 110
23 76 59 68 0 0 3 3.93 0.0 M 10.4 24 100 M M 10 13 37 100
24 79 62 71 2 0 6 0.15 0.0 M 8.2 22 350 M M 4 13 30 350
25 80 57 69 0 0 4 0.00 0.0 M 4.2 12 50 M M 0 18 110
26 81 55 68 -1 0 3 0.00 0.0 M 6.7 17 130 M M 0 1 25 130
27 86 67 77 8 0 12 0.00 0.0 M 10.9 21 170 M M 5 27 170
28 86 74 80 10 0 15 T 0.0 M 13.8 24 160 M M 8 33 150
29 86 71 79 9 0 14 2.29 0.0 M 7.0 14 200 M M 7 123 19 200
30 74 64 69 -1 0 4 0.59 0.0 M 5.2 21 330 M M 7 13 26 330
================================================================================
SM 2286 1664 75 108 12.29 0.0 213.1 M 117
================================================================================
AV 76.2 55.5 7.1 FASTST M M 4 MAX(MPH)
MISC ----> 30 330 38 330
================================================================================
NOTES:
# LAST OF SEVERAL OCCURRENCES
COLUMN 17 PEAK WIND IN M.P.H.
PRELIMINARY LOCAL CLIMATOLOGICAL DATA (WS FORM: F-6) , PAGE 2
STATION: ALEXANDRIA
MONTH: APRIL
YEAR: 2021
LATITUDE: 31 19 N
LONGITUDE: 92 33 W
[TEMPERATURE DATA] [PRECIPITATION DATA] SYMBOLS USED IN COLUMN 16
AVERAGE MONTHLY: 65.8 TOTAL FOR MONTH: 12.29 1 = FOG OR MIST
DPTR FM NORMAL: -0.5 DPTR FM NORMAL: 7.74 2 = FOG REDUCING VISIBILITY
HIGHEST: 87 ON 9 GRTST 24HR 4.08 ON 23-24 TO 1/4 MILE OR LESS
LOWEST: 37 ON 2 3 = THUNDER
SNOW, ICE PELLETS, HAIL 4 = ICE PELLETS
TOTAL MONTH: 0.0 INCH 5 = HAIL
GRTST 24HR 0.0 6 = FREEZING RAIN OR DRIZZLE
GRTST DEPTH: M ON M 7 = DUSTSTORM OR SANDSTORM:
VSBY 1/2 MILE OR LESS
8 = SMOKE OR HAZE
[NO. OF DAYS WITH] [WEATHER - DAYS WITH] 9 = BLOWING SNOW
X = TORNADO
MAX 32 OR BELOW: 0 0.01 INCH OR MORE: 12
MAX 90 OR ABOVE: 0 0.10 INCH OR MORE: 11
MIN 32 OR BELOW: 0 0.50 INCH OR MORE: 7
MIN 0 OR BELOW: 0 1.00 INCH OR MORE: 4
[HDD (BASE 65) ]
TOTAL THIS MO. 75 CLEAR (SCALE 0-3) 15
DPTR FM NORMAL 8 PTCLDY (SCALE 4-7) 12
TOTAL FM JUL 1 1961 CLOUDY (SCALE 8-10) 3
DPTR FM NORMAL 14
[CDD (BASE 65) ]
TOTAL THIS MO. 108
DPTR FM NORMAL 2 [PRESSURE DATA]
TOTAL FM JAN 1 209 HIGHEST SLP 30.52 ON 2
DPTR FM NORMAL 50 LOWEST SLP 29.60 ON 10
[REMARKS]
#FINAL-04-21#