000
CXUS54 KLCH 011030
CLMAEX
CLIMATE REPORT
NATIONAL WEATHER SERVICE LAKE CHARLES, LA
430 AM CST FRI DEC 01 2023
...................................
...THE ALEXANDRIA CLIMATE SUMMARY FOR THE MONTH OF NOVEMBER 2023...
CLIMATE NORMAL PERIOD: 1991 TO 2020
CLIMATE RECORD PERIOD: 1892 TO 2023
WEATHER OBSERVED NORMAL DEPART LAST YEAR`S
VALUE DATE(S) VALUE FROM VALUE DATE(S)
NORMAL
................................................................
TEMPERATURE (F)
RECORD
HIGH 89 11/27/1965
LOW 20 11/30/1911
HIGHEST 88 11/07 MM MM 88 11/04
11/07
11/08
LOWEST 27 11/02 MM MM 29 11/18
AVG. MAXIMUM 69.1 69.3 -0.2 70.4
AVG. MINIMUM 46.0 45.4 0.6 47.7
MEAN 57.5 57.3 0.2 59.1
DAYS MAX >= 90 0 0.0 0.0 0
DAYS MAX <= 32 0 0.0 0.0 0
DAYS MIN <= 32 3 2.9 0.1 1
DAYS MIN <= 0 0 0.0 0.0 0
PRECIPITATION (INCHES)
RECORD
MAXIMUM 17.51 1987
MINIMUM 0.42 1924
TOTALS 3.33 4.60 -1.27 6.08
DAILY AVG. 0.11 0.15 -0.04 0.20
DAYS >= .01 8 9.4 -1.4 13
DAYS >= .10 7 4.9 2.1 5
DAYS >= .50 3 2.7 0.3 5
DAYS >= 1.00 1 1.6 -0.6 4
GREATEST
24 HR. TOTAL 1.10 11/20 TO 11/20
SNOWFALL (INCHES)
RECORDS
TOTAL MM 5
TOTALS 0.0 MM MM 0.0
SINCE 7/1 0.0 MM MM MM
SNOWDEPTH AVG. 0 MM
DAYS >= 1.0 0 MM MM 0
GREATEST
SNOW DEPTH 0 MM MM
24 HR TOTAL MM
DEGREE DAYS
HEATING TOTAL 248 257 -9 235
SINCE 7/1 294 325 -31 MM
COOLING TOTAL 32 27 5 67
SINCE 1/1 3491 2607 884 MM
................................................................
WIND (MPH)
AVERAGE WIND SPEED 5.4
HIGHEST WIND SPEED/DIRECTION 28/170 DATE 11/20
HIGHEST GUST SPEED/DIRECTION 39/170 DATE 11/20
SKY COVER
POSSIBLE SUNSHINE (PERCENT) MM
AVERAGE SKY COVER 0.41
NUMBER OF DAYS FAIR 15
NUMBER OF DAYS PC 6
NUMBER OF DAYS CLOUDY 8
AVERAGE RH (PERCENT) 71
WEATHER CONDITIONS. NUMBER OF DAYS WITH
THUNDERSTORM 2 MIXED PRECIP 2
HEAVY RAIN 4 RAIN 11
LIGHT RAIN 11 FREEZING RAIN 0
LT FREEZING RAIN 0 HAIL 0
HEAVY SNOW 0 SNOW 0
LIGHT SNOW 0 SLEET 0
FOG 19 FOG W/VIS <= 1/4 MILE 3
HAZE 5
- INDICATES NEGATIVE NUMBERS.
R INDICATES RECORD WAS SET OR TIED.
MM INDICATES DATA IS MISSING.
T INDICATES TRACE AMOUNT.
$$