000
CXAK56 PAJK 030945
CF6AJN
PRELIMINARY LOCAL CLIMATOLOGICAL DATA (WS FORM: F-6)
STATION: JUNEAU
MONTH: MARCH
YEAR: 2020
LATITUDE: 58 22 N
LONGITUDE: 134 35 W
TEMPERATURE IN F: :PCPN: SNOW: WIND :SUNSHINE: SKY :PK WND
================================================================================
1 2 3 4 5 6A 6B 7 8 9 10 11 12 13 14 15 16 17 18
12Z AVG MX 2MIN
DY MAX MIN AVG DEP HDD CDD WTR SNW DPTH SPD SPD DIR MIN PSBL S-S WX SPD DR
================================================================================
1 41 34 38 7 27 0 0.57 0.7 T 17.2 31 110 M M 10 1 44 110
2 38 34 36 4 29 0 0.14 T 0 10.9 20 110 M M 10 15 24 110
3 37 32 35 3 30 0 0.13 0.3 0 9.2 22 280 M M 10 15 28 280
4 37 31 34 2 31 0 0.01 0.1 T 12.4 26 120 M M 10 1 31 120
5 37 26 32 0 33 0 T T 0 6.4 16 80 M M 8 24 80
6 29 20 25 -7 40 0 0.01 0.4 0 3.0 13 140 M M 8 1 16 140
7 34 18 26 -6 39 0 0.01 0.3 0 4.3 17 80 M M 8 1 21 90
8 35 31 33 1 32 0 0.16 1.7 0 19.8 38 110 M M 10 1 47 110
9 38 33 36 4 29 0 0.90 0.5 2 20.2 37 120 M M 10 1 47 110
10 40 30 35 2 30 0 0.37 0.3 T 5.4 14 90 M M 10 1 16 90
11 33 20 27 -6 38 0 0.07 1.1 T 4.9 13 290 M M 9 1 15 290
12 26 13 20 -13 45 0 0.00 0.0 0 7.4 23 90 M M 1 27 100
13 31 11 21 -12 44 0 0.00 0.0 1 4.0 13 130 M M 4 15 130
14 43 17 30 -3 35 0 0.00 0.0 1 2.0 15 240 M M 2 16 240
15 45 21 33 0 32 0 0.00 0.0 0 2.4 9 230 M M 2 1 13 240
16 39 22 31 -3 34 0 0.00 0.0 0 2.6 7 270 M M 7 1 8 250
17 42 23 33 -1 32 0 0.00 0.0 0 3.9 14 230 M M 5 18 15 230
18 39 23 31 -3 34 0 T T 0 3.9 14 230 M M 8 15 230
19 51 25 38 4 27 0 0.00 0.0 0 2.6 13 140 M M 1 15 190
20 47 24 36 2 29 0 T 0.0 0 3.1 14 90 M M 6 17 70
21 41 27 34 -1 31 0 0.03 0.0 0 7.4 21 110 M M 9 1 25 110
22 50 31 41 6 24 0 0.13 T 0 6.2 24 110 M M 7 12 29 110
23 40 23 32 -3 33 0 0.00 0.0 0 9.2 24 70 M M 1 36 70
24 43 20 32 -3 33 0 0.00 0.0 0 3.0 15 230 M M 2 17 220
25 39 22 31 -5 34 0 0.06 0.0 0 7.1 20 110 M M 7 1 22 110
26 44 34 39 3 26 0 0.08 T T 6.3 14 90 M M 10 12 19 80
27 37 27 32 -4 33 0 0.15 T 0 3.9 14 80 M M 10 1 18 70
28 30 25 28 -8 37 0 T 0.1 T 5.5 18 70 M M 10 1 22 80
29 26 23 25 -11 40 0 0.00 0.0 0 19.6 30 80 M M 10 39 90
30 29 22 26 -11 39 0 0.00 0.0 0 19.7 30 90 M M 3 42 90
31 33 17 25 -12 40 0 0.00 0.0 0 8.4 21 100 M M 4 26 100
================================================================================
SM 1174 759 1040 0 2.82 5.5 241.9 M 212
================================================================================
AV 37.9 24.5 7.8 FASTST M M 7 MAX(MPH)
MISC ----> # 38 110 # 47 110
================================================================================
NOTES:
# LAST OF SEVERAL OCCURRENCES
COLUMN 17 PEAK WIND IN M.P.H.
PRELIMINARY LOCAL CLIMATOLOGICAL DATA (WS FORM: F-6) , PAGE 2
STATION: JUNEAU
MONTH: MARCH
YEAR: 2020
LATITUDE: 58 22 N
LONGITUDE: 134 35 W
[TEMPERATURE DATA] [PRECIPITATION DATA] SYMBOLS USED IN COLUMN 16
AVERAGE MONTHLY: 31.2 TOTAL FOR MONTH: 2.82 1 = FOG OR MIST
DPTR FM NORMAL: -2.6 DPTR FM NORMAL: -0.96 2 = FOG REDUCING VISIBILITY
HIGHEST: 51 ON 19 GRTST 24HR 0.90 ON 9- 9 TO 1/4 MILE OR LESS
LOWEST: 11 ON 13 3 = THUNDER
SNOW, ICE PELLETS, HAIL 4 = ICE PELLETS
TOTAL MONTH: 5.5 INCHES 5 = HAIL
GRTST 24HR 1.7 ON 8- 8 6 = FREEZING RAIN OR DRIZZLE
GRTST DEPTH: 2 ON 9 7 = DUSTSTORM OR SANDSTORM:
VSBY 1/2 MILE OR LESS
8 = SMOKE OR HAZE
[NO. OF DAYS WITH] [WEATHER - DAYS WITH] 9 = BLOWING SNOW
X = TORNADO
MAX 32 OR BELOW: 6 0.01 INCH OR MORE: 15
MAX 90 OR ABOVE: 0 0.10 INCH OR MORE: 8
MIN 32 OR BELOW: 27 0.50 INCH OR MORE: 2
MIN 0 OR BELOW: 0 1.00 INCH OR MORE: 0
[HDD (BASE 65) ]
TOTAL THIS MO. 1040 CLEAR (SCALE 0-3) 6
DPTR FM NORMAL 73 PTCLDY (SCALE 4-7) 11
TOTAL FM JUL 1 6169 CLOUDY (SCALE 8-10) 14
DPTR FM NORMAL -635
[CDD (BASE 65) ]
TOTAL THIS MO. 0
DPTR FM NORMAL 0 [PRESSURE DATA]
TOTAL FM JAN 1 0 HIGHEST SLP 30.90 ON 13
DPTR FM NORMAL 0 LOWEST SLP 29.20 ON 10
[REMARKS]
#FINAL-03-20#