000
CXUS56 KSGX 011145
CF6AJO
PRELIMINARY LOCAL CLIMATOLOGICAL DATA (WS FORM: F-6)
STATION: CORONA AIRPORT CA
MONTH: FEBRUARY
YEAR: 2023
LATITUDE: 33 53 N
LONGITUDE: 117-36 E
TEMPERATURE IN F: :PCPN: SNOW: WIND :SUNSHINE: SKY :PK WND
================================================================================
1 2 3 4 5 6A 6B 7 8 9 10 11 12 13 14 15 16 17 18
12Z AVG MX 2MIN
DY MAX MIN AVG DEP HDD CDD WTR SNW DPTH SPD SPD DIR MIN PSBL S-S WX SPD DR
================================================================================
1 68 37 53 M 12 0 0.00 M M 6.3 17 130 M M 0 22 130
2 69 30 50 M 15 0 0.00 M M 1.3 6 270 M M 0 M M
3 71 38 55 M 10 0 0.00 M M 2.3 8 320 M M 0 M M
4 71 34 53 M 12 0 0.00 M M 2.8 13 290 M M 0 M M
5 65 40 53 M 12 0 T M M 3.7 13 270 M M 4 1 16 270
6 67 36 52 M 13 0 0.00 M M 4.7 16 80 M M 0 32 80
7 71 45 58 M 7 0 0.00 M M 8.3 17 80 M M 0 30 70
8 74 36 55 M 10 0 0.00 M M 3.5 9 280 M M 0 M M
9 78 35 57 M 8 0 0.00 M M 6.9 16 40 M M 0 20 50
10 74 48 61 M 4 0 0.00 M M 9.2 14 100 M M 0 21 130
11 65 38 52 M 13 0 0.00 M M 3.7 14 260 M M 0 22 220
12 61 35 48 M 17 0 0.00 M M 4.7 13 270 M M 3 21 270
13 63 43 53 M 12 0 0.00 M M 5.1 14 280 M M 4 24 250
14 58 43 51 M 14 0 0.04 M M 6.3 13 210 M M 7 1 22 250
15 61 34 48 M 17 0 0.00 M M 8.3 18 50 M M 0 31 90
16 64 27 46 M 19 0 0.00 M M 7.0 16 100 M M 0 24 100
17 68 42 55 M 10 0 0.00 M M 8.2 14 60 M M 0 21 60
18 69 35 52 M 13 0 0.00 M M 3.8 10 250 M M 0 M M
19 72 32 52 M 13 0 0.00 M M 4.4 15 280 M M 1 21 270
20 75 37 56 M 9 0 0.00 M M 3.3 13 260 M M 1 20 260
21 69 38 54 M 11 0 T M M 4.5 20 240 M M 2 33 230
22 56 43 50 M 15 0 0.00 M M 12.7 17 230 M M 4 29 230
23 52 40 46 M 19 0 0.21 M M 5.1 15 280 M M 8 31 300
24 56 40 48 M 17 0 0.09 M M 4.8 14 100 M M 10 1 18 100
25 52 41 47 M 18 0 0.62 M M 5.0 10 300 M M 10 1 17 130
26 54 36 45 M 20 0 0.06 M M 3.4 8 260 M M 7 12 M M
27 51 37 44 M 21 0 0.03 M M 2.4 6 100 M M 9 1 M M
28 58 44 51 M 14 0 0.12 M M 5.9 14 240 M M 8 1 18 240
================================================================================
SM 1812 1064 375 0 1.17 M 147.6 M 78
================================================================================
AV 64.7 38.0 5.3 FASTST M M 3 MAX(MPH)
MISC ----> 20 240 33 230
================================================================================
NOTES:
# LAST OF SEVERAL OCCURRENCES
COLUMN 17 PEAK WIND IN M.P.H.
PRELIMINARY LOCAL CLIMATOLOGICAL DATA (WS FORM: F-6) , PAGE 2
STATION: CORONA AIRPORT CA
MONTH: FEBRUARY
YEAR: 2023
LATITUDE: 33 53 N
LONGITUDE: 117-36 E
[TEMPERATURE DATA] [PRECIPITATION DATA] SYMBOLS USED IN COLUMN 16
AVERAGE MONTHLY: 51.4 TOTAL FOR MONTH: 1.17 1 = FOG OR MIST
DPTR FM NORMAL: 0.0 DPTR FM NORMAL: 1.17 2 = FOG REDUCING VISIBILITY
HIGHEST: 78 ON 9 GRTST 24HR 0.62 ON 25-25 TO 1/4 MILE OR LESS
LOWEST: 27 ON 16 3 = THUNDER
SNOW, ICE PELLETS, HAIL 4 = ICE PELLETS
TOTAL MONTH: M 5 = HAIL
GRTST 24HR M ON M 6 = FREEZING RAIN OR DRIZZLE
GRTST DEPTH: M ON M 7 = DUSTSTORM OR SANDSTORM:
VSBY 1/2 MILE OR LESS
8 = SMOKE OR HAZE
[NO. OF DAYS WITH] [WEATHER - DAYS WITH] 9 = BLOWING SNOW
X = TORNADO
MAX 32 OR BELOW: 0 0.01 INCH OR MORE: 7
MAX 90 OR ABOVE: 0 0.10 INCH OR MORE: 3
MIN 32 OR BELOW: 3 0.50 INCH OR MORE: 1
MIN 0 OR BELOW: 0 1.00 INCH OR MORE: 0
[HDD (BASE 65) ]
TOTAL THIS MO. 375 CLEAR (SCALE 0-3) 18
DPTR FM NORMAL M PTCLDY (SCALE 4-7) 5
TOTAL FM JUL 1 1430 CLOUDY (SCALE 8-10) 5
DPTR FM NORMAL M
[CDD (BASE 65) ]
TOTAL THIS MO. 0
DPTR FM NORMAL M [PRESSURE DATA]
TOTAL FM JAN 1 0 HIGHEST SLP M ON M
DPTR FM NORMAL M LOWEST SLP M ON M
[REMARKS]
#FINAL-02-23#