000
CXAK56 PAFC 011003
CF6AKN
PRELIMINARY LOCAL CLIMATOLOGICAL DATA (WS FORM: F-6)
STATION: KING SALMON
MONTH: JULY
YEAR: 2023
LATITUDE: 58 41 N
LONGITUDE: 156 39 W
TEMPERATURE IN F: :PCPN: SNOW: WIND :SUNSHINE: SKY :PK WND
================================================================================
1 2 3 4 5 6A 6B 7 8 9 10 11 12 13 14 15 16 17 18
12Z AVG MX 2MIN
DY MAX MIN AVG DEP HDD CDD WTR SNW DPTH SPD SPD DIR MIN PSBL S-S WX SPD DR
================================================================================
1 67 45 56 0 9 0 0.13 M M 12.7 23 110 M M 3 35 100
2 61 50 56 0 9 0 0.04 M M 16.5 25 100 M M 9 41 100
3 60 47 54 -2 11 0 0.07 M M 7.0 16 90 M M 9 1 16 170
4 54 46 50 -6 15 0 0.30 M M 9.6 15 140 M M 9 1 22 140
5 65 50 58 1 7 0 0.06 M M 8.6 22 180 M M 9 28 150
6 63 51 57 0 8 0 T M M 18.2 36 170 M M 7 43 170
7 61 49 55 -2 10 0 0.01 M M 11.9 17 180 M M 8 24 170
8 63 49 56 -1 9 0 0.00 M M 18.4 28 170 M M 9 44 170
9 58 50 54 -3 11 0 0.01 M M 17.0 25 170 M M 8 38 150
10 64 51 58 1 7 0 0.36 M M 4.5 15 180 M M 10 1 M M
11 66 51 59 2 6 0 0.27 M M 6.6 14 360 M M 8 18 M M
12 75 52 64 7 1 0 0.00 M M 10.4 18 330 M M 5 24 320
13 67 48 58 1 7 0 0.19 M M 9.9 16 250 M M 7 12 19 230
14 56 50 53 -4 12 0 0.05 M M 9.1 14 210 M M 10 1 17 200
15 57 50 54 -3 11 0 0.61 M M 11.5 23 210 M M 10 1 29 190
16 61 52 57 0 8 0 0.13 M M 7.7 16 320 M M 9 1 21 320
17 69 51 60 3 5 0 0.04 M M 5.2 16 20 M M 7 1 21 10
18 77 48 63 6 2 0 0.00 M M 7.8 20 270 M M 5 12 24 260
19 75 51 63 6 2 0 0.00 M M 9.9 16 200 M M 6 12 20 200
20 64 51 58 1 7 0 T M M 11.4 18 190 M M 10 1 22 180
21 70 52 61 4 4 0 0.00 M M 7.0 14 220 M M 7 18 180
22 72 42 57 0 8 0 T M M 7.6 21 190 M M 1 25 170
23 67 44 56 -1 9 0 0.00 M M 7.0 18 180 M M 3 1 23 180
24 65 53 59 2 6 0 0.03 M M 4.6 12 190 M M 10 1 19 220
25 67 54 61 4 4 0 0.00 M M 4.2 12 300 M M 9 14 290
26 67 52 60 3 5 0 0.00 M M 7.6 17 170 M M 8 21 180
27 68 54 61 4 4 0 0.07 M M 8.6 21 170 M M 10 1 24 170
28 60 55 58 1 7 0 1.01 M M 9.9 23 170 M M 10 1 31 180
29 65 53 59 2 6 0 0.00 M M 6.5 14 240 M M 10 17 230
30 72 53 63 6 2 0 0.00 M M 7.8 15 350 M M 8 19 340
31 77 52 65 8 0 0 0.00 M M 2.7 9 290 M M 7 13 340
================================================================================
SM 2033 1556 212 0 3.38 M 287.4 M 241
================================================================================
AV 65.6 50.2 9.3 FASTST M M 8 MAX(MPH)
MISC ----> 36 170 44 170
================================================================================
NOTES:
# LAST OF SEVERAL OCCURRENCES
COLUMN 17 PEAK WIND IN M.P.H.
PRELIMINARY LOCAL CLIMATOLOGICAL DATA (WS FORM: F-6) , PAGE 2
STATION: KING SALMON
MONTH: JULY
YEAR: 2023
LATITUDE: 58 41 N
LONGITUDE: 156 39 W
[TEMPERATURE DATA] [PRECIPITATION DATA] SYMBOLS USED IN COLUMN 16
AVERAGE MONTHLY: 57.9 TOTAL FOR MONTH: 3.38 1 = FOG OR MIST
DPTR FM NORMAL: 1.2 DPTR FM NORMAL: 0.92 2 = FOG REDUCING VISIBILITY
HIGHEST: 77 ON 31,18 GRTST 24HR 1.02 ON 27-28 TO 1/4 MILE OR LESS
LOWEST: 42 ON 22 3 = THUNDER
SNOW, ICE PELLETS, HAIL 4 = ICE PELLETS
TOTAL MONTH: M 5 = HAIL
GRTST 24HR M ON M 6 = FREEZING RAIN OR DRIZZLE
GRTST DEPTH: M ON M 7 = DUSTSTORM OR SANDSTORM:
VSBY 1/2 MILE OR LESS
8 = SMOKE OR HAZE
[NO. OF DAYS WITH] [WEATHER - DAYS WITH] 9 = BLOWING SNOW
X = TORNADO
MAX 32 OR BELOW: 0 0.01 INCH OR MORE: 17
MAX 90 OR ABOVE: 0 0.10 INCH OR MORE: 8
MIN 32 OR BELOW: 0 0.50 INCH OR MORE: 2
MIN 0 OR BELOW: 0 1.00 INCH OR MORE: 1
[HDD (BASE 65) ]
TOTAL THIS MO. 212 CLEAR (SCALE 0-3) 1
DPTR FM NORMAL -46 PTCLDY (SCALE 4-7) 14
TOTAL FM JUL 1 212 CLOUDY (SCALE 8-10) 16
DPTR FM NORMAL -40
[CDD (BASE 65) ]
TOTAL THIS MO. 0
DPTR FM NORMAL -2 [PRESSURE DATA]
TOTAL FM JAN 1 0 HIGHEST SLP M ON M
DPTR FM NORMAL -2 LOWEST SLP 29.71 ON 16
[REMARKS]
#FINAL-07-23#