000
CXAK58 PAKN 011146
CLMAKN
CLIMATE REPORT
NATIONAL WEATHER SERVICE ANCHORAGE, AK
346 AM AKDT TUE AUG 01 2023
...................................
...THE KING SALMON CLIMATE SUMMARY FOR THE MONTH OF JULY 2023...
CLIMATE NORMAL PERIOD: 1991 TO 2020
CLIMATE RECORD PERIOD: 1917 TO 2023
WEATHER OBSERVED NORMAL DEPART LAST YEAR`S
VALUE DATE(S) VALUE FROM VALUE
NORMAL
..............................................................
TEMPERATURE (F)
RECORD
HIGH 89 MM
LOW 34 07/14/2021
HIGHEST 77 MM MM 77
LOWEST 42 MM MM 35
AVG. MAXIMUM 65.6 64.6 1.0 61.8
AVG. MINIMUM 50.2 48.9 1.3 46.6
MEAN 57.9 56.7 1.2 54.2
DAYS MAX >= 90 0 0.0 0.0 0
DAYS MAX <= 32 0 0.0 0.0 0
DAYS MIN <= 32 0 0.0 0.0 0
DAYS MIN <= 0 0 0.0 0.0 0
PRECIPITATION (INCHES)
RECORD
MAXIMUM 3.69 2022
MINIMUM 2.69 2021
TOTALS 3.38 2.46 0.92 3.41
DAILY AVG. 0.11 0.08 0.03 0.15
DAYS >= .01 17 16.2 0.8 16
DAYS >= .10 8 7.8 0.2 8
DAYS >= .50 2 0.9 1.1 1
DAYS >= 1.00 1 0.0 1.0 0
GREATEST
24 HR. TOTAL 1.02 07/27 TO 07/28 0.74
STORM TOTAL 1.01 1.12
(MM/DD(HH))
DEGREE DAYS
HEATING TOTAL 212 258 -46 298
SINCE 7/1 212 252 -40 MM
COOLING TOTAL 0 2 -2 0
SINCE 1/1 0 2 -2 MM
FREEZE DATES
RECORD
EARLIEST MM
LATEST MM
EARLIEST 09/21
LATEST 05/19
..............................................................
WIND (MPH)
AVERAGE WIND SPEED 9.3
RESULTANT WIND SPEED/DIRECTION 5/180
HIGHEST WIND SPEED/DIRECTION MM DATE MM
HIGHEST GUST SPEED/DIRECTION MM DATE MM
SKY COVER
POSSIBLE SUNSHINE (PERCENT) MM
AVERAGE SKY COVER 0.77
NUMBER OF DAYS FAIR 3
NUMBER OF DAYS PC 8
NUMBER OF DAYS CLOUDY 20
AVERAGE RH (PERCENT) 78
WEATHER CONDITIONS. NUMBER OF DAYS WITH
THUNDERSTORM 0 MIXED PRECIP 0
HEAVY RAIN 0 RAIN 3
LIGHT RAIN 16 FREEZING RAIN 0
LT FREEZING RAIN 0 HAIL 0
HEAVY SNOW 0 SNOW 0
LIGHT SNOW 0 SLEET 0
FOG 16 FOG W/VIS <= 1/4 MILE 3
HAZE 1
- INDICATES NEGATIVE NUMBERS.
R INDICATES RECORD WAS SET OR TIED.
MM INDICATES DATA IS MISSING.
T INDICATES TRACE AMOUNT.
$$