000
CXUS55 KBOU 010900
CF6AKO
PRELIMINARY LOCAL CLIMATOLOGICAL DATA (WS FORM: F-6)
STATION: AKRON CO
MONTH: MARCH
YEAR: 2022
LATITUDE: 40 10 N
LONGITUDE: 103 13 W
TEMPERATURE IN F: :PCPN: SNOW: WIND :SUNSHINE: SKY :PK WND
================================================================================
1 2 3 4 5 6A 6B 7 8 9 10 11 12 13 14 15 16 17 18
12Z AVG MX 2MIN
DY MAX MIN AVG DEP HDD CDD WTR SNW DPTH SPD SPD DIR MIN PSBL S-S WX SPD DR
================================================================================
1 68 35 52 17 13 0 0.00 M M 7.4 17 330 M M 0 23 320
2 72 34 53 17 12 0 0.00 M M 7.8 14 260 M M 0 19 150
3 62 26 44 8 21 0 0.00 M M 9.2 20 120 M M 0 1 26 110
4 71 23 47 11 18 0 T M M 10.4 26 70 M M 2 128 36 70
5 37 18 28 -9 37 0 0.04 M M 14.5 24 330 M M 6 1 32 70
6 22 9 16 -21 49 0 0.03 M M 10.8 20 340 M M 9 1 25 340
7 29 5 17 -21 48 0 0.00 M M 9.3 14 280 M M 1 19 280
8 39 12 26 -12 39 0 0.00 M M 12.3 26 330 M M 2 37 350
9 21 7 14 -24 51 0 0.01 M M 15.8 25 40 M M 10 12 35 40
10 18 -5 7 -32 58 0 T M M 5.5 15 260 M M 5 1 20 280
11 31 0 16 -23 49 0 0.02 M M 11.1 24 330 M M 0 30 340
12 58 17 38 -1 27 0 0.00 M M 10.3 22 300 M M 0 30 280
13 63 31 47 7 18 0 T M M 11.9 32 320 M M 2 42 350
14 53 32 43 3 22 0 0.00 M M 17.6 32 340 M M 1 43 360
15 69 31 50 10 15 0 0.00 M M 9.5 17 240 M M 0 23 170
16 57 37 47 6 18 0 0.20 M M 11.5 23 10 M M 5 1 31 350
17 37 26 32 -9 33 0 0.27 M M 13.8 25 360 M M 7 12 33 360
18 50 21 36 -6 29 0 0.00 M M 10.6 16 270 M M 0 1 20 280
19 40 28 34 -8 31 0 0.00 M M 10.4 14 280 M M 0 M M
20 64 35 50 8 15 0 0.00 M M 8.6 17 240 M M 0 22 200
21 47 31 39 -3 26 0 T M M 20.9 33 350 M M 6 18 42 350
22 48 25 37 -6 28 0 T M M 21.1 40 350 M M 3 18 55 350
23 52 25 39 -4 26 0 0.00 M M 21.7 40 350 M M 1 53 10
24 69 24 47 4 18 0 T M M 13.6 30 360 M M 2 44 330
25 55 28 42 -1 23 0 0.00 M M 8.0 17 40 M M 3 24 40
26 69 33 51 7 14 0 0.00 M M 13.0 24 120 M M 0 32 120
27 61 25 43 -1 22 0 0.00 M M 16.5 24 120 M M 0 33 120
28 79 30 55 11 10 0 0.00 M M 10.9 18 270 M M 0 25 130
29 47 28 38 -6 27 0 0.40 M M 19.5 40 350 M M 6 1 52 350
30 41 22 32 -12 33 0 T M M 25.5 38 330 M M 3 1 55 330
31 59 17 38 -7 27 0 0.00 M M 9.7 18 270 M M 0 24 190
================================================================================
SM 1588 710 857 0 0.97 M 398.7 M 74
================================================================================
AV 51.2 22.9 12.9 FASTST M M 2 MAX(MPH)
MISC ----> # 40 350 55 330
================================================================================
NOTES:
# LAST OF SEVERAL OCCURRENCES
COLUMN 17 PEAK WIND IN M.P.H.
PRELIMINARY LOCAL CLIMATOLOGICAL DATA (WS FORM: F-6) , PAGE 2
STATION: AKRON CO
MONTH: MARCH
YEAR: 2022
LATITUDE: 40 10 N
LONGITUDE: 103 13 W
[TEMPERATURE DATA] [PRECIPITATION DATA] SYMBOLS USED IN COLUMN 16
AVERAGE MONTHLY: 37.1 TOTAL FOR MONTH: 0.97 1 = FOG OR MIST
DPTR FM NORMAL: -3.4 DPTR FM NORMAL: 0.26 2 = FOG REDUCING VISIBILITY
HIGHEST: 79 ON 28 GRTST 24HR 0.47 ON 16-17 TO 1/4 MILE OR LESS
LOWEST: -5 ON 10 3 = THUNDER
SNOW, ICE PELLETS, HAIL 4 = ICE PELLETS
TOTAL MONTH: M 5 = HAIL
GRTST 24HR M ON M 6 = FREEZING RAIN OR DRIZZLE
GRTST DEPTH: M ON M 7 = DUSTSTORM OR SANDSTORM:
VSBY 1/2 MILE OR LESS
8 = SMOKE OR HAZE
[NO. OF DAYS WITH] [WEATHER - DAYS WITH] 9 = BLOWING SNOW
X = TORNADO
MAX 32 OR BELOW: 5 0.01 INCH OR MORE: 7
MAX 90 OR ABOVE: 0 0.10 INCH OR MORE: 3
MIN 32 OR BELOW: 26 0.50 INCH OR MORE: 0
MIN 0 OR BELOW: 2 1.00 INCH OR MORE: 0
[HDD (BASE 65) ]
TOTAL THIS MO. 857 CLEAR (SCALE 0-3) 21
DPTR FM NORMAL 96 PTCLDY (SCALE 4-7) 8
TOTAL FM JUL 1 4902 CLOUDY (SCALE 8-10) 2
DPTR FM NORMAL -425
[CDD (BASE 65) ]
TOTAL THIS MO. 0
DPTR FM NORMAL 0 [PRESSURE DATA]
TOTAL FM JAN 1 0 HIGHEST SLP M ON M
DPTR FM NORMAL 0 LOWEST SLP 29.33 ON 29
[REMARKS]
#FINAL-03-22#