000
CXUS55 KBOU 011000
CF6AKO
PRELIMINARY LOCAL CLIMATOLOGICAL DATA (WS FORM: F-6)
STATION: AKRON CO
MONTH: JANUARY
YEAR: 2024
LATITUDE: 40 10 N
LONGITUDE: 103 13 W
TEMPERATURE IN F: :PCPN: SNOW: WIND :SUNSHINE: SKY :PK WND
================================================================================
1 2 3 4 5 6A 6B 7 8 9 10 11 12 13 14 15 16 17 18
12Z AVG MX 2MIN
DY MAX MIN AVG DEP HDD CDD WTR SNW DPTH SPD SPD DIR MIN PSBL S-S WX SPD DR
================================================================================
1 46 17 32 4 33 0 0.00 M M 9.4 15 260 M M 0 20 260
2 40 18 29 1 36 0 0.00 M M 8.7 15 230 M M 0 20 220
3 41 22 32 3 33 0 0.00 M M 8.6 14 140 M M 0 21 130
4 32 21 27 -2 38 0 0.00 M M 9.8 17 140 M M 10 12 24 140
5 37 21 29 0 36 0 T M M 9.6 20 330 M M 9 1 28 330
6 37 16 27 -2 38 0 0.00 M M 10.8 23 320 M M 1 32 280
7 36 19 28 -1 37 0 0.00 M M 8.4 16 360 M M 2 1 22 360
8 22 11 17 -12 48 0 T M M 22.2 36 350 M M 8 1 47 350
9 36 6 21 -8 44 0 0.00 M M 10.4 17 240 M M 0 23 330
10 40 16 28 -1 37 0 0.00 M M 13.7 30 290 M M 2 40 300
11 27 -3 12 -17 53 0 T M M 13.3 26 10 M M 7 1 34 10
12 27 -5 11 -18 54 0 T M M 11.7 24 40 M M 5 1 32 30
13 -4 -17 -10 -39 75 0 T M M 10.8 21 350 M M 6 18 26 350
14 7 -10 -1 -30 66 0 T M M 8.0 14 160 M M 5 8 21 160
15 1 -18 -8 -37 73 0 0.01 M M 15.3 26 320 M M 6 18 33 320
16 28 -19 5 -24 60 0 0.00 M M 9.3 18 240 M M 0 23 230
17 34 12 23 -6 42 0 0.00 M M 8.3 17 220 M M 2 23 220
18 42 7 25 -4 40 0 T M M 16.9 45 350 M M 5 9 63 340
19 25 1 13 -16 52 0 0.00 M M 7.4 15 140 M M 5 20 140
20 35 13 24 -5 41 0 0.00 M M 11.9 21 180 M M 1 31 180
21 51 20 36 7 29 0 0.00 M M 6.5 15 260 M M 2 20 270
22 49 26 38 9 27 0 0.00 M M 7.5 14 250 M M 5 18 250
23 49 23 36 7 29 0 0.00 M M 7.0 14 160 M M 4 12 18 160
24 51 22 37 8 28 0 0.00 M M 6.1 13 270 M M 4 1 16 290
25 49 27 38 9 27 0 0.00 M M 7.2 13 260 M M 1 16 270
26 49 28 39 10 26 0 0.00 M M 9.4 20 340 M M 3 24 340
27 49 23 36 7 29 0 0.00 M M 7.7 15 330 M M 1 23 310
28 59 26 43 14 22 0 0.00 M M 12.6 22 330 M M 0 28 250
29 60 29 45 16 20 0 0.00 M M 9.3 16 280 M M 0 19 280
30 60 30 45 16 20 0 0.00 M M 7.2 15 260 M M 0 18 260
31 63 28 46 17 19 0 0.00 M M 8.2 15 270 M M 0 17 260
================================================================================
SM 1178 410 1212 0 0.01 M 313.2 M 94
================================================================================
AV 38.0 13.2 10.1 FASTST M M 3 MAX(MPH)
MISC ----> 45 350 63 340
================================================================================
NOTES:
# LAST OF SEVERAL OCCURRENCES
COLUMN 17 PEAK WIND IN M.P.H.
PRELIMINARY LOCAL CLIMATOLOGICAL DATA (WS FORM: F-6) , PAGE 2
STATION: AKRON CO
MONTH: JANUARY
YEAR: 2024
LATITUDE: 40 10 N
LONGITUDE: 103 13 W
[TEMPERATURE DATA] [PRECIPITATION DATA] SYMBOLS USED IN COLUMN 16
AVERAGE MONTHLY: 25.6 TOTAL FOR MONTH: 0.01 1 = FOG OR MIST
DPTR FM NORMAL: -3.5 DPTR FM NORMAL: -0.16 2 = FOG REDUCING VISIBILITY
HIGHEST: 63 ON 31 GRTST 24HR 0.01 ON 4- 5 TO 1/4 MILE OR LESS
LOWEST: -19 ON 16 3 = THUNDER
SNOW, ICE PELLETS, HAIL 4 = ICE PELLETS
TOTAL MONTH: M 5 = HAIL
GRTST 24HR M ON M 6 = FREEZING RAIN OR DRIZZLE
GRTST DEPTH: M ON M 7 = DUSTSTORM OR SANDSTORM:
VSBY 1/2 MILE OR LESS
8 = SMOKE OR HAZE
[NO. OF DAYS WITH] [WEATHER - DAYS WITH] 9 = BLOWING SNOW
X = TORNADO
MAX 32 OR BELOW: 9 0.01 INCH OR MORE: 1
MAX 90 OR ABOVE: 0 0.10 INCH OR MORE: 0
MIN 32 OR BELOW: 31 0.50 INCH OR MORE: 0
MIN 0 OR BELOW: 6 1.00 INCH OR MORE: 0
[HDD (BASE 65) ]
TOTAL THIS MO. 1212 CLEAR (SCALE 0-3) 18
DPTR FM NORMAL 101 PTCLDY (SCALE 4-7) 11
TOTAL FM JUL 1 3319 CLOUDY (SCALE 8-10) 2
DPTR FM NORMAL -306
[CDD (BASE 65) ]
TOTAL THIS MO. 0
DPTR FM NORMAL 0 [PRESSURE DATA]
TOTAL FM JAN 1 0 HIGHEST SLP 30.63 ON 19
DPTR FM NORMAL 0 LOWEST SLP 29.41 ON 11
[REMARKS]
#FINAL-01-24#