000
CXUS55 KALY 010810
CF6ALB
PRELIMINARY LOCAL CLIMATOLOGICAL DATA (WS FORM: F-6)
STATION: ALBANY NY
MONTH: FEBRUARY
YEAR: 2021
LATITUDE: 42 45 N
LONGITUDE: 73 48 W
TEMPERATURE IN F: :PCPN: SNOW: WIND :SUNSHINE: SKY :PK WND
================================================================================
1 2 3 4 5 6A 6B 7 8 9 10 11 12 13 14 15 16 17 18
12Z AVG MX 2MIN
DY MAX MIN AVG DEP HDD CDD WTR SNW DPTH SPD SPD DIR MIN PSBL S-S WX SPD DR
================================================================================
1 25 10 18 -5 47 0 0.26 4.4 2 8.9 18 350 M M 10 1 25 340
2 27 20 24 1 41 0 0.23 2.5 8 10.7 18 350 M M 10 19 26 350
3 30 24 27 3 38 0 T T 8 10.6 21 280 M M 10 16 28 280
4 37 15 26 2 39 0 0.00 0.0 7 6.7 17 270 M M 5 1 23 270
5 38 17 28 4 37 0 T T 6 8.6 24 160 M M 7 14 33 170
6 36 12 24 0 41 0 T T 5 8.3 28 260 M M 5 33 250
7 26 10 18 -6 47 0 0.09 1.1 4 6.1 24 270 M M 8 1 32 260
8 23 9 16 -8 49 0 0.00 0.0 5 8.3 21 280 M M 3 30 290
9 24 8 16 -9 49 0 0.20 1.8 5 2.9 14 270 M M 9 1 17 270
10 25 12 19 -6 46 0 T T 7 8.8 21 290 M M 8 27 280
11 26 12 19 -6 46 0 T T 6 6.2 20 320 M M 8 23 320
12 16 3 10 -15 55 0 0.00 0.0 6 4.4 12 320 M M 5 14 310
13 21 5 13 -12 52 0 0.00 0.0 6 6.9 13 350 M M 9 16 340
14 28 15 22 -4 43 0 T T 6 2.9 15 280 M M 10 1 20 270
15 23 17 20 -6 45 0 0.10 0.6 6 3.4 7 350 M M 10 16 9 360
16 34 21 28 2 37 0 0.73 0.1 6 9.5 33 270 M M 10 146 43 290
17 24 13 19 -7 46 0 T 0.2 6 10.6 28 270 M M 6 1 33 260
18 24 19 22 -5 43 0 T T 6 3.5 8 330 M M 10 1 10 340
19 28 19 24 -3 41 0 0.11 1.9 7 2.7 13 290 M M 10 1 16 310
20 28 13 21 -6 44 0 0.00 0.0 7 10.7 24 270 M M 5 32 260
21 30 13 22 -5 43 0 0.00 0.0 7 6.4 15 300 M M 1 20 300
22 30 19 25 -3 40 0 0.03 0.8 6 9.6 26 160 M M 10 1 36 160
23 38 28 33 5 32 0 T T 7 9.1 24 270 M M 10 1 35 290
24 45 35 40 12 25 0 T 0.0 6 12.5 26 270 M M 8 38 170
25 44 26 35 7 30 0 0.00 0.0 1 18.3 36 280 M M 4 47 270
26 39 22 31 2 34 0 T T T 2.3 10 160 M M 6 15 160
27 44 30 37 8 28 0 0.03 0.4 T 11.5 25 170 M M 9 16 33 160
28 41 26 34 5 31 0 T 0.0 T 5.3 15 150 M M 9 21 150
================================================================================
SM 854 473 1149 0 1.78 13.8 215.7 M 215
================================================================================
AV 30.5 16.9 7.7 FASTST M M 8 MAX(MPH)
MISC ----> 36 280 47 270
================================================================================
NOTES:
# LAST OF SEVERAL OCCURRENCES
COLUMN 17 PEAK WIND IN M.P.H.
PRELIMINARY LOCAL CLIMATOLOGICAL DATA (WS FORM: F-6) , PAGE 2
STATION: ALBANY NY
MONTH: FEBRUARY
YEAR: 2021
LATITUDE: 42 45 N
LONGITUDE: 73 48 W
[TEMPERATURE DATA] [PRECIPITATION DATA] SYMBOLS USED IN COLUMN 16
AVERAGE MONTHLY: 23.7 TOTAL FOR MONTH: 1.78 1 = FOG OR MIST
DPTR FM NORMAL: -2.2 DPTR FM NORMAL: -0.42 2 = FOG REDUCING VISIBILITY
HIGHEST: 45 ON 24 GRTST 24HR 0.83 ON 15-16 TO 1/4 MILE OR LESS
LOWEST: 3 ON 12 3 = THUNDER
SNOW, ICE PELLETS, HAIL 4 = ICE PELLETS
TOTAL MONTH: 13.8 INCHES 5 = HAIL
GRTST 24HR 4.4 ON 1- 1 6 = FREEZING RAIN OR DRIZZLE
GRTST DEPTH: 8 ON 3, 2 7 = DUSTSTORM OR SANDSTORM:
VSBY 1/2 MILE OR LESS
8 = SMOKE OR HAZE
[NO. OF DAYS WITH] [WEATHER - DAYS WITH] 9 = BLOWING SNOW
X = TORNADO
MAX 32 OR BELOW: 18 0.01 INCH OR MORE: 9
MAX 90 OR ABOVE: 0 0.10 INCH OR MORE: 6
MIN 32 OR BELOW: 27 0.50 INCH OR MORE: 1
MIN 0 OR BELOW: 0 1.00 INCH OR MORE: 0
[HDD (BASE 65) ]
TOTAL THIS MO. 1149 CLEAR (SCALE 0-3) 2
DPTR FM NORMAL 56 PTCLDY (SCALE 4-7) 11
TOTAL FM JUL 1 4918 CLOUDY (SCALE 8-10) 15
DPTR FM NORMAL -27
[CDD (BASE 65) ]
TOTAL THIS MO. 0
DPTR FM NORMAL 0 [PRESSURE DATA]
TOTAL FM JAN 1 0 HIGHEST SLP 30.53 ON 21
DPTR FM NORMAL 0 LOWEST SLP 29.46 ON 3
[REMARKS]
#FINAL-02-21#