000
CXUS51 KALY 051642
CLSALB
CLIMATE REPORT
NATIONAL WEATHER SERVICE ALBANY NY
1142 AM EST SUN MAR 05 2023
...................................
...THE ALBANY NY CLIMATE SUMMARY FOR THE SEASON, FROM
12/1/2022 TO 2/28/2023...
CLIMATE NORMAL PERIOD: 1991 TO 2020
CLIMATE RECORD PERIOD: 1874 TO 2023
WEATHER OBSERVED NORMAL DEPART LAST YEAR`S
VALUE DATE(S) VALUE FROM VALUE DATE(S)
NORMAL
................................................................
TEMPERATURE (F)
RECORD
HIGH 74 02/24/2017
LOW -28 01/19/1971
HIGHEST 64 02/15 61 12/16
LOWEST -13 02/04 -6 01/22
AVG. MAXIMUM 39.9 35.7 4.2 36.5
AVG. MINIMUM 24.2 18.7 5.5 19.1
MEAN 32.1 27.2 4.9 27.8
DAYS MAX >= 90 0 0.0 0.0 0
DAYS MAX <= 32 13 35.7 -22.7 36
DAYS MIN <= 32 78 79.5 -1.5 78
DAYS MIN <= 0 2 6.5 -4.5 7
PRECIPITATION (INCHES)
RECORD
MAXIMUM 13.45 1870
MINIMUM 2.25 1980
TOTALS 9.15 8.14 1.01 6.70
DAILY AVG. 0.10 0.08
DAYS >= .01 35 35.9 -0.9 37
DAYS >= .10 23 18.4 4.6 16
DAYS >= .50 5 5.5 -0.5 6
DAYS >= 1.00 2 1.0 1.0 0
GREATEST
24 HR. TOTAL 1.77 12/22 TO 12/23
SNOWFALL (INCHES)
RECORDS
24 HR TOTAL 23.5 02/14/1914 TO 02/14/1914
SNOW DEPTH 36 01/01/1970
12/29/1969
12/28/1969
TOTALS 31.9 42.6 -10.7 23.1
SNOWDEPTH AVG. 1
DAYS >= TRACE 22 24.9 -2.9
DAYS >= 1.0 6 10.6 -4.6
GREATEST
SNOW DEPTH 7 01/24 6 02/26
01/25
02/27
24 HR TOTAL 11.0
DEGREE DAYS
HEATING TOTAL 2940 3400 -460 3328
SINCE 7/1 4039 4695 -656 4492
COOLING TOTAL 0 0 0 0
SINCE 1/1 0 0 0 0
................................................................
WIND (MPH)
AVERAGE WIND SPEED 7.6
HIGHEST WIND SPEED/DIRECTION 37/280 DATE 12/23
HIGHEST GUST SPEED/DIRECTION 54/290 DATE 02/03
WEATHER CONDITIONS. NUMBER OF DAYS WITH
THUNDERSTORM 1 MIXED PRECIP 1
HEAVY RAIN 0 RAIN 7
LIGHT RAIN 29 FREEZING RAIN 0
LT FREEZING RAIN 6 HAIL 0
HEAVY SNOW 2 SNOW 9
LIGHT SNOW 39 SLEET 12
FOG 38 FOG W/VIS <= 1/4 MILE 5
HAZE 2
- INDICATES NEGATIVE NUMBERS.
R INDICATES RECORD WAS SET OR TIED.
MM INDICATES DATA IS MISSING.
T INDICATES TRACE AMOUNT.
$$