000
CXUS54 KEPZ 011030
CF6ALM
PRELIMINARY LOCAL CLIMATOLOGICAL DATA (WS FORM: F-6)
STATION: ALAMOGORDO
MONTH: OCTOBER
YEAR: 2023
LATITUDE: 32 49 N
LONGITUDE: 106 0 W
TEMPERATURE IN F: :PCPN: SNOW: WIND :SUNSHINE: SKY :PK WND
================================================================================
1 2 3 4 5 6A 6B 7 8 9 10 11 12 13 14 15 16 17 18
12Z AVG MX 2MIN
DY MAX MIN AVG DEP HDD CDD WTR SNW DPTH SPD SPD DIR MIN PSBL S-S WX SPD DR
================================================================================
1 86 70 78 M 0 13 0.00 M M 14.4 21 150 M M 4 31 160
2 90 63 77 M 0 12 0.00 M M 13.3 23 230 M M 4 38 230
3 84 57 71 M 0 6 0.00 M M 6.4 13 220 M M 3 22 200
4 84 54 69 M 0 4 0.00 M M 5.5 13 280 M M 2 17 99
5 84 46 65 M 0 0 0.00 M M 4.1 9 10 M M 1 17 10
6 82 52 67 M 0 2 0.00 M M 5.5 13 90 M M 2 18 90
7 77 50 64 M 1 0 0.00 M M 7.1 17 30 M M 1 24 30
8 79 46 63 M 2 0 0.00 M M 4.5 8 130 M M 3 14 220
9 82 52 67 M 0 2 0.00 M M 4.2 9 50 M M 2 20 0
10 82 54 68 M 0 3 0.00 M M 4.9 9 290 M M 2 18 290
11 86 54 70 M 0 5 0.00 M M 11.7 17 210 M M 2 29 230
12 82 63 73 M 0 8 0.00 M M 13.2 27 260 M M 2 36 260
13 77 55 66 M 0 1 0.00 M M 8.5 16 340 M M 5 17 340
14 79 43 61 M 4 0 0.00 M M 4.1 8 320 M M 2 M M
15 79 46 63 M 2 0 0.00 M M 4.1 10 350 M M 2 14 99
16 79 43 61 M 4 0 0.00 M M 3.4 9 360 M M 2 14 99
17 84 48 66 M 0 1 0.00 M M 3.6 7 160 M M 3 M M
18 88 52 70 M 0 5 0.00 M M 6.6 15 340 M M 1 20 340
19 82 50 66 M 0 1 0.00 M M 5.0 10 350 M M 1 13 99
20 86 48 67 M 0 2 0.00 M M 3.4 7 140 M M 4 M M
21 88 55 72 M 0 7 0.00 M M 5.6 10 160 M M 1 13 99
22 84 55 70 M 0 5 0.00 M M 7.9 15 170 M M 1 18 170
23 82 55 69 M 0 4 0.00 M M 8.2 14 200 M M 1 23 200
24 77 52 65 M 0 0 0.23 M M 8.4 18 310 M M 6 18 31 280
25 68 48 58 M 7 0 0.00 M M 6.9 13 170 M M 2 1 20 180
26 75 45 60 M 5 0 0.00 M M 7.1 12 170 M M 1 16 180
27 79 46 63 M 2 0 0.00 M M 7.6 17 210 M M 1 23 210
28 79 48 64 M 1 0 0.00 M M 7.3 15 190 M M 1 23 190
29 73 39 56 M 9 0 0.00 M M 11.6 17 180 M M 3 24 180
30 48 30 39 M 26 0 0.00 M M 7.5 16 180 M M 6 22 160
31 55 23 39 M 26 0 0.00 M M 2.1 8 190 M M 3 12 0
================================================================================
SM 2460 1542 89 81 0.23 M 213.6 M 74
================================================================================
AV 79.4 49.7 6.9 FASTST M M 2 MAX(MPH)
MISC ----> 27 260 38 230
================================================================================
NOTES:
# LAST OF SEVERAL OCCURRENCES
COLUMN 17 PEAK WIND IN M.P.H.
PRELIMINARY LOCAL CLIMATOLOGICAL DATA (WS FORM: F-6) , PAGE 2
STATION: ALAMOGORDO
MONTH: OCTOBER
YEAR: 2023
LATITUDE: 32 49 N
LONGITUDE: 106 0 W
[TEMPERATURE DATA] [PRECIPITATION DATA] SYMBOLS USED IN COLUMN 16
AVERAGE MONTHLY: 64.5 TOTAL FOR MONTH: 0.23 1 = FOG OR MIST
DPTR FM NORMAL: 0.0 DPTR FM NORMAL: M 2 = FOG REDUCING VISIBILITY
HIGHEST: 90 ON 2 GRTST 24HR 0.23 ON 24-24 TO 1/4 MILE OR LESS
LOWEST: 23 ON 31 3 = THUNDER
SNOW, ICE PELLETS, HAIL 4 = ICE PELLETS
TOTAL MONTH: M 5 = HAIL
GRTST 24HR M ON M 6 = FREEZING RAIN OR DRIZZLE
GRTST DEPTH: M ON M 7 = DUSTSTORM OR SANDSTORM:
VSBY 1/2 MILE OR LESS
8 = SMOKE OR HAZE
[NO. OF DAYS WITH] [WEATHER - DAYS WITH] 9 = BLOWING SNOW
X = TORNADO
MAX 32 OR BELOW: 0 0.01 INCH OR MORE: 1
MAX 90 OR ABOVE: 1 0.10 INCH OR MORE: 1
MIN 32 OR BELOW: 2 0.50 INCH OR MORE: 0
MIN 0 OR BELOW: 0 1.00 INCH OR MORE: 0
[HDD (BASE 65) ]
TOTAL THIS MO. 89 CLEAR (SCALE 0-3) 23
DPTR FM NORMAL M PTCLDY (SCALE 4-7) 8
TOTAL FM JUL 1 89 CLOUDY (SCALE 8-10) 0
DPTR FM NORMAL M
[CDD (BASE 65) ]
TOTAL THIS MO. 81
DPTR FM NORMAL M [PRESSURE DATA]
TOTAL FM JAN 1 2162 HIGHEST SLP M ON M
DPTR FM NORMAL M LOWEST SLP M ON M
[REMARKS]
#FINAL-10-23#