000
CXUS53 KDMX 200403
CF6ALO
PRELIMINARY LOCAL CLIMATOLOGICAL DATA (WS FORM: F-6)
STATION: WATERLOO IA
MONTH: SEPTEMBER
YEAR: 2023
LATITUDE: 42 32 N
LONGITUDE: 92 24 W
TEMPERATURE IN F: :PCPN: SNOW: WIND :SUNSHINE: SKY :PK WND
================================================================================
1 2 3 4 5 6A 6B 7 8 9 10 11 12 13 14 15 16 17 18
12Z AVG MX 2MIN
DY MAX MIN AVG DEP HDD CDD WTR SNW DPTH SPD SPD DIR MIN PSBL S-S WX SPD DR
================================================================================
1 90 58 74 5 0 9 0.00 0.0 0 10.7 18 180 M M 0 26 170
2 98 56 77 8 0 12 0.00 0.0 0 10.2 24 190 M M 0 32 200
3 100 61 81 12 0 16 0.00 0.0 0 11.4 22 200 M M 0 28 180
4 100 69 85 17 0 20 0.00 0.0 0 12.0 24 200 M M 0 32 210
5 93 73 83 15 0 18 0.13 0.0 0 13.8 23 170 M M 2 38 32 170
6 73 64 69 1 0 4 0.00 0.0 0 13.5 22 320 M M 9 8 30 320
7 75 52 64 -4 1 0 0.00 0.0 0 7.8 16 340 M M 4 21 350
8 81 48 65 -2 0 0 0.00 0.0 0 3.0 13 10 M M 0 18 30
9 86 48 67 0 0 2 0.00 0.0 0 4.3 15 240 M M 2 21 290
10 81 59 70 3 0 5 0.12 0.0 0 5.8 15 350 M M 5 18 20 360
11 79 50 65 -1 0 0 0.02 0.0 0 7.5 18 20 M M 4 1 24 20
12 79 45 62 -4 3 0 0.04 0.0 0 4.9 21 350 M M 3 8 27 330
13 74 46 60 -6 5 0 0.00 0.0 0 5.0 10 120 M M 3 12 14 150
14 84 45 65 0 0 0 0.00 0.0 0 7.4 14 170 M M 4 19 170
15 78 57 68 3 0 3 0.00 0.0 0 7.3 17 200 M M 6 24 210
16 81 51 66 1 0 1 0.00 0.0 0 4.2 17 320 M M 4 12 24 310
17 80 46 63 -1 2 0 0.00 0.0 0 5.2 14 360 M M 1 1 20 20
18 82 41 62 -2 3 0 T 0.0 0 8.1 21 160 M M 1 3 26 150
19 77 59 68 4 0 3 0.01 0.0 0 8.4 20 160 M M 3 3 28 150
20 80 58 69 6 0 4 0.06 0.0 0 5.6 18 100 M M 7 13 26 90
21 84 51 68 5 0 3 0.00 0.0 0 7.9 20 130 M M 6 128 26 120
22 71 64 68 6 0 3 1.30 0.0 0 8.7 21 110 M M 10 138 28 80
23 84 65 75 13 0 10 0.01 0.0 0 11.5 25 150 M M 7 1 38 150
24 84 57 71 9 0 6 0.01 0.0 0 8.4 16 210 M M 5 38 24 120
25 81 55 68 7 0 3 0.01 0.0 0 4.4 17 310 M M 7 24 300
26 75 59 67 6 0 2 0.19 0.0 0 5.5 14 330 M M 8 13 16 340
27 77 59 68 8 0 3 0.00 0.0 0 6.4 14 60 M M 7 1 18 70
28 77 60 69 9 0 4 0.00 0.0 0 10.1 17 110 M M 6 18 22 140
29 90 61 76 17 0 11 0.00 0.0 0 12.5 20 150 M M 1 26 160
30 94 67 81 22 0 16 0.00 0.0 0 10.2 22 170 M M 0 28 170
================================================================================
SM 2488 1684 14 158 1.90 0.0 241.7 M 115
================================================================================
AV 82.9 56.1 8.1 FASTST M M 4 MAX(MPH)
MISC ----> 25 150 38 150
================================================================================
NOTES:
# LAST OF SEVERAL OCCURRENCES
COLUMN 17 PEAK WIND IN M.P.H.
PRELIMINARY LOCAL CLIMATOLOGICAL DATA (WS FORM: F-6) , PAGE 2
STATION: WATERLOO IA
MONTH: SEPTEMBER
YEAR: 2023
LATITUDE: 42 32 N
LONGITUDE: 92 24 W
[TEMPERATURE DATA] [PRECIPITATION DATA] SYMBOLS USED IN COLUMN 16
AVERAGE MONTHLY: 69.5 TOTAL FOR MONTH: 1.90 1 = FOG OR MIST
DPTR FM NORMAL: 4.9 DPTR FM NORMAL: -1.24 2 = FOG REDUCING VISIBILITY
HIGHEST: 100 ON 4, 3 GRTST 24HR 1.30 ON 22-22 TO 1/4 MILE OR LESS
LOWEST: 41 ON 18 3 = THUNDER
SNOW, ICE PELLETS, HAIL 4 = ICE PELLETS
TOTAL MONTH: 0.0 INCH 5 = HAIL
GRTST 24HR 0.0 6 = FREEZING RAIN OR DRIZZLE
GRTST DEPTH: 0 7 = DUSTSTORM OR SANDSTORM:
VSBY 1/2 MILE OR LESS
8 = SMOKE OR HAZE
[NO. OF DAYS WITH] [WEATHER - DAYS WITH] 9 = BLOWING SNOW
X = TORNADO
MAX 32 OR BELOW: 0 0.01 INCH OR MORE: 11
MAX 90 OR ABOVE: 7 0.10 INCH OR MORE: 4
MIN 32 OR BELOW: 0 0.50 INCH OR MORE: 1
MIN 0 OR BELOW: 0 1.00 INCH OR MORE: 1
[HDD (BASE 65) ]
TOTAL THIS MO. 14 CLEAR (SCALE 0-3) 13
DPTR FM NORMAL -95 PTCLDY (SCALE 4-7) 15
TOTAL FM JUL 1 18 CLOUDY (SCALE 8-10) 2
DPTR FM NORMAL -103
[CDD (BASE 65) ]
TOTAL THIS MO. 158
DPTR FM NORMAL 61 [PRESSURE DATA]
TOTAL FM JAN 1 1069 HIGHEST SLP 30.23 ON 9
DPTR FM NORMAL 166 LOWEST SLP 29.64 ON 5
[REMARKS]
#FINAL-09-23#