000
CDUS43 KDMX 192331
CLIALO

CLIMATE REPORT
NATIONAL WEATHER SERVICE DES MOINES IA
530 PM CST WED NOV 19 2014


...................................

...THE WATERLOO IA CLIMATE SUMMARY FOR NOVEMBER 19 2014...
VALID TODAY AS OF 0500 PM LOCAL TIME.

CLIMATE NORMAL PERIOD 1981 TO 2010
CLIMATE RECORD PERIOD 1895 TO 2014


WEATHER ITEM   OBSERVED TIME   RECORD YEAR NORMAL DEPARTURE LAST
                VALUE   (LST)  VALUE       VALUE  FROM      YEAR
                                                  NORMAL
..................................................................
TEMPERATURE (F)
 TODAY
  MAXIMUM         25    346 PM  71    1942  44    -19       45
                                      1930
  MINIMUM         18   1202 AM   1    1914  25     -7       18
  AVERAGE         22                        34    -12       32

PRECIPITATION (IN)
  TODAY            T             1.03 1992   0.06  -0.06     0.00
  MONTH TO DATE    0.21                      1.35  -1.14     1.73
  SINCE SEP 1      5.52                      6.46  -0.94     5.35
  SINCE JAN 1     32.81                     32.74   0.07    39.57

SNOWFALL (IN)
  TODAY            T             5.5  1986   0.1   -0.1      0.0
  MONTH TO DATE    3.3                       1.2    2.1      1.0
  SINCE SEP 1      3.3                       1.5    1.8      2.0
  SINCE JUL 1      3.3                       1.5    1.8      2.0
  SNOW DEPTH       1

DEGREE DAYS
 HEATING
  TODAY           43                        31     12       33
  MONTH TO DATE  649                       485    164      533
  SINCE SEP 1   1292                      1088    204     1113
  SINCE JUL 1   1309                      1108    201     1133

 COOLING
  TODAY            0                         0      0        0
  MONTH TO DATE    0                         0      0        0
  SINCE SEP 1     51                        87    -36      141
  SINCE JAN 1    658                       799   -141      837
..................................................................


WIND (MPH)
  HIGHEST WIND SPEED    32   HIGHEST WIND DIRECTION    NW (320)
  HIGHEST GUST SPEED    40   HIGHEST GUST DIRECTION    NW (310)
  AVERAGE WIND SPEED    15.7


SKY COVER
  POSSIBLE SUNSHINE  MM
  AVERAGE SKY COVER 0.9


WEATHER CONDITIONS
 THE FOLLOWING WEATHER WAS RECORDED TODAY.
  NO SIGNIFICANT WEATHER WAS OBSERVED.


RELATIVE HUMIDITY (PERCENT)
 HIGHEST    77           300 AM
 LOWEST     55          1100 AM
 AVERAGE    66

..........................................................


THE WATERLOO IA CLIMATE NORMALS FOR TOMORROW
                         NORMAL    RECORD    YEAR
 MAXIMUM TEMPERATURE (F)   43        72      1897
 MINIMUM TEMPERATURE (F)   25         1      1914


SUNRISE AND SUNSET
NOVEMBER 19 2014......SUNRISE   706 AM CST   SUNSET   444 PM CST
NOVEMBER 20 2014......SUNRISE   707 AM CST   SUNSET   443 PM CST


-  INDICATES NEGATIVE NUMBERS.
R  INDICATES RECORD WAS SET OR TIED.
MM INDICATES DATA IS MISSING.
T  INDICATES TRACE AMOUNT.




$$
