212
CDUS43 KDMX 010649 RRA
CLIALO

CLIMATE REPORT
NATIONAL WEATHER SERVICE DES MOINES IA
1248 AM CST MON FEB 1 2016


...................................

...THE WATERLOO IA CLIMATE SUMMARY FOR JANUARY 31 2016...

CLIMATE NORMAL PERIOD 1981 TO 2010
CLIMATE RECORD PERIOD 1895 TO 2016


WEATHER ITEM   OBSERVED TIME   RECORD YEAR NORMAL DEPARTURE LAST
                VALUE   (LST)  VALUE       VALUE  FROM      YEAR
                                                  NORMAL
..................................................................
TEMPERATURE (F)
 YESTERDAY
  MAXIMUM         39    344 PM  57    1989  28     11       38
  MINIMUM         28    400 AM -27    1918  10     18       22
  AVERAGE         34                        19     15       30

PRECIPITATION (IN)
  YESTERDAY        0.00          0.36 2002   0.03  -0.03     0.36
  MONTH TO DATE    0.78                      0.83  -0.05     1.00
  SINCE DEC 1      6.70                      2.03   4.67     2.64
  SINCE JAN 1      0.78                      0.83  -0.05     1.00

SNOWFALL (IN)
  YESTERDAY        0.0           4.2  2002   0.3   -0.3      2.0
  MONTH TO DATE    3.5                       8.2   -4.7     10.7
  SINCE DEC 1     17.5                      18.1   -0.6     11.2
  SINCE JUL 1     30.2                      21.5    8.7     16.6
  SNOW DEPTH       2

DEGREE DAYS
 HEATING
  YESTERDAY       31                        46    -15       35
  MONTH TO DATE 1426                      1446    -20     1366
  SINCE DEC 1   2382                      2771   -389     2506
  SINCE JUL 1   3597                      4254   -657     4255

 COOLING
  YESTERDAY        0                         0      0        0
  MONTH TO DATE    0                         0      0        0
  SINCE DEC 1      0                         0      0        0
  SINCE JAN 1      0                         0      0        0
..................................................................


WIND (MPH)
  HIGHEST WIND SPEED    15   HIGHEST WIND DIRECTION     W (270)
  HIGHEST GUST SPEED    20   HIGHEST GUST DIRECTION    NW (310)
  AVERAGE WIND SPEED     8.1


SKY COVER
  POSSIBLE SUNSHINE  MM
  AVERAGE SKY COVER 0.5


WEATHER CONDITIONS
 THE FOLLOWING WEATHER WAS RECORDED YESTERDAY.
  FOG


RELATIVE HUMIDITY (PERCENT)
 HIGHEST   100           400 AM
 LOWEST     70           200 PM
 AVERAGE    85

..........................................................


THE WATERLOO IA CLIMATE NORMALS FOR TODAY
                         NORMAL    RECORD    YEAR
 MAXIMUM TEMPERATURE (F)   29        52      1911
 MINIMUM TEMPERATURE (F)   10       -30      1918


SUNRISE AND SUNSET
FEBRUARY  1 2016......SUNRISE   724 AM CST   SUNSET   523 PM CST
FEBRUARY  2 2016......SUNRISE   723 AM CST   SUNSET   524 PM CST


-  INDICATES NEGATIVE NUMBERS.
R  INDICATES RECORD WAS SET OR TIED.
MM INDICATES DATA IS MISSING.
T  INDICATES TRACE AMOUNT.




$$
