000
CDUS43 KDMX 170640
CLIALO

CLIMATE REPORT
NATIONAL WEATHER SERVICE DES MOINES IA
137 AM CDT SUN APR 17 2016


...................................

...THE WATERLOO IA CLIMATE SUMMARY FOR APRIL 16 2016...

CLIMATE NORMAL PERIOD 1981 TO 2010
CLIMATE RECORD PERIOD 1895 TO 2016


WEATHER ITEM   OBSERVED TIME   RECORD YEAR NORMAL DEPARTURE LAST
                VALUE   (LST)  VALUE       VALUE  FROM      YEAR
                                                  NORMAL
..................................................................
TEMPERATURE (F)
 YESTERDAY
  MAXIMUM         80    333 PM  88    2004  61     19       74
                                      2002
  MINIMUM         50    550 AM  19    1949  37     13       48
                                      1904
  AVERAGE         65                        49     16       61

PRECIPITATION (IN)
  YESTERDAY        0.00          1.14 1945   0.13  -0.13     0.00
  MONTH TO DATE    0.61                      1.77  -1.16     1.61
  SINCE MAR 1      3.49                      3.83  -0.34     2.21
  SINCE JAN 1      5.21                      5.65  -0.44     4.24

SNOWFALL (IN)
  YESTERDAY        0.0           4.7  1921   0.1   -0.1      0.0
  MONTH TO DATE    T                         1.4   -1.4       T
  SINCE MAR 1      2.9                       6.0   -3.1      0.7
  SINCE JUL 1     46.0                      34.9   11.1     29.2
  SNOW DEPTH       0

DEGREE DAYS
 HEATING
  YESTERDAY        0                        16    -16        4
  MONTH TO DATE  328                       307     21      243
  SINCE MAR 1   1074                      1213   -139     1152
  SINCE JUL 1   5773                      6632   -859     6913

 COOLING
  YESTERDAY        0                         0      0        0
  MONTH TO DATE    0                         0      0        0
  SINCE MAR 1      0                         0      0        0
  SINCE JAN 1      0                         0      0        0
..................................................................


WIND (MPH)
  HIGHEST WIND SPEED    25   HIGHEST WIND DIRECTION     S (160)
  HIGHEST GUST SPEED    33   HIGHEST GUST DIRECTION     S (170)
  AVERAGE WIND SPEED    11.5


SKY COVER
  POSSIBLE SUNSHINE  MM
  AVERAGE SKY COVER 0.1


WEATHER CONDITIONS
 THE FOLLOWING WEATHER WAS RECORDED YESTERDAY.
  NO SIGNIFICANT WEATHER WAS OBSERVED.


RELATIVE HUMIDITY (PERCENT)
 HIGHEST    72           100 AM
 LOWEST     25           100 PM
 AVERAGE    49

..........................................................


THE WATERLOO IA CLIMATE NORMALS FOR TODAY
                         NORMAL    RECORD    YEAR
 MAXIMUM TEMPERATURE (F)   61        85      1985
 MINIMUM TEMPERATURE (F)   38        14      1921


SUNRISE AND SUNSET
APRIL 17 2016.........SUNRISE   624 AM CDT   SUNSET   754 PM CDT
APRIL 18 2016.........SUNRISE   623 AM CDT   SUNSET   756 PM CDT


-  INDICATES NEGATIVE NUMBERS.
R  INDICATES RECORD WAS SET OR TIED.
MM INDICATES DATA IS MISSING.
T  INDICATES TRACE AMOUNT.




$$
