000
CDUS43 KDMX 012335
CLIALO

CLIMATE REPORT
NATIONAL WEATHER SERVICE DES MOINES IA
533 PM CST SUN JAN 1 2017


...................................

...THE WATERLOO IA CLIMATE SUMMARY FOR JANUARY 1 2017...
VALID TODAY AS OF 0500 PM LOCAL TIME.

CLIMATE NORMAL PERIOD 1981 TO 2010
CLIMATE RECORD PERIOD 1895 TO 2016


WEATHER ITEM   OBSERVED TIME   RECORD YEAR NORMAL DEPARTURE LAST
                VALUE   (LST)  VALUE       VALUE  FROM      YEAR
                                                  NORMAL
..................................................................
TEMPERATURE (F)
 TODAY
  MAXIMUM         36    328 PM  61    1897  27      9       32
  MINIMUM         15    548 AM -18    1974  10      5       18
                                      1924
  AVERAGE         26                        19      7       25

PRECIPITATION (IN)
  TODAY            0.00          0.45 1942   0.03  -0.03     0.00
  MONTH TO DATE    0.00                      0.03  -0.03     0.00
  SINCE DEC 1      1.87                      1.23   0.64     5.92
  SINCE JAN 1      0.00                      0.03  -0.03     0.00

SNOWFALL (IN)
  TODAY            0.0           4.5  1942   0.3   -0.3      0.0
  MONTH TO DATE    0.0                       0.3   -0.3      0.0
  SINCE DEC 1     10.5                      10.2    0.3     14.0
  SINCE JUL 1     10.5                      13.6   -3.1     26.7
  SNOW DEPTH       0

DEGREE DAYS
 HEATING
  TODAY           39                        46     -7       40
  MONTH TO DATE   39                        46     -7       40
  SINCE DEC 1   1362                      1374    -12      996
  SINCE JUL 1   2351                      2857   -506     2211

 COOLING
  TODAY            0                         0      0        0
  MONTH TO DATE    0                         0      0        0
  SINCE DEC 1      0                         0      0        0
  SINCE JAN 1      0                         0      0        0
..................................................................


WIND (MPH)
  HIGHEST WIND SPEED    15   HIGHEST WIND DIRECTION    SW (210)
  HIGHEST GUST SPEED    18   HIGHEST GUST DIRECTION    SW (210)
  AVERAGE WIND SPEED     5.6


SKY COVER
  POSSIBLE SUNSHINE  MM
  AVERAGE SKY COVER 0.1


WEATHER CONDITIONS
 THE FOLLOWING WEATHER WAS RECORDED TODAY.
  NO SIGNIFICANT WEATHER WAS OBSERVED.


RELATIVE HUMIDITY (PERCENT)
 HIGHEST    84           200 AM
 LOWEST     59           100 PM
 AVERAGE    72

..........................................................


THE WATERLOO IA CLIMATE NORMALS FOR TOMORROW
                         NORMAL    RECORD    YEAR
 MAXIMUM TEMPERATURE (F)   27        50      1998
 MINIMUM TEMPERATURE (F)   10       -20      2010


SUNRISE AND SUNSET
JANUARY  1 2017.......SUNRISE   739 AM CST   SUNSET   447 PM CST
JANUARY  2 2017.......SUNRISE   740 AM CST   SUNSET   448 PM CST


-  INDICATES NEGATIVE NUMBERS.
R  INDICATES RECORD WAS SET OR TIED.
MM INDICATES DATA IS MISSING.
T  INDICATES TRACE AMOUNT.

$$
