000
CDUS43 KDMX 192329
CLIALO

CLIMATE REPORT
NATIONAL WEATHER SERVICE DES MOINES IA
527 PM CST SAT NOV 19 2016


...................................

...THE WATERLOO IA CLIMATE SUMMARY FOR NOVEMBER 19 2016...
VALID TODAY AS OF 0500 PM LOCAL TIME.

CLIMATE NORMAL PERIOD 1981 TO 2010
CLIMATE RECORD PERIOD 1895 TO 2016


WEATHER ITEM   OBSERVED TIME   RECORD YEAR NORMAL DEPARTURE LAST
                VALUE   (LST)  VALUE       VALUE  FROM      YEAR
                                                  NORMAL
..................................................................
TEMPERATURE (F)
 TODAY
  MAXIMUM         36    221 PM  71    1942  44     -8       43
                                      1930
  MINIMUM         29    459 PM   1    1914  25      4       31
  AVERAGE         33                        34     -1       37

PRECIPITATION (IN)
  TODAY            0.00          1.03 1992   0.06  -0.06      T
  MONTH TO DATE    0.01                      1.35  -1.34     1.56
  SINCE SEP 1      9.81                      6.46   3.35     5.82
  SINCE JAN 1     38.50                     32.74   5.76    31.05

SNOWFALL (IN)
  TODAY            0.0           5.5  1986   0.1   -0.1      0.0
  MONTH TO DATE    0.0                       1.2   -1.2      0.0
  SINCE SEP 1      0.0                       1.5   -1.5      0.0
  SINCE JUL 1      0.0                       1.5   -1.5      0.0
  SNOW DEPTH       0

DEGREE DAYS
 HEATING
  TODAY           32                        31      1       28
  MONTH TO DATE  307                       485   -178      324
  SINCE SEP 1    660                      1088   -428      786
  SINCE JUL 1    665                      1108   -443      817

 COOLING
  TODAY            0                         0      0        0
  MONTH TO DATE    0                         0      0        0
  SINCE SEP 1    116                        87     29      172
  SINCE JAN 1    869                       799     70      746
..................................................................


WIND (MPH)
  HIGHEST WIND SPEED    31   HIGHEST WIND DIRECTION    NW (320)
  HIGHEST GUST SPEED    40   HIGHEST GUST DIRECTION    NW (310)
  AVERAGE WIND SPEED    21.1


SKY COVER
  POSSIBLE SUNSHINE  MM
  AVERAGE SKY COVER 0.7


WEATHER CONDITIONS
 THE FOLLOWING WEATHER WAS RECORDED TODAY.
  NO SIGNIFICANT WEATHER WAS OBSERVED.


RELATIVE HUMIDITY (PERCENT)
 HIGHEST    69          1200 AM
 LOWEST     44           200 PM
 AVERAGE    57

..........................................................


THE WATERLOO IA CLIMATE NORMALS FOR TOMORROW
                         NORMAL    RECORD    YEAR
 MAXIMUM TEMPERATURE (F)   43        72      1897
 MINIMUM TEMPERATURE (F)   25         0      2014


SUNRISE AND SUNSET
NOVEMBER 19 2016......SUNRISE   706 AM CST   SUNSET   443 PM CST
NOVEMBER 20 2016......SUNRISE   708 AM CST   SUNSET   443 PM CST


-  INDICATES NEGATIVE NUMBERS.
R  INDICATES RECORD WAS SET OR TIED.
MM INDICATES DATA IS MISSING.
T  INDICATES TRACE AMOUNT.




$$
