000
CDUS43 KDMX 022338 RRA
CLIALO

CLIMATE REPORT
NATIONAL WEATHER SERVICE DES MOINES IA
536 PM CST TUE JAN 2 2018


...................................

...THE WATERLOO IA CLIMATE SUMMARY FOR JANUARY 2 2018...
VALID TODAY AS OF 0500 PM LOCAL TIME.

CLIMATE NORMAL PERIOD 1981 TO 2010
CLIMATE RECORD PERIOD 1895 TO 2018


WEATHER ITEM   OBSERVED TIME   RECORD YEAR NORMAL DEPARTURE LAST
                VALUE   (LST)  VALUE       VALUE  FROM      YEAR
                                                  NORMAL
..................................................................
TEMPERATURE (F)
 TODAY
  MAXIMUM          8    459 PM  50    1998  27    -19       34
  MINIMUM        -21R   357 AM -20    2010  10    -31       31
  AVERAGE         -6                        19    -25       33

PRECIPITATION (IN)
  TODAY            0.00          0.99 1966   0.03  -0.03     0.50
  MONTH TO DATE    0.00                      0.06  -0.06     0.50
  SINCE DEC 1      0.46                      1.26  -0.80     2.37
  SINCE JAN 1      0.00                      0.06  -0.06     0.50

SNOWFALL (IN)
  TODAY           MM             9.2  1999   0.2   MM        0.0
  MONTH TO DATE    0.0                       0.5   -0.5      0.0
  SINCE DEC 1      7.7                      10.4   -2.7     10.5
  SINCE JUL 1      7.7                      13.8   -6.1     10.5
  SNOW DEPTH       0

DEGREE DAYS
 HEATING
  TODAY           71                        46     25       32
  MONTH TO DATE  148                        92     56       71
  SINCE DEC 1   1478                      1420     58     1394
  SINCE JUL 1   2869                      2903    -34     2383

 COOLING
  TODAY            0                         0      0        0
  MONTH TO DATE    0                         0      0        0
  SINCE DEC 1      0                         0      0        0
  SINCE JAN 1      0                         0      0        0
..................................................................


WIND (MPH)
  HIGHEST WIND SPEED    23   HIGHEST WIND DIRECTION    SW (210)
  HIGHEST GUST SPEED    31   HIGHEST GUST DIRECTION    SW (210)
  AVERAGE WIND SPEED     8.7


SKY COVER
  POSSIBLE SUNSHINE  MM
  AVERAGE SKY COVER 0.0


WEATHER CONDITIONS
 THE FOLLOWING WEATHER WAS RECORDED TODAY.
  LIGHT SNOW


RELATIVE HUMIDITY (PERCENT)
 HIGHEST    81          1200 AM
 LOWEST     56          1100 AM
 AVERAGE    69

..........................................................


THE WATERLOO IA CLIMATE NORMALS FOR TOMORROW
                         NORMAL    RECORD    YEAR
 MAXIMUM TEMPERATURE (F)   27        51      2007
 MINIMUM TEMPERATURE (F)   10       -21      2014
                                             1904


SUNRISE AND SUNSET
JANUARY  2 2018.......SUNRISE   739 AM CST   SUNSET   448 PM CST
JANUARY  3 2018.......SUNRISE   740 AM CST   SUNSET   449 PM CST


-  INDICATES NEGATIVE NUMBERS.
R  INDICATES RECORD WAS SET OR TIED.
MM INDICATES DATA IS MISSING.
T  INDICATES TRACE AMOUNT.




$$
