000
CDUS43 KDMX 102228 RRA
CLIALO

CLIMATE REPORT
NATIONAL WEATHER SERVICE DES MOINES IA
527 PM CDT MON APR 10 2017


...................................

...THE WATERLOO IA CLIMATE SUMMARY FOR APRIL 10 2017...
VALID TODAY AS OF 0500 PM LOCAL TIME.

CLIMATE NORMAL PERIOD 1981 TO 2010
CLIMATE RECORD PERIOD 1895 TO 2017


WEATHER ITEM   OBSERVED TIME   RECORD YEAR NORMAL DEPARTURE LAST
                VALUE   (LST)  VALUE       VALUE  FROM      YEAR
                                                  NORMAL
..................................................................
TEMPERATURE (F)
 TODAY
  MAXIMUM         67   1212 AM  92    1930  58      9       63
  MINIMUM         53    359 PM  18    1960  35     18       38
  AVERAGE         60                        47     13       51

PRECIPITATION (IN)
  TODAY            T             1.31 2008   0.11  -0.11     0.03
  MONTH TO DATE    1.09                      1.02   0.07     0.61
  SINCE MAR 1      3.15                      3.08   0.07     3.49
  SINCE JAN 1      7.08                      4.90   2.18     5.26

SNOWFALL (IN)
  TODAY            0.0           1.0  1952   0.0    0.0      0.0
  MONTH TO DATE    0.0                       0.9   -0.9       T
  SINCE MAR 1     10.6                       5.5    5.1      2.9
  SINCE JUL 1     26.2                      34.4   -8.2     46.0
  SNOW DEPTH      MM

DEGREE DAYS
 HEATING
  TODAY            5                        19    -14       14
  MONTH TO DATE  147                       204    -57      251
  SINCE MAR 1   1064                      1110    -46      997
  SINCE JUL 1   5526                      6529  -1003     5697

 COOLING
  TODAY            0                         0      0        0
  MONTH TO DATE    3                         0      3        0
  SINCE MAR 1      3                         0      3        0
  SINCE JAN 1      3                         0      3        0
..................................................................


WIND (MPH)
  HIGHEST WIND SPEED    23   HIGHEST WIND DIRECTION     W (270)
  HIGHEST GUST SPEED    29   HIGHEST GUST DIRECTION    SW (230)
  AVERAGE WIND SPEED    10.2


SKY COVER
  POSSIBLE SUNSHINE  MM
  AVERAGE SKY COVER 0.6


WEATHER CONDITIONS
 THE FOLLOWING WEATHER WAS RECORDED TODAY.
  LIGHT RAIN
  HAZE


RELATIVE HUMIDITY (PERCENT)
 HIGHEST    83           700 AM
 LOWEST     60           100 PM
 AVERAGE    72

..........................................................


THE WATERLOO IA CLIMATE NORMALS FOR TOMORROW
                         NORMAL    RECORD    YEAR
 MAXIMUM TEMPERATURE (F)   59        87      1930
 MINIMUM TEMPERATURE (F)   35        16      2004


SUNRISE AND SUNSET
APRIL 10 2017.........SUNRISE   636 AM CDT   SUNSET   746 PM CDT
APRIL 11 2017.........SUNRISE   634 AM CDT   SUNSET   747 PM CDT


-  INDICATES NEGATIVE NUMBERS.
R  INDICATES RECORD WAS SET OR TIED.
MM INDICATES DATA IS MISSING.
T  INDICATES TRACE AMOUNT.




$$
