000
CXUS55 KPUB 022142
CF6ALS
PRELIMINARY LOCAL CLIMATOLOGICAL DATA (WS FORM: F-6)
STATION: ALAMOSA CO
MONTH: DECEMBER
YEAR: 2022
LATITUDE: 37 27 N
LONGITUDE: 105 52 W
TEMPERATURE IN F: :PCPN: SNOW: WIND :SUNSHINE: SKY :PK WND
================================================================================
1 2 3 4 5 6A 6B 7 8 9 10 11 12 13 14 15 16 17 18
12Z AVG MX 2MIN
DY MAX MIN AVG DEP HDD CDD WTR SNW DPTH SPD SPD DIR MIN PSBL S-S WX SPD DR
================================================================================
1 53 6 30 7 35 0 0.00 0.0 0 9.3 23 220 M M 0 31 220
2 46 17 32 10 33 0 0.00 0.0 0 15.5 35 250 M M 2 47 240
3 51 10 31 9 34 0 0.00 0.0 0 5.0 17 200 M M 1 25 200
4 47 21 34 12 31 0 0.00 0.0 0 3.6 13 290 M M 1 17 150
5 52 23 38 17 27 0 0.00 0.0 0 10.1 23 240 M M 3 12 31 220
6 49 22 36 15 29 0 0.00 0.0 0 13.8 29 230 M M 0 37 220
7 49 12 31 11 34 0 T T 0 7.3 23 220 M M 3 1 33 210
8 43 5 24 4 41 0 0.00 0.0 0 7.8 22 250 M M 0 32 250
9 45 0 23 3 42 0 0.00 0.0 0 5.8 24 230 M M 0 32 240
10 41 0 21 2 44 0 0.00 0.0 0 2.6 9 280 M M 0 11 270
11 52 4 28 9 37 0 0.00 0.0 0 7.8 22 180 M M 0 30 170
12 43 10 27 8 38 0 0.02 0.3 0 13.8 29 210 M M 4 1 37 200
13 29 -8 11 -7 54 0 0.00 0.0 T 6.8 21 300 M M 3 30 330
14 34 1 18 0 47 0 0.00 0.0 T 5.3 14 360 M M 0 19 10
15 29 -6 12 -6 53 0 T T 0 5.6 21 340 M M 4 1 29 340
16 25 -8 9 -9 56 0 0.00 0.0 T 4.8 17 360 M M 0 23 360
17 31 -10 11 -6 54 0 0.00 0.0 0 3.5 9 240 M M 0 14 40
18 29 -10 10 -7 55 0 0.00 0.0 0 2.5 8 260 M M 0 10 360
19 38 -9 15 -2 50 0 0.00 0.0 0 2.8 9 290 M M 0 10 10
20 36 -8 14 -3 51 0 0.00 0.0 0 2.5 7 340 M M 1 11 60
21 43 1 22 6 43 0 0.00 0.0 0 8.7 25 240 M M 1 34 230
22 41 9 25 9 40 0 0.00 0.0 0 10.2 29 10 M M 1 8 37 360
23 39 6 23 7 42 0 0.00 0.0 0 2.5 8 300 M M 1 10 150
24 46 1 24 8 41 0 0.00 0.0 0 4.1 16 350 M M 0 23 350
25 45 4 25 9 40 0 0.00 0.0 0 4.8 12 260 M M 0 13 250
26 46 8 27 11 38 0 0.00 0.0 0 3.9 10 220 M M 0 13 220
27 53 5 29 13 36 0 0.00 0.0 0 5.7 21 200 M M 1 27 200
28 48 21 35 19 30 0 0.00 0.0 0 16.3 28 240 M M 4 36 250
29 37 7 22 6 43 0 0.00 0.0 0 7.0 25 240 M M 2 33 230
30 39 4 22 6 43 0 0.00 0.0 0 3.5 9 110 M M 2 12 120
31 51 6 29 13 36 0 0.00 0.0 0 10.8 28 190 M M 2 36 200
================================================================================
SM 1310 144 1277 0 0.02 0.3 213.7 M 36
================================================================================
AV 42.3 4.6 6.9 FASTST M M 1 MAX(MPH)
MISC ----> 35 250 47 240
================================================================================
NOTES:
COLUMN 17 PEAK WIND IN M.P.H.
PRELIMINARY LOCAL CLIMATOLOGICAL DATA (WS FORM: F-6) , PAGE 2
STATION: ALAMOSA CO
MONTH: DECEMBER
YEAR: 2022
LATITUDE: 37 27 N
LONGITUDE: 105 52 W
[TEMPERATURE DATA] [PRECIPITATION DATA] SYMBOLS USED IN COLUMN 16
AVERAGE MONTHLY: 23.5 TOTAL FOR MONTH: 0.02 1 = FOG OR MIST
DPTR FM NORMAL: 5.4 DPTR FM NORMAL: -0.33 2 = FOG REDUCING VISIBILITY
HIGHEST: 53 ON 27, 1 GRTST 24HR 0.02 ON 12 TO 1/4 MILE OR LESS
LOWEST: -10 ON 18,17 3 = THUNDER
SNOW, ICE PELLETS, HAIL 4 = ICE PELLETS
TOTAL MONTH: 0.3 5 = HAIL
GRTST 24HR 0.3 ON 12 6 = FREEZING RAIN OR DRIZZLE
GRTST DEPTH: T ON 12-16 7 = DUSTSTORM OR SANDSTORM:
VSBY 1/2 MILE OR LESS
8 = SMOKE OR HAZE
[NO. OF DAYS WITH] [WEATHER - DAYS WITH] 9 = BLOWING SNOW
X = TORNADO
MAX 32 OR BELOW: 5 0.01 INCH OR MORE: 1
MAX 90 OR ABOVE: 0 0.10 INCH OR MORE: 0
MIN 32 OR BELOW: 31 0.50 INCH OR MORE: 0
MIN 0 OR BELOW: 9 1.00 INCH OR MORE: 0
[HDD (BASE 65) ]
TOTAL THIS MO. 1277 CLEAR (SCALE 0-3) 28
DPTR FM NORMAL -177 PTCLDY (SCALE 4-7) 3
TOTAL FM JUL 1 3283 CLOUDY (SCALE 8-10) 0
DPTR FM NORMAL -250
[CDD (BASE 65) ]
TOTAL THIS MO. 0
DPTR FM NORMAL 0 [PRESSURE DATA]
TOTAL FM JAN 1 134 HIGHEST SLP 30.70 ON 20
DPTR FM NORMAL 63 LOWEST SLP 29.39 ON 28
[REMARKS]
#FINAL-12-22#