000
CXUS56 KPDT 011810
CF6ALW
PRELIMINARY LOCAL CLIMATOLOGICAL DATA (WS FORM: F-6)
STATION: WALLA WALLA WA
MONTH: APRIL
YEAR: 2022
LATITUDE: 46 5 N
LONGITUDE: 118 17 W
TEMPERATURE IN F: :PCPN: SNOW: WIND :SUNSHINE: SKY :PK WND
================================================================================
1 2 3 4 5 6A 6B 7 8 9 10 11 12 13 14 15 16 17 18
12Z AVG MX 2MIN
DY MAX MIN AVG DEP HDD CDD WTR SNW DPTH SPD SPD DIR MIN PSBL S-S WX SPD DR
================================================================================
1 59 36 48 -2 17 0 T M M 7.6 16 220 M M 2 21 200
2 57 40 49 -1 16 0 0.28 M M 13.5 21 250 M M 5 33 210
3 59 35 47 -3 18 0 0.00 M M 8.1 20 240 M M 5 26 240
4 55 37 46 -4 19 0 0.11 M M 25.8 47 250 M M 7 78 69 250
5 54 35 45 -5 20 0 0.00 M M 15.9 28 240 M M 3 37 200
6 59 29 44 -7 21 0 0.00 M M 6.7 16 30 M M 0 20 20
7 67 37 52 1 13 0 0.00 M M 4.0 9 170 M M 0 12 290
8 57 40 49 -2 16 0 T M M 16.7 38 260 M M 6 8 45 260
9 52 34 43 -8 22 0 0.01 M M 13.3 32 260 M M 6 3 40 270
10 45 32 39 -12 26 0 0.14 M M 10.2 23 330 M M 9 1 33 330
11 47 33 40 -11 25 0 0.11 M M 13.7 35 220 M M 10 1 47 220
12 42 30 36 -16 29 0 0.09 M M 5.3 20 180 M M 7 1 23 180
13 46 30 38 -14 27 0 0.09 M M 5.8 18 230 M M 7 18 25 230
14 42 30 36 -16 29 0 0.13 M M 5.9 18 300 M M 7 1 25 300
15 48 30 39 -13 26 0 0.22 M M 7.4 16 150 M M 5 1 21 180
16 38 31 35 -17 30 0 0.24 M M 9.2 18 200 M M 7 1 27 190
17 54 34 44 -8 21 0 T M M 8.5 17 200 M M 2 22 190
18 55 39 47 -6 18 0 0.22 M M 8.8 32 260 M M 6 1 40 260
19 55 37 46 -7 19 0 0.04 M M 10.2 20 240 M M 7 35 240
20 61 35 48 -5 17 0 0.16 M M 8.9 37 220 M M 5 1 55 200
21 58 41 50 -3 15 0 0.06 M M 8.0 29 260 M M 5 1 38 260
22 61 36 49 -5 16 0 T M M 5.7 12 270 M M 2 17 260
23 61 43 52 -2 13 0 0.00 M M 9.3 18 200 M M 4 32 220
24 69 39 54 0 11 0 0.00 M M 4.7 14 100 M M 0 18 90
25 64 45 55 1 10 0 0.11 M M 6.9 15 250 M M 3 19 280
26 59 43 51 -4 14 0 0.01 M M 13.7 26 260 M M 7 41 270
27 55 41 48 -7 17 0 T M M 7.1 14 210 M M 6 20 190
28 57 39 48 -7 17 0 0.01 M M 6.7 16 260 M M 5 22 250
29 61 42 52 -4 13 0 0.01 M M 9.1 16 220 M M 5 22 210
30 59 46 53 -3 12 0 0.71 M M 7.3 21 270 M M 10 12 24 260
================================================================================
SM 1656 1099 567 0 2.75 M 284.0 M 153
================================================================================
AV 55.2 36.6 9.5 FASTST M M 5 MAX(MPH)
MISC ----> 47 250 69 250
================================================================================
NOTES:
# LAST OF SEVERAL OCCURRENCES
COLUMN 17 PEAK WIND IN M.P.H.
PRELIMINARY LOCAL CLIMATOLOGICAL DATA (WS FORM: F-6) , PAGE 2
STATION: WALLA WALLA WA
MONTH: APRIL
YEAR: 2022
LATITUDE: 46 5 N
LONGITUDE: 118 17 W
[TEMPERATURE DATA] [PRECIPITATION DATA] SYMBOLS USED IN COLUMN 16
AVERAGE MONTHLY: 45.9 TOTAL FOR MONTH: 2.75 1 = FOG OR MIST
DPTR FM NORMAL: -6.6 DPTR FM NORMAL: 0.77 2 = FOG REDUCING VISIBILITY
HIGHEST: 69 ON 24 GRTST 24HR 0.71 ON 30-30 TO 1/4 MILE OR LESS
LOWEST: 29 ON 6 3 = THUNDER
SNOW, ICE PELLETS, HAIL 4 = ICE PELLETS
TOTAL MONTH: M 5 = HAIL
GRTST 24HR M ON M 6 = FREEZING RAIN OR DRIZZLE
GRTST DEPTH: M ON M 7 = DUSTSTORM OR SANDSTORM:
VSBY 1/2 MILE OR LESS
8 = SMOKE OR HAZE
[NO. OF DAYS WITH] [WEATHER - DAYS WITH] 9 = BLOWING SNOW
X = TORNADO
MAX 32 OR BELOW: 0 0.01 INCH OR MORE: 19
MAX 90 OR ABOVE: 0 0.10 INCH OR MORE: 11
MIN 32 OR BELOW: 7 0.50 INCH OR MORE: 1
MIN 0 OR BELOW: 0 1.00 INCH OR MORE: 0
[HDD (BASE 65) ]
TOTAL THIS MO. 567 CLEAR (SCALE 0-3) 8
DPTR FM NORMAL 191 PTCLDY (SCALE 4-7) 19
TOTAL FM JUL 1 4735 CLOUDY (SCALE 8-10) 3
DPTR FM NORMAL 174
[CDD (BASE 65) ]
TOTAL THIS MO. 0
DPTR FM NORMAL -2 [PRESSURE DATA]
TOTAL FM JAN 1 0 HIGHEST SLP 30.56 ON 6
DPTR FM NORMAL -2 LOWEST SLP 29.27 ON 11
[REMARKS]
#FINAL-04-22#