000
CXUS52 KJAX 061606
CF6AMG
PRELIMINARY LOCAL CLIMATOLOGICAL DATA (WS FORM: F-6)
STATION: ALMA
MONTH: JANUARY
YEAR: 2024
LATITUDE: 31 32 N
LONGITUDE: 82 30 W
TEMPERATURE IN F: :PCPN: SNOW: WIND :SUNSHINE: SKY :PK WND
================================================================================
1 2 3 4 5 6A 6B 7 8 9 10 11 12 13 14 15 16 17 18
12Z AVG MX 2MIN
DY MAX MIN AVG DEP HDD CDD WTR SNW DPTH SPD SPD DIR MIN PSBL S-S WX SPD DR
================================================================================
1 68 36 52 1 13 0 0.00 0.0 0 5.3 15 320 M M 2 12 21 280
2 56 33 45 -6 20 0 0.00 0.0 0 3.6 12 60 M M 0 20 320
3 55 29 42 -9 23 0 0.26 0.0 0 1.2 7 350 M M 4 1 10 360
4 61 35 48 -3 17 0 0.00 0.0 0 4.1 13 320 M M 2 17 330
5 64 34 49 -2 16 0 0.00 0.0 0 4.5 12 110 M M 1 20 130
6 75 52 64 13 1 0 1.19 0.0 0 7.7 22 160 M M 6 1 38 150
7 58 40 49 -2 16 0 0.00 0.0 0 6.1 18 300 M M 1 25 300
8 57 37 47 -4 18 0 0.20 0.0 0 4.9 12 110 M M 2 1 22 60
9 72 53 63 12 2 0 0.83 0.0 0 13.8 32 170 M M 9 13 58 160
10 55 40 48 -3 17 0 0.00 0.0 0 6.9 22 260 M M 1 37 240
11 58 41 50 -1 15 0 0.00 0.0 0 1.3 9 300 M M 0 1 12 280
12 74 37 56 5 9 0 0.15 0.0 0 6.5 20 230 M M 7 13 34 220
13 71 39 55 4 10 0 0.00 0.0 0 8.4 23 300 M M 1 38 290
14 61 36 49 -2 16 0 0.00 0.0 0 0.8 9 170 M M 0 13 220
15 71 34 53 2 12 0 0.00 0.0 0 1.5 9 160 M M 2 1 13 160
16 61 34 48 -3 17 0 0.00 0.0 0 7.1 20 320 M M 6 12 28 310
17 47 25 36 -15 29 0 0.00 0.0 0 5.8 17 310 M M 0 26 310
18 59 24 42 -9 23 0 0.00 0.0 0 2.3 8 330 M M 3 11 300
19 67 40 54 3 11 0 0.02 0.0 0 8.1 22 310 M M 4 1 32 300
20 46 30 38 -13 27 0 0.00 0.0 0 8.2 17 310 M M 0 25 310
21 44 24 34 -17 31 0 0.00 0.0 0 3.2 9 350 M M 0 16 30
22 64 28 46 -5 19 0 0.00 0.0 0 4.5 13 130 M M 0 18 110
23 66 53 60 9 5 0 0.02 0.0 0 3.5 10 100 M M M 1 17 90
24 78 62 70 19 0 5 T 0.0 0 5.0 13 160 M M M 1 19 120
25 82 65 74 23 0 9 0.03 0.0 0 6.1 13 150 M M M 12 19 160
26 79 60 70 19 0 5 0.00 0.0 0 4.1 14 170 M M M 1 20 170
27 83 61 72 21 0 7 0.01 0.0 0 8.5 18 210 M M M 12 29 210
28 69 51 60 8 5 0 T 0.0 0 13.2 21 300 M M M 1 34 300
29 64 41 53 1 12 0 0.00 0.0 0 8.1 21 280 M M M 32 310
30 63 33 48 -4 17 0 0.00 0.0 0 4.1 13 230 M M M 1 17 250
31 64 39 52 0 13 0 0.00 0.0 0 6.1 22 320 M M M 1 34 310
================================================================================
SM 1992 1246 414 26 2.71 0.0 174.5 M 51
================================================================================
AV 64.3 40.2 5.6 FASTST M M 2 MAX(MPH)
MISC ----> 32 170 58 160
================================================================================
NOTES:
# LAST OF SEVERAL OCCURRENCES
COLUMN 17 PEAK WIND IN M.P.H.
PRELIMINARY LOCAL CLIMATOLOGICAL DATA (WS FORM: F-6) , PAGE 2
STATION: ALMA
MONTH: JANUARY
YEAR: 2024
LATITUDE: 31 32 N
LONGITUDE: 82 30 W
[TEMPERATURE DATA] [PRECIPITATION DATA] SYMBOLS USED IN COLUMN 16
AVERAGE MONTHLY: 52.2 TOTAL FOR MONTH: 2.71 1 = FOG OR MIST
DPTR FM NORMAL: 1.2 DPTR FM NORMAL: -1.01 2 = FOG REDUCING VISIBILITY
HIGHEST: 83 ON 27 GRTST 24HR 1.23 ON 8- 9 TO 1/4 MILE OR LESS
LOWEST: 24 ON 21,18 3 = THUNDER
SNOW, ICE PELLETS, HAIL 4 = ICE PELLETS
TOTAL MONTH: 0.0 INCH 5 = HAIL
GRTST 24HR 0.0 6 = FREEZING RAIN OR DRIZZLE
GRTST DEPTH: 0 7 = DUSTSTORM OR SANDSTORM:
VSBY 1/2 MILE OR LESS
8 = SMOKE OR HAZE
[NO. OF DAYS WITH] [WEATHER - DAYS WITH] 9 = BLOWING SNOW
X = TORNADO
MAX 32 OR BELOW: 0 0.01 INCH OR MORE: 9
MAX 90 OR ABOVE: 0 0.10 INCH OR MORE: 5
MIN 32 OR BELOW: 6 0.50 INCH OR MORE: 2
MIN 0 OR BELOW: 0 1.00 INCH OR MORE: 1
[HDD (BASE 65) ]
TOTAL THIS MO. 414 CLEAR (SCALE 0-3) 15
DPTR FM NORMAL -28 PTCLDY (SCALE 4-7) 6
TOTAL FM JUL 1 934 CLOUDY (SCALE 8-10) 10
DPTR FM NORMAL -144
[CDD (BASE 65) ]
TOTAL THIS MO. 26
DPTR FM NORMAL 19 [PRESSURE DATA]
TOTAL FM JAN 1 26 HIGHEST SLP M ON M
DPTR FM NORMAL 19 LOWEST SLP 29.50 ON 9
[REMARKS]
#FINAL-01-24#