000
CXAK56 PAFC 011258
CF6ANC
PRELIMINARY LOCAL CLIMATOLOGICAL DATA (WS FORM: F-6)
STATION: ANCHORAGE AK
MONTH: OCTOBER
YEAR: 2021
LATITUDE: 61 10 N
LONGITUDE: 150 2 W
TEMPERATURE IN F: :PCPN: SNOW: WIND :SUNSHINE: SKY :PK WND
================================================================================
1 2 3 4 5 6A 6B 7 8 9 10 11 12 13 14 15 16 17 18
12Z AVG MX 2MIN
DY MAX MIN AVG DEP HDD CDD WTR SNW DPTH SPD SPD DIR MIN PSBL S-S WX SPD DR
================================================================================
1 46 33 40 -4 25 0 T 0.0 0 7.3 20 350 M M 9 26 350
2 41 35 38 -5 27 0 T T 0 7.9 22 350 M M 10 1 28 360
3 47 29 38 -5 27 0 0.00 0.0 0 3.3 9 170 M M 4 13 170
4 48 28 38 -4 27 0 0.00 0.0 0 3.5 10 170 M M 4 13 170
5 44 34 39 -3 26 0 0.01 0.0 0 5.6 20 150 M M 8 34 160
6 47 41 44 2 21 0 0.06 0.0 0 18.3 30 140 M M 10 42 140
7 50 41 46 5 19 0 0.03 0.0 0 6.9 20 140 M M 9 1 27 140
8 44 40 42 1 23 0 0.16 0.0 0 6.8 20 140 M M 10 8 30 170
9 47 41 44 4 21 0 0.62 0.0 0 5.8 12 170 M M 10 18 22 160
10 50 36 43 3 22 0 0.00 0.0 0 4.9 14 190 M M 7 1 19 190
11 43 38 41 2 24 0 0.00 0.0 0 5.6 15 320 M M 9 19 320
12 49 30 40 1 25 0 0.00 0.0 0 4.0 9 190 M M 4 14 190
13 41 29 35 -3 30 0 0.00 0.0 0 4.3 9 350 M M 7 12 20
14 36 33 35 -3 30 0 0.17 2.0 0 3.9 9 10 M M 10 1 13 360
15 38 30 34 -3 31 0 T 0.1 1 5.2 13 80 M M 9 1 21 20
16 38 29 34 -2 31 0 0.00 0.0 T 2.2 12 50 M M 8 14 50
17 40 29 35 -1 30 0 T T 0 5.6 16 330 M M 9 20 340
18 44 32 38 3 27 0 0.00 0.0 0 4.9 10 320 M M 6 13 350
19 43 35 39 4 26 0 0.01 0.0 0 7.6 17 210 M M 9 30 190
20 43 37 40 6 25 0 0.11 0.0 0 3.5 12 230 M M 9 1 17 180
21 43 33 38 4 27 0 0.38 0.0 0 5.6 15 160 M M 8 12 26 160
22 39 33 36 3 29 0 0.00 0.0 0 4.4 10 40 M M 10 12 13 40
23 45 36 41 8 24 0 0.00 0.0 0 4.2 13 10 M M 9 16 350
24 48 34 41 9 24 0 T 0.0 0 5.2 18 130 M M 8 1 30 140
25 41 30 36 4 29 0 0.00 0.0 0 4.6 12 360 M M 5 1 16 10
26 37 26 32 1 33 0 0.00 0.0 0 2.7 9 360 M M 7 14 10
27 36 25 31 1 34 0 0.00 0.0 0 3.6 13 360 M M 6 17 10
28 35 25 30 0 35 0 T 0.2 0 6.2 12 20 M M 7 1 15 30
29 34 24 29 -1 36 0 T T 0 5.9 14 310 M M 7 1 18 350
30 46 32 39 10 26 0 T 0.0 0 12.0 24 130 M M 9 36 120
31 47 39 43 15 22 0 T 0.0 0 10.6 23 150 M M 9 42 160
================================================================================
SM 1330 1017 836 0 1.55 2.3 182.1 M 246
================================================================================
AV 42.9 32.8 5.9 FASTST M M 8 MAX(MPH)
MISC ----> 30 140 # 42 140
================================================================================
NOTES:
# LAST OF SEVERAL OCCURRENCES
COLUMN 17 PEAK WIND IN M.P.H.
PRELIMINARY LOCAL CLIMATOLOGICAL DATA (WS FORM: F-6) , PAGE 2
STATION: ANCHORAGE AK
MONTH: OCTOBER
YEAR: 2021
LATITUDE: 61 10 N
LONGITUDE: 150 2 W
[TEMPERATURE DATA] [PRECIPITATION DATA] SYMBOLS USED IN COLUMN 16
AVERAGE MONTHLY: 37.9 TOTAL FOR MONTH: 1.55 1 = FOG OR MIST
DPTR FM NORMAL: 1.6 DPTR FM NORMAL: -0.27 2 = FOG REDUCING VISIBILITY
HIGHEST: 50 ON 10, 7 GRTST 24HR 0.63 ON 8- 9 TO 1/4 MILE OR LESS
LOWEST: 24 ON 29 3 = THUNDER
SNOW, ICE PELLETS, HAIL 4 = ICE PELLETS
TOTAL MONTH: 2.3 INCHES 5 = HAIL
GRTST 24HR 2.0 ON 14-14 6 = FREEZING RAIN OR DRIZZLE
GRTST DEPTH: 1 ON 15 7 = DUSTSTORM OR SANDSTORM:
VSBY 1/2 MILE OR LESS
8 = SMOKE OR HAZE
[NO. OF DAYS WITH] [WEATHER - DAYS WITH] 9 = BLOWING SNOW
X = TORNADO
MAX 32 OR BELOW: 0 0.01 INCH OR MORE: 9
MAX 90 OR ABOVE: 0 0.10 INCH OR MORE: 5
MIN 32 OR BELOW: 14 0.50 INCH OR MORE: 1
MIN 0 OR BELOW: 0 1.00 INCH OR MORE: 0
[HDD (BASE 65) ]
TOTAL THIS MO. 836 CLEAR (SCALE 0-3) 0
DPTR FM NORMAL -52 PTCLDY (SCALE 4-7) 14
TOTAL FM JUL 1 1770 CLOUDY (SCALE 8-10) 17
DPTR FM NORMAL 3
[CDD (BASE 65) ]
TOTAL THIS MO. 0
DPTR FM NORMAL 0 [PRESSURE DATA]
TOTAL FM JAN 1 11 HIGHEST SLP 30.12 ON 4
DPTR FM NORMAL 3 LOWEST SLP 28.84 ON 22
[REMARKS]
#FINAL-10-21#