000
CXAK58 PAFC 011021
CLMANC
CLIMATE REPORT
NATIONAL WEATHER SERVICE ANCHORAGE, AK
221 AM AKDT SAT JUL 01 2023
...................................
...THE ANCHORAGE AK CLIMATE SUMMARY FOR THE MONTH OF JUNE 2023...
CLIMATE NORMAL PERIOD: 1991 TO 2020
CLIMATE RECORD PERIOD: 1952 TO 2023
WEATHER OBSERVED NORMAL DEPART LAST YEAR`S
VALUE DATE(S) VALUE FROM VALUE
NORMAL
..............................................................
TEMPERATURE (F)
RECORD
HIGH 85 06/14/1969
LOW 31 06/04/1961
HIGHEST 72 MM MM 78
LOWEST 42 MM MM 45
AVG. MAXIMUM 59.6 63.4 -3.8 68.9
AVG. MINIMUM 48.2 48.4 -0.2 51.3
MEAN 53.9 55.9 -2.0 60.1
DAYS MAX >= 90 0 0.0 0.0 12
DAYS MAX <= 32 0 0.0 0.0 0
DAYS MIN <= 32 0 0.0 0.0 0
DAYS MIN <= 0 0 0.0 0.0 0
PRECIPITATION (INCHES)
RECORD
MAXIMUM 3.40 1962
MINIMUM 0.02
TOTALS 1.74 1.02 0.72 0.07
DAILY AVG. 0.06 0.03 0.03 0.00
DAYS >= .01 17 8.6 8.4 2
DAYS >= .10 5 3.1 1.9 0
DAYS >= .50 1 0.3 0.7 0
DAYS >= 1.00 0 0.0 0.0 0
GREATEST
24 HR. TOTAL 0.53 06/28 TO 06/29 0.04
STORM TOTAL 0.52 0.04
(MM/DD(HH))
SNOWFALL (INCHES)
RECORDS
TOTAL 0.0 MM
24 HR TOTAL 0.0 MM
SNOW DEPTH 0 MM
TOTALS 0.0 0.0 0.0 0.0
SINCE 7/1 107.9 77.9 30.0 MM
SNOWDEPTH AVG. 0 0
DAYS >= TRACE 0 0.0 0.0 0
DAYS >= 1.0 0 0.0 0.0 0
GREATEST
SNOW DEPTH 0 0
24 HR TOTAL MM 0.0
STORM TOTAL 0.0 0.0
(MM/DD(HH))
DEGREE DAYS
HEATING TOTAL 324 275 49 144
SINCE 7/1 10166 9981 185 MM
COOLING TOTAL 0 2 -2 6
SINCE 1/1 0 2 -2 MM
FREEZE DATES
RECORD
EARLIEST 08/28/1984
LATEST 05/22/1964
EARLIEST 10/10 10/10
LATEST 05/05 05/11
..............................................................
WIND (MPH)
AVERAGE WIND SPEED 8.7
RESULTANT WIND SPEED/DIRECTION 5/160
HIGHEST WIND SPEED/DIRECTION 30/150 DATE 06/09
HIGHEST GUST SPEED/DIRECTION 44/140 DATE 06/25
SKY COVER
POSSIBLE SUNSHINE (PERCENT) MM
AVERAGE SKY COVER 0.84
NUMBER OF DAYS FAIR 0
NUMBER OF DAYS PC 4
NUMBER OF DAYS CLOUDY 26
AVERAGE RH (PERCENT) 73
WEATHER CONDITIONS. NUMBER OF DAYS WITH
THUNDERSTORM 0 MIXED PRECIP 0
HEAVY RAIN 0 RAIN 1
LIGHT RAIN 21 FREEZING RAIN 0
LT FREEZING RAIN 0 HAIL 0
HEAVY SNOW 0 SNOW 0
LIGHT SNOW 0 SLEET 0
FOG 6 FOG W/VIS <= 1/4 MILE 0
HAZE 0
- INDICATES NEGATIVE NUMBERS.
R INDICATES RECORD WAS SET OR TIED.
MM INDICATES DATA IS MISSING.
T INDICATES TRACE AMOUNT.
$$