000
CXUS52 KGSP 010817
CF6AND
PRELIMINARY LOCAL CLIMATOLOGICAL DATA (WS FORM: F-6)
STATION: ANDERSON SC
MONTH: APRIL
YEAR: 2020
LATITUDE: 34 30 N
LONGITUDE: 82 43 W
TEMPERATURE IN F: :PCPN: SNOW: WIND :SUNSHINE: SKY :PK WND
================================================================================
1 2 3 4 5 6A 6B 7 8 9 10 11 12 13 14 15 16 17 18
12Z AVG MX 2MIN
DY MAX MIN AVG DEP HDD CDD WTR SNW DPTH SPD SPD DIR MIN PSBL S-S WX SPD DR
================================================================================
1 63 39 51 -6 14 0 0.00 M M 4.4 13 330 M M 4 16 310
2 67 36 52 -5 13 0 0.00 M M 2.7 12 230 M M 0 19 260
3 77 37 57 0 8 0 0.00 M M 2.8 13 240 M M 0 16 260
4 77 51 64 7 1 0 0.00 M M 2.4 12 240 M M 2 14 200
5 79 52 66 8 0 1 0.00 M M 3.0 13 180 M M 1 18 210
6 84 50 67 9 0 2 0.00 M M 5.9 20 250 M M 0 23 210
7 82 57 70 12 0 5 0.00 M M 8.3 21 220 M M 1 29 220
8 85 59 72 14 0 7 0.00 M M 10.9 18 240 M M 0 24 250
9 82 62 72 13 0 7 T M M 14.0 30 290 M M 0 43 330
10 66 39 53 -6 12 0 0.00 M M 9.8 24 320 M M 0 35 320
11 70 34 52 -7 13 0 0.00 M M 3.0 13 180 M M 0 17 190
12 72 42 57 -2 8 0 0.56 M M 7.8 21 170 M M 6 13 30 180
13 77 58 68 8 0 3 1.54 M M 13.8 40 180 M M 3 138 55 180
14 76 48 62 2 3 0 0.00 M M 6.5 20 210 M M 0 25 210
15 65 50 58 -2 7 0 T M M 6.9 17 70 M M 1 22 50
16 68 36 52 -8 13 0 0.00 M M 4.0 14 300 M M 0 20 290
17 72 40 56 -5 9 0 0.00 M M 5.8 20 200 M M 0 8 24 190
18 75 50 63 2 2 0 0.21 M M 9.2 21 330 M M 2 1 26 330
19 58 41 50 -11 15 0 0.44 M M 3.5 10 100 M M 5 18 14 50
20 73 52 63 2 2 0 0.49 M M 5.7 13 210 M M 6 1 14 210
21 77 47 62 0 3 0 0.00 M M 9.1 28 270 M M 1 36 280
22 72 47 60 -2 5 0 T M M 4.2 13 300 M M 1 16 310
23 64 54 59 -3 6 0 0.61 M M 5.5 16 190 M M 9 13 20 140
24 76 57 67 5 0 2 T M M 10.2 23 280 M M 5 27 280
25 76 55 66 3 0 1 0.00 M M 7.7 18 260 M M 4 28 270
26 71 50 61 -2 4 0 0.00 M M 15.4 28 290 M M 3 36 300
27 74 42 58 -5 7 0 0.00 M M 5.3 14 190 M M 0 17 270
28 78 43 61 -3 4 0 0.00 M M 2.6 12 180 M M 1 15 200
29 76 57 67 3 0 2 2.08 M M 10.9 26 240 M M 6 1 34 240
30 66 52 59 -5 6 0 0.19 M M 8.7 22 290 M M 7 1 28 280
================================================================================
SM 2198 1437 155 30 6.12 M 210.0 M 68
================================================================================
AV 73.3 47.9 7.0 FASTST M M 2 MAX(MPH)
MISC ----> # 40 180 # 55 180
================================================================================
NOTES:
# LAST OF SEVERAL OCCURRENCES
COLUMN 17 PEAK WIND IN M.P.H.
PRELIMINARY LOCAL CLIMATOLOGICAL DATA (WS FORM: F-6) , PAGE 2
STATION: ANDERSON SC
MONTH: APRIL
YEAR: 2020
LATITUDE: 34 30 N
LONGITUDE: 82 43 W
[TEMPERATURE DATA] [PRECIPITATION DATA] SYMBOLS USED IN COLUMN 16
AVERAGE MONTHLY: 60.6 TOTAL FOR MONTH: 6.12 1 = FOG OR MIST
DPTR FM NORMAL: 0.3 DPTR FM NORMAL: 3.00 2 = FOG REDUCING VISIBILITY
HIGHEST: 85 ON 8 GRTST 24HR 2.08 ON 29-29 TO 1/4 MILE OR LESS
LOWEST: 34 ON 11 3 = THUNDER
SNOW, ICE PELLETS, HAIL 4 = ICE PELLETS
TOTAL MONTH: M 5 = HAIL
GRTST 24HR M ON M 6 = FREEZING RAIN OR DRIZZLE
GRTST DEPTH: M ON M 7 = DUSTSTORM OR SANDSTORM:
VSBY 1/2 MILE OR LESS
8 = SMOKE OR HAZE
[NO. OF DAYS WITH] [WEATHER - DAYS WITH] 9 = BLOWING SNOW
X = TORNADO
MAX 32 OR BELOW: 0 0.01 INCH OR MORE: 8
MAX 90 OR ABOVE: 0 0.10 INCH OR MORE: 8
MIN 32 OR BELOW: 0 0.50 INCH OR MORE: 4
MIN 0 OR BELOW: 0 1.00 INCH OR MORE: 2
[HDD (BASE 65) ]
TOTAL THIS MO. 155 CLEAR (SCALE 0-3) 20
DPTR FM NORMAL -19 PTCLDY (SCALE 4-7) 9
TOTAL FM JUL 1 2391 CLOUDY (SCALE 8-10) 1
DPTR FM NORMAL -669
[CDD (BASE 65) ]
TOTAL THIS MO. 30
DPTR FM NORMAL -3 [PRESSURE DATA]
TOTAL FM JAN 1 72 HIGHEST SLP 30.28 ON 17
DPTR FM NORMAL 34 LOWEST SLP 29.52 ON 20
[REMARKS]
#FINAL-04-20#