000
CXUS53 KIWX 010800
CF6AOH
PRELIMINARY LOCAL CLIMATOLOGICAL DATA (WS FORM: F-6)
STATION: LIMA
MONTH: AUGUST
YEAR: 2020
LATITUDE: 40 42 N
LONGITUDE: 84 1 W
TEMPERATURE IN F: :PCPN: SNOW: WIND :SUNSHINE: SKY :PK WND
================================================================================
1 2 3 4 5 6A 6B 7 8 9 10 11 12 13 14 15 16 17 18
12Z AVG MX 2MIN
DY MAX MIN AVG DEP HDD CDD WTR SNW DPTH SPD SPD DIR MIN PSBL S-S WX SPD DR
================================================================================
1 75 65 70 -3 0 5 0.40 0.0 0 5.8 13 30 M M 7 1 16 20
2 76 66 71 -2 0 6 0.03 0.0 0 9.7 21 250 M M 9 1 29 290
3 81 63 72 -1 0 7 0.38 0.0 0 5.8 14 250 M M 5 13 20 190
4 74 58 66 -7 0 1 T 0.0 0 7.1 14 310 M M 7 1 22 330
5 75 50 63 -9 2 0 0.00 0.0 0 2.6 9 30 M M 2 13 360
6 77 53 65 -7 0 0 0.00 0.0 0 3.9 13 80 M M 3 17 80
7 80 52 66 -6 0 1 0.00 0.0 0 3.6 12 30 M M 1 16 30
8 83 52 68 -4 0 3 0.00 0.0 0 1.8 10 220 M M 0 13 230
9 87 62 75 3 0 10 0.00 0.0 0 5.4 12 220 M M 0 19 210
10 86 65 76 4 0 11 0.40 0.0 0 7.9 32 310 M M 1 13 44 310
11 81 65 73 1 0 8 T 0.0 0 5.8 12 260 M M 4 17 250
12 83 59 71 -1 0 6 T 0.0 0 4.3 10 50 M M 2 12 14 40
13 85 59 72 0 0 7 0.00 0.0 0 4.4 10 30 M M 0 8 15 10
14 87 64 76 4 0 11 0.31 0.0 0 4.6 25 110 M M 3 13 36 120
15 87 67 77 5 0 12 0.00 0.0 0 4.7 14 130 M M 1 1 18 130
16 81 60 71 -1 0 6 T 0.0 0 6.9 15 350 M M 3 22 330
17 82 57 70 -2 0 5 0.00 0.0 0 6.1 18 280 M M 2 24 300
18 77 55 66 -6 0 1 0.00 0.0 0 5.9 14 20 M M 2 19 20
19 79 50 65 -7 0 0 0.00 0.0 0 4.2 13 70 M M 1 20 80
20 81 51 66 -6 0 1 0.00 0.0 0 1.6 9 90 M M 0 17 70
21 85 51 68 -3 0 3 0.00 0.0 0 2.7 8 50 M M 0 12 120
22 88 55 72 1 0 7 0.00 0.0 0 3.9 10 170 M M 0 14 170
23 87 63 75 4 0 10 0.04 0.0 0 5.1 13 220 M M 2 1 18 240
24 88 67 78 7 0 13 0.30 0.0 0 7.1 24 290 M M 1 138 37 280
25 89 67 78 7 0 13 0.00 0.0 0 7.3 17 320 M M 1 28 340
26 90 65 78 7 0 13 0.00 0.0 0 7.5 18 220 M M 1 25 240
27 89 73 81 10 0 16 T 0.0 0 11.6 28 240 M M 3 3 36 250
28 90 72 81 11 0 16 0.66 0.0 0 7.8 20 190 M M 2 138 29 200
29 79 61 70 0 0 5 0.01 0.0 0 10.4 22 310 M M 4 1 31 310
30 75 52 64 -6 1 0 0.00 0.0 0 4.2 10 10 M M 1 15 10
31 83 55 69 -1 0 4 0.00 0.0 0 6.3 12 170 M M 1 15 140
================================================================================
SM 2560 1854 3 201 2.53 0.0 176.0 M 69
================================================================================
AV 82.6 59.8 5.7 FASTST M M 2 MAX(MPH)
MISC ----> # 32 310 # 44 310
================================================================================
NOTES:
# LAST OF SEVERAL OCCURRENCES
COLUMN 17 PEAK WIND IN M.P.H.
PRELIMINARY LOCAL CLIMATOLOGICAL DATA (WS FORM: F-6) , PAGE 2
STATION: LIMA
MONTH: AUGUST
YEAR: 2020
LATITUDE: 40 42 N
LONGITUDE: 84 1 W
[TEMPERATURE DATA] [PRECIPITATION DATA] SYMBOLS USED IN COLUMN 16
AVERAGE MONTHLY: 71.2 TOTAL FOR MONTH: 2.53 1 = FOG OR MIST
DPTR FM NORMAL: -0.5 DPTR FM NORMAL: -1.19 2 = FOG REDUCING VISIBILITY
HIGHEST: 90 ON 28,26 GRTST 24HR 0.66 ON 28-28 TO 1/4 MILE OR LESS
LOWEST: 50 ON 19, 5 3 = THUNDER
SNOW, ICE PELLETS, HAIL 4 = ICE PELLETS
TOTAL MONTH: 0.0 INCH 5 = HAIL
GRTST 24HR 0.0 6 = FREEZING RAIN OR DRIZZLE
GRTST DEPTH: 0 7 = DUSTSTORM OR SANDSTORM:
VSBY 1/2 MILE OR LESS
8 = SMOKE OR HAZE
[NO. OF DAYS WITH] [WEATHER - DAYS WITH] 9 = BLOWING SNOW
X = TORNADO
MAX 32 OR BELOW: 0 0.01 INCH OR MORE: 9
MAX 90 OR ABOVE: 2 0.10 INCH OR MORE: 6
MIN 32 OR BELOW: 0 0.50 INCH OR MORE: 1
MIN 0 OR BELOW: 0 1.00 INCH OR MORE: 0
[HDD (BASE 65) ]
TOTAL THIS MO. 3 CLEAR (SCALE 0-3) 24
DPTR FM NORMAL -5 PTCLDY (SCALE 4-7) 6
TOTAL FM JUL 1 3 CLOUDY (SCALE 8-10) 1
DPTR FM NORMAL -7
[CDD (BASE 65) ]
TOTAL THIS MO. 201
DPTR FM NORMAL -13 [PRESSURE DATA]
TOTAL FM JAN 1 896 HIGHEST SLP 30.22 ON 8
DPTR FM NORMAL 168 LOWEST SLP 29.62 ON 29
[REMARKS]
#FINAL-08-20#